{"id":1518,"date":"2016-12-23T10:02:34","date_gmt":"2016-12-23T10:02:34","guid":{"rendered":"http:\/\/uenf.br\/posgraduacao\/engenharia-civil\/?page_id=1518"},"modified":"2016-12-23T10:02:34","modified_gmt":"2016-12-23T10:02:34","slug":"mecanica-do-continuo","status":"publish","type":"page","link":"https:\/\/uenf.br\/posgraduacao\/engenharia-civil\/mecanica-do-continuo\/","title":{"rendered":"Mec\u00e2nica do Cont\u00ednuo"},"content":{"rendered":"<p>Tensores. Autovalores e autovetores.\u00a0 Diferencia\u00e7\u00e3o.\u00a0 Corpo, deforma\u00e7\u00e3o, movimento, trajet\u00f3ria. Princ\u00edpios da din\u00e2mica e termodin\u00e2mica. Fluidos ideais, fluidos el\u00e1sticos, fluidos newtonianos.<\/p>\n<p>&nbsp;<\/p>\n<p>Download aqui:\u00a0<a href=\"https:\/\/uenf.br\/posgraduacao\/engenharia-civil\/wp-content\/uploads\/sites\/3\/2016\/12\/CIV1665-Mec\u00e2nica-do-Cont\u00ednuo.pdf\">Mec\u00e2nica do Cont\u00ednuo<\/a><\/p>","protected":false},"excerpt":{"rendered":"<p>Tensores. Autovalores e autovetores.\u00a0 Diferencia\u00e7\u00e3o.\u00a0 Corpo, deforma\u00e7\u00e3o, movimento, trajet\u00f3ria. Princ\u00edpios da din\u00e2mica e termodin\u00e2mica. Fluidos ideais, fluidos el\u00e1sticos, fluidos newtonianos&#8230;.<\/p>\n","protected":false},"author":7,"featured_media":0,"parent":0,"menu_order":0,"comment_status":"closed","ping_status":"closed","template":"","meta":{"footnotes":""},"class_list":["post-1518","page","type-page","status-publish","hentry"],"_links":{"self":[{"href":"https:\/\/uenf.br\/posgraduacao\/engenharia-civil\/wp-json\/wp\/v2\/pages\/1518","targetHints":{"allow":["GET"]}}],"collection":[{"href":"https:\/\/uenf.br\/posgraduacao\/engenharia-civil\/wp-json\/wp\/v2\/pages"}],"about":[{"href":"https:\/\/uenf.br\/posgraduacao\/engenharia-civil\/wp-json\/wp\/v2\/types\/page"}],"author":[{"embeddable":true,"href":"https:\/\/uenf.br\/posgraduacao\/engenharia-civil\/wp-json\/wp\/v2\/users\/7"}],"replies":[{"embeddable":true,"href":"https:\/\/uenf.br\/posgraduacao\/engenharia-civil\/wp-json\/wp\/v2\/comments?post=1518"}],"version-history":[{"count":0,"href":"https:\/\/uenf.br\/posgraduacao\/engenharia-civil\/wp-json\/wp\/v2\/pages\/1518\/revisions"}],"wp:attachment":[{"href":"https:\/\/uenf.br\/posgraduacao\/engenharia-civil\/wp-json\/wp\/v2\/media?parent=1518"}],"curies":[{"name":"wp","href":"https:\/\/api.w.org\/{rel}","templated":true}]}}