{"id":1530,"date":"2016-12-23T10:15:35","date_gmt":"2016-12-23T10:15:35","guid":{"rendered":"http:\/\/uenf.br\/posgraduacao\/engenharia-civil\/?page_id=1530"},"modified":"2016-12-23T10:15:35","modified_gmt":"2016-12-23T10:15:35","slug":"teoria-das-placas-e-cascas","status":"publish","type":"page","link":"https:\/\/uenf.br\/posgraduacao\/engenharia-civil\/teoria-das-placas-e-cascas\/","title":{"rendered":"Teoria das Placas e Cascas"},"content":{"rendered":"<p>Teoria de pequenos deslocamentos de placas finas. Placas retangulares e circulares com v\u00e1rias condi\u00e7\u00f5es de contorno sob a\u00e7\u00e3o de cargas diversas. Teorias de placas espessas. Teorias membranal e de flex\u00e3o de cascas cil\u00edndricas circulares, abertas e fechadas. Teorias membranal e de flex\u00e3o de cascas de revolu\u00e7\u00e3o.<\/p>\n<p>&nbsp;<\/p>\n<p>Download aqui:\u00a0<a href=\"https:\/\/uenf.br\/posgraduacao\/engenharia-civil\/wp-content\/uploads\/sites\/3\/2016\/12\/CIV1619_-Teoria_das_Placas_e_Cascas.pdf\">Teoria das Placas e Cascas<\/a><\/p>","protected":false},"excerpt":{"rendered":"<p>Teoria de pequenos deslocamentos de placas finas. Placas retangulares e circulares com v\u00e1rias condi\u00e7\u00f5es de contorno sob a\u00e7\u00e3o de cargas&#8230;<\/p>\n","protected":false},"author":7,"featured_media":0,"parent":0,"menu_order":0,"comment_status":"closed","ping_status":"closed","template":"","meta":{"footnotes":""},"class_list":["post-1530","page","type-page","status-publish","hentry"],"_links":{"self":[{"href":"https:\/\/uenf.br\/posgraduacao\/engenharia-civil\/wp-json\/wp\/v2\/pages\/1530","targetHints":{"allow":["GET"]}}],"collection":[{"href":"https:\/\/uenf.br\/posgraduacao\/engenharia-civil\/wp-json\/wp\/v2\/pages"}],"about":[{"href":"https:\/\/uenf.br\/posgraduacao\/engenharia-civil\/wp-json\/wp\/v2\/types\/page"}],"author":[{"embeddable":true,"href":"https:\/\/uenf.br\/posgraduacao\/engenharia-civil\/wp-json\/wp\/v2\/users\/7"}],"replies":[{"embeddable":true,"href":"https:\/\/uenf.br\/posgraduacao\/engenharia-civil\/wp-json\/wp\/v2\/comments?post=1530"}],"version-history":[{"count":0,"href":"https:\/\/uenf.br\/posgraduacao\/engenharia-civil\/wp-json\/wp\/v2\/pages\/1530\/revisions"}],"wp:attachment":[{"href":"https:\/\/uenf.br\/posgraduacao\/engenharia-civil\/wp-json\/wp\/v2\/media?parent=1530"}],"curies":[{"name":"wp","href":"https:\/\/api.w.org\/{rel}","templated":true}]}}

<p>Teoria de pequenos deslocamentos de placas finas. Placas retangulares e circulares com várias condições de contorno sob ação de cargas diversas. Teorias de placas espessas. Teorias membranal e de flexão de cascas cilíndricas circulares, abertas e fechadas. Teorias membranal e de flexão de cascas de revolução.</p>
<p>&nbsp;</p>
<p>Download aqui: <a href="https://uenf.br/posgraduacao/engenharia-civil/wp-content/uploads/sites/3/2016/12/CIV1619_-Teoria_das_Placas_e_Cascas.pdf">Teoria das Placas e Cascas</a></p>

<p>Teoria de pequenos deslocamentos de placas finas. Placas retangulares e circulares com várias condições de contorno sob ação de cargas&#8230;</p>
