{"id":1563,"date":"2016-12-24T18:29:05","date_gmt":"2016-12-24T18:29:05","guid":{"rendered":"http:\/\/uenf.br\/posgraduacao\/engenharia-civil\/?page_id=1563"},"modified":"2016-12-24T18:29:33","modified_gmt":"2016-12-24T18:29:33","slug":"dissertacoes-de-mestrado-2016-diogo-pereira-dos-santos","status":"publish","type":"page","link":"https:\/\/uenf.br\/posgraduacao\/engenharia-civil\/dissertacoes-de-mestrado-2016-diogo-pereira-dos-santos\/","title":{"rendered":"Disserta\u00e7\u00f5es de Mestrado 2016 &#8211; DIOGO PEREIRA DOS SANTOS"},"content":{"rendered":"<p><\/p>\n<p style=\"text-align: justify\">A procura pelo reaproveitamento de res\u00edduos gerados nos centros urbanos, com a inten\u00e7\u00e3o de preservar os recursos naturais, tem se mostrado constante, tanto no \u00e2mbito de evitar a explora\u00e7\u00e3o desses recursos, como a deposi\u00e7\u00e3o dos res\u00edduos no meio ambiente. A utiliza\u00e7\u00e3o de res\u00edduos de vidro como aditivo mineral, finamente mo\u00eddo, em substitui\u00e7\u00e3o parcial de cimento e de agregados \u00e9 uma dire\u00e7\u00e3o promissora para reciclagem, pois estudos sobre a incorpora\u00e7\u00e3o de res\u00edduo de vidro em matrizes ciment\u00edcias indicam a utiliza\u00e7\u00e3o deste res\u00edduo como substituto de agregados ou aglomerantes. Esse trabalho teve como objetivo de analisar a influ\u00eancia de res\u00edduos provenientes da esta\u00e7\u00e3o de tratamento de efluentes do processo de lapida\u00e7\u00e3o do vidro em argamassa colante, como substitui\u00e7\u00e3o parcial de cimento e do agregado mi\u00fado. O vidro em p\u00f3 foi empregado em porcentagens de substitui\u00e7\u00e3o ao cimento Portland de 10, 15 e 20% em massa e, em outro momento, em substitui\u00e7\u00e3o ao agregado mi\u00fado de 10, 15 e 20% em massa, bem como a intera\u00e7\u00e3o desses percentuais. As argamassas produzidas foram analisadas a partir de propriedades no estado fresco, reten\u00e7\u00e3o de \u00e1gua, teor de ar incorporado, deslizamento, squeeze flow, e densidade de massa; e no estado endurecido, resist\u00eancia de ader\u00eancia \u00e0 tra\u00e7\u00e3o e tempo em aberto. A argamassa com 10% de substitui\u00e7\u00e3o de cimento por res\u00edduo de vidro apresentou os melhores resultados quanto ao desempenho mec\u00e2nico, com valores pr\u00f3ximos aos encontrados para a argamassa refer\u00eancia. O teor de ar incorporado das argamassas tende a aumentar com o aumento do teor de substitui\u00e7\u00e3o, sendo que a argamassa com substitui\u00e7\u00e3o de cimento e areia em 10 e 20%, respectivamente, apresentou o maior valor de teor de ar incorporado. Estes resultados indicam o potencial de utiliza\u00e7\u00e3o do res\u00edduo de vidro como substituto parcial do cimento em argamassas colantes, merecendo ainda, outras pesquisas, principalmente no que concerne aos aspectos de resist\u00eancia e durabilidade.<\/p>\n<p style=\"text-align: right\"><a href=\"https:\/\/uenf.br\/posgraduacao\/engenharia-civil\/wp-content\/uploads\/sites\/3\/2016\/12\/Disserta\u00e7\u00f5es-de-Mestrado-2016-DIOGO-PEREIRA-DOS-SANTOS.pdf\">Download aqui:<\/a><\/p>\n<p><\/p>","protected":false},"excerpt":{"rendered":"<p>A procura pelo reaproveitamento de res\u00edduos gerados nos centros urbanos, com a inten\u00e7\u00e3o de preservar os recursos naturais, tem se&#8230;<\/p>\n","protected":false},"author":7,"featured_media":0,"parent":0,"menu_order":0,"comment_status":"closed","ping_status":"closed","template":"","meta":{"footnotes":""},"class_list":["post-1563","page","type-page","status-publish","hentry"],"_links":{"self":[{"href":"https:\/\/uenf.br\/posgraduacao\/engenharia-civil\/wp-json\/wp\/v2\/pages\/1563","targetHints":{"allow":["GET"]}}],"collection":[{"href":"https:\/\/uenf.br\/posgraduacao\/engenharia-civil\/wp-json\/wp\/v2\/pages"}],"about":[{"href":"https:\/\/uenf.br\/posgraduacao\/engenharia-civil\/wp-json\/wp\/v2\/types\/page"}],"author":[{"embeddable":true,"href":"https:\/\/uenf.br\/posgraduacao\/engenharia-civil\/wp-json\/wp\/v2\/users\/7"}],"replies":[{"embeddable":true,"href":"https:\/\/uenf.br\/posgraduacao\/engenharia-civil\/wp-json\/wp\/v2\/comments?post=1563"}],"version-history":[{"count":0,"href":"https:\/\/uenf.br\/posgraduacao\/engenharia-civil\/wp-json\/wp\/v2\/pages\/1563\/revisions"}],"wp:attachment":[{"href":"https:\/\/uenf.br\/posgraduacao\/engenharia-civil\/wp-json\/wp\/v2\/media?parent=1563"}],"curies":[{"name":"wp","href":"https:\/\/api.w.org\/{rel}","templated":true}]}}