{"id":1577,"date":"2016-12-24T18:50:27","date_gmt":"2016-12-24T18:50:27","guid":{"rendered":"http:\/\/uenf.br\/posgraduacao\/engenharia-civil\/?page_id=1577"},"modified":"2016-12-24T18:50:27","modified_gmt":"2016-12-24T18:50:27","slug":"dissertacoes-de-mestrado-2016-luisa-muylaert-de-menezes-povoa","status":"publish","type":"page","link":"https:\/\/uenf.br\/posgraduacao\/engenharia-civil\/dissertacoes-de-mestrado-2016-luisa-muylaert-de-menezes-povoa\/","title":{"rendered":"Disserta\u00e7\u00f5es de Mestrado 2016 &#8211; LUISA MUYLAERT DE MENEZES P\u00d3VOA"},"content":{"rendered":"<p><\/p>\n<p style=\"text-align: justify\">Resumo<\/p>\n<p style=\"text-align: justify\">Ao longo do litoral brasileiro nota-se, comumente, a presen\u00e7a de solos moles, de alta\u00a0compressibilidade e baixa permeabilidade, localizados em dep\u00f3sitos sedimentares\u00a0formados no per\u00edodo do Quatern\u00e1rio. Diversos estudos a respeito desses solos moles\u00a0t\u00eam sido feitos ao longo dos \u00faltimos cinquenta anos em cidades como Santos, Rio de\u00a0Janeiro e Porto Alegre. No Norte Fluminense, particularmente na Cidade de Maca\u00e9,\u00a0Rio de Janeiro, encontra-se um extenso dep\u00f3sito que, por conta principalmente do\u00a0desenvolvimento da ind\u00fastria do petr\u00f3leo e g\u00e1s, apresenta necessidade de novas\u00a0constru\u00e7\u00f5es, o que vem provocando a utiliza\u00e7\u00e3o intensa dessas \u00e1reas. Al\u00e9m disso,\u00a0em Maca\u00e9, s\u00e3o escassas as informa\u00e7\u00f5es sobre caracter\u00edsticas f\u00edsicas, de resist\u00eancia,\u00a0de compressibilidade e hist\u00f3ria de tens\u00f5es. Neste sentido, a presente pesquisa visa\u00a0contribuir com o conhecimento das propriedades geot\u00e9cnicas do dep\u00f3sito de solo\u00a0mole localizado na regi\u00e3o de baixada em Maca\u00e9,RJ. Os resultados possibilitaram a\u00a0obten\u00e7\u00e3o de propriedades fundamentais para o entendimento do comportamento\u00a0desses solos, como por exemplo, mineralogia, granulometria, coeficiente de\u00a0adensamento e raz\u00e3o de sobreadensamento. S\u00e3o apresentados os procedimentos e\u00a0os resultados de ensaios de laborat\u00f3rio e campo de quatro pontos localizados no\u00a0dep\u00f3sito de solo mole. Foram executados ensaios qu\u00edmicos, f\u00edsicos e mineral\u00f3gicos;\u00a0ensaios de resist\u00eancia; e ensaios de adensamento, com diferentes procedimentos de\u00a0carregamento. Os ensaios de campo s\u00e3o do tipo SPT e CPTu provenientes de outras\u00a0campanhas experimentais. \u00c9 apresentada uma discuss\u00e3o detalhada sobre os\u00a0par\u00e2metros obtidos nesses ensaios, sempre se referindo aos resultados presentes na\u00a0bibliografia de dep\u00f3sitos de mesma natureza. Como conclus\u00e3o principal observou-se\u00a0que os par\u00e2metros geot\u00e9cnicos obtidos se revelaram concordantes com os valores\u00a0encontrados na literatura nos dep\u00f3sitos sedimentares do Quatern\u00e1rio ao longo do\u00a0litoral brasileiro.<\/p>\n<p style=\"text-align: justify\">\n<p style=\"text-align: justify\">\n<p style=\"text-align: right\"><a href=\"http:\/\/uenf.br\/posgraduacao\/engenharia-civil\/wp-content\/uploads\/sites\/3\/2016\/12\/Disserta\u00e7\u00f5es-de-Mestrado-2016-LUISA-MUYLAERT-DE-MENEZES-P\u00d3VOA.pdf\">Download aqui:<\/a><\/p>\n<p><\/p>","protected":false},"excerpt":{"rendered":"<p>Resumo Ao longo do litoral brasileiro nota-se, comumente, a presen\u00e7a de solos moles, de alta\u00a0compressibilidade e baixa permeabilidade, localizados em&#8230;<\/p>\n","protected":false},"author":7,"featured_media":0,"parent":0,"menu_order":0,"comment_status":"closed","ping_status":"closed","template":"","meta":{"footnotes":""},"class_list":["post-1577","page","type-page","status-publish","hentry"],"_links":{"self":[{"href":"https:\/\/uenf.br\/posgraduacao\/engenharia-civil\/wp-json\/wp\/v2\/pages\/1577","targetHints":{"allow":["GET"]}}],"collection":[{"href":"https:\/\/uenf.br\/posgraduacao\/engenharia-civil\/wp-json\/wp\/v2\/pages"}],"about":[{"href":"https:\/\/uenf.br\/posgraduacao\/engenharia-civil\/wp-json\/wp\/v2\/types\/page"}],"author":[{"embeddable":true,"href":"https:\/\/uenf.br\/posgraduacao\/engenharia-civil\/wp-json\/wp\/v2\/users\/7"}],"replies":[{"embeddable":true,"href":"https:\/\/uenf.br\/posgraduacao\/engenharia-civil\/wp-json\/wp\/v2\/comments?post=1577"}],"version-history":[{"count":0,"href":"https:\/\/uenf.br\/posgraduacao\/engenharia-civil\/wp-json\/wp\/v2\/pages\/1577\/revisions"}],"wp:attachment":[{"href":"https:\/\/uenf.br\/posgraduacao\/engenharia-civil\/wp-json\/wp\/v2\/media?parent=1577"}],"curies":[{"name":"wp","href":"https:\/\/api.w.org\/{rel}","templated":true}]}}