{"id":1586,"date":"2016-12-24T19:33:45","date_gmt":"2016-12-24T19:33:45","guid":{"rendered":"http:\/\/uenf.br\/posgraduacao\/engenharia-civil\/?page_id=1586"},"modified":"2016-12-24T19:43:12","modified_gmt":"2016-12-24T19:43:12","slug":"teses-de-doutorado-2016-zelia-maria-peixoto-chrispim","status":"publish","type":"page","link":"https:\/\/uenf.br\/posgraduacao\/engenharia-civil\/teses-de-doutorado-2016-zelia-maria-peixoto-chrispim\/","title":{"rendered":"Teses de Doutorado 2016 &#8211; Z\u00e9lia Maria Peixoto Chrispim"},"content":{"rendered":"<p><\/p>\n<p style=\"text-align: justify\">Resumo<\/p>\n<p style=\"text-align: justify\">Esta tese apresenta o estudo da vulnerabilidade dos aqu\u00edferos e de suas caracter\u00edsticas hidrogeoqu\u00edmicas, de modo a subsidiar o gerenciamento adequado dos aqu\u00edferos livres rasos da parte emersa Bacia Sedimentar de Campos, no Estado do Rio de Janeiro. O trabalho utilizou-se de conceitos derivados dos m\u00e9todos DRASTIC (Aller et al., 1987), GOD (Foster, 1987 e Foster et al., 2006) e IS (Ribeiro, 2005) para determinar a vulnerabilidade, e tamb\u00e9m foi avaliado alguns par\u00e2metros que influenciam na qualidade das \u00e1guas subterr\u00e2neas da regi\u00e3o. A pesquisa foi realizada nos munic\u00edpios de Campos dos Goytacazes, S\u00e3o Francisco de Itabapoana e S\u00e3o Jo\u00e3o da Barra. Inicialmente foi levantada a hidrogeologia da regi\u00e3o e realizado o cadastramento dos po\u00e7os rasos e seus respectivos dados f\u00edsico-qu\u00edmicos. Esses dados foram inseridos num Sistema de Informa\u00e7\u00f5es Geogr\u00e1ficas (SIG) para gerar planos de informa\u00e7\u00f5es referentes \u00e0s vari\u00e1veis de cada m\u00e9todo e consequente cruzamento desses planos para obten\u00e7\u00e3o de \u00edndices de vulnerabilidade. Quanto \u00e0 determina\u00e7\u00e3o da vulnerabilidade aqu\u00edfera foi utilizado o m\u00e9todo GOD que \u00e9 aplicado, em regi\u00f5es de escassez de informa\u00e7\u00e3o. A aplica\u00e7\u00e3o do m\u00e9todo GOD apresentou tr\u00eas classes de vulnerabilidade, sendo 3% da \u00e1rea de vulnerabilidade reduzida, 53% de vulnerabilidade m\u00e9dia ou moderada e 44% de vulnerabilidade alta. Com o m\u00e9todo DRASTIC identificou-se 41% de \u00e1rea de vulnerabilidade reduzida, 34% de vulnerabilidade m\u00e9dia, 24% de vulnerabilidade elevada e 1% de vulnerabilidade muito elevada. Esses dois primeiros m\u00e9todos tratam da vulnerabilidade intr\u00ednseca do aqu\u00edfero, enquanto que o m\u00e9todo IS verifica o grau de influ\u00eancia antropog\u00eanica na \u00e1rea analisada. Este \u00faltimo m\u00e9todo \u00e9 proveniente do m\u00e9todo DRASTIC, acrescido do par\u00e2metro Uso e Ocupa\u00e7\u00e3o do Solo. O m\u00e9todo IS que apresentou tr\u00eas classes de vulnerabilidade, sendo 14% de \u00e1rea de vulnerabilidade reduzida, 59% de intermedi\u00e1ria e 27% alta, tem como vantagem a utiliza\u00e7\u00e3o de dados de uso e ocupa\u00e7\u00e3o do solo, o que o diferencia dos outros dois m\u00e9todos, e d\u00e1 maior respaldo nas avalia\u00e7\u00f5es obtidas. A compara\u00e7\u00e3o dos mapas de vulnerabilidade foi realizada pela verifica\u00e7\u00e3o da qualidade das \u00e1guas subterr\u00e2neas, atrav\u00e9s das concentra\u00e7\u00f5es de nitrato. Em rela\u00e7\u00e3o \u00e0 classifica\u00e7\u00e3o hidrogeoqu\u00edmica, pode-se evidenciar que as \u00e1guas dos po\u00e7os rasosapresentam composi\u00e7\u00e3o bastante diversificada devido grande diversidade de ambientes que influenciam na composi\u00e7\u00e3o destas \u00e1guas. Os resultados obtidos colocam em destaque a contamina\u00e7\u00e3o do aqu\u00edfero livre raso que apresenta elevados teores de nitrato, n\u00e3o podem ser explicados por processos naturais, sendo consideradas influ\u00eancias antr\u00f3picas, principalmente, aplica\u00e7\u00e3o de fertilizantes e de efluentes dom\u00e9sticos. A intrus\u00e3o salina \u00e9 outra contamina\u00e7\u00e3o que chama aten\u00e7\u00e3o, principalmente, para a regi\u00e3o de S\u00e3o de Francisco de Itabapoana, que existe ind\u00edcio de sobreexplota\u00e7\u00e3o na regi\u00e3o. Nas \u00e1guas subterr\u00e2neas dos po\u00e7os rasos tamb\u00e9m foram evidenciados outros elementos que diminuem a qualidade dessas \u00e1guas, como: Al, Sb, As, Cd, Pb, Fe, Mn, Hg, Se. Estes resultados tornam-se preocupantes, pois essas \u00e1guas s\u00e3o utilizadas para diversos fins, nomeadamente abastecimento dom\u00e9stico, irriga\u00e7\u00e3o de pequenas hortali\u00e7as particulares e dessedenta\u00e7\u00e3o de animais dom\u00e9sticos e dentre este houve destaque para o elemento nitrato, pois o seu excesso em \u00e1gua pot\u00e1vel \u00e9 um perigo \u00e0 sa\u00fade humana.<\/p>\n<p style=\"text-align: right\"><a href=\"https:\/\/uenf.br\/posgraduacao\/engenharia-civil\/wp-content\/uploads\/sites\/3\/2016\/12\/Teses-de-Doutorado-2016-Z\u00e9lia-Maria-Peixoto-Chrispim.pdf\">Download aqui:<\/a><\/p>\n<p><\/p>","protected":false},"excerpt":{"rendered":"<p>Resumo Esta tese apresenta o estudo da vulnerabilidade dos aqu\u00edferos e de suas caracter\u00edsticas hidrogeoqu\u00edmicas, de modo a subsidiar o&#8230;<\/p>\n","protected":false},"author":7,"featured_media":0,"parent":0,"menu_order":0,"comment_status":"closed","ping_status":"closed","template":"","meta":{"footnotes":""},"class_list":["post-1586","page","type-page","status-publish","hentry"],"_links":{"self":[{"href":"https:\/\/uenf.br\/posgraduacao\/engenharia-civil\/wp-json\/wp\/v2\/pages\/1586","targetHints":{"allow":["GET"]}}],"collection":[{"href":"https:\/\/uenf.br\/posgraduacao\/engenharia-civil\/wp-json\/wp\/v2\/pages"}],"about":[{"href":"https:\/\/uenf.br\/posgraduacao\/engenharia-civil\/wp-json\/wp\/v2\/types\/page"}],"author":[{"embeddable":true,"href":"https:\/\/uenf.br\/posgraduacao\/engenharia-civil\/wp-json\/wp\/v2\/users\/7"}],"replies":[{"embeddable":true,"href":"https:\/\/uenf.br\/posgraduacao\/engenharia-civil\/wp-json\/wp\/v2\/comments?post=1586"}],"version-history":[{"count":0,"href":"https:\/\/uenf.br\/posgraduacao\/engenharia-civil\/wp-json\/wp\/v2\/pages\/1586\/revisions"}],"wp:attachment":[{"href":"https:\/\/uenf.br\/posgraduacao\/engenharia-civil\/wp-json\/wp\/v2\/media?parent=1586"}],"curies":[{"name":"wp","href":"https:\/\/api.w.org\/{rel}","templated":true}]}}