{"id":1646,"date":"2016-12-25T02:04:31","date_gmt":"2016-12-25T02:04:31","guid":{"rendered":"http:\/\/uenf.br\/posgraduacao\/engenharia-civil\/?page_id=1646"},"modified":"2016-12-25T02:04:47","modified_gmt":"2016-12-25T02:04:47","slug":"teses-de-doutorado-2015-sergio-antonio-brum-junior","status":"publish","type":"page","link":"https:\/\/uenf.br\/posgraduacao\/engenharia-civil\/teses-de-doutorado-2015-sergio-antonio-brum-junior\/","title":{"rendered":"Teses de Doutorado 2015 &#8211; S\u00c9RGIO ANT\u00d4NIO BRUM JUNIOR"},"content":{"rendered":"<p><\/p>\n<p style=\"text-align: justify\">Resumo<br \/>\nA ocorr\u00eancia de escorregamento de solo no leito marinho \u00e9 um fen\u00f4meno espalhado\u00a0nos mais diferentes ambientes oce\u00e2nicos. Esses acontecimentos j\u00e1 foram\u00a0respons\u00e1veis por danos e destrui\u00e7\u00f5es de v\u00e1rias estruturas subaqu\u00e1ticas. Para tentar\u00a0melhor entender esses fen\u00f4menos, o trabalho executou simula\u00e7\u00f5es de\u00a0escorregamentos de solo atrav\u00e9s de modelagem num\u00e9rica com elementos discretos\u00a0acoplados \u00e0 fluidodin\u00e2mica computacional (CFD-DEM). O programa escolhido para\u00a0a realiza\u00e7\u00e3o desse trabalho foi o CFDEMcoupling. Atrav\u00e9s dele, foram realizadas\u00a0simula\u00e7\u00f5es de escorregamentos, tanto suba\u00e9reos quanto subaqu\u00e1ticos, em um\u00a0talude hipot\u00e9tico com 6\u00ba de inclina\u00e7\u00e3o. Em cada simula\u00e7\u00e3o realizada foi utilizado um\u00a0coeficiente de atrito das part\u00edculas distinto e avaliadas as varia\u00e7\u00f5es que ocorreram\u00a0tanto na din\u00e2mica quanto na morfologia do fluxo. Os dados obtidos demonstram que\u00a0o coeficiente de atrito das part\u00edculas teve influ\u00eancia no comportamento din\u00e2mico e\u00a0na morfologia dos fluxos analisados.<\/p>\n<p style=\"text-align: right\"><a href=\"https:\/\/uenf.br\/posgraduacao\/engenharia-civil\/wp-content\/uploads\/sites\/3\/2016\/12\/Teses-de-Doutorado-2015-S\u00c9RGIO-ANT\u00d4NIO-BRUM-JUNIOR.pdf\">Download aqui<\/a><\/p>\n<p><\/p>","protected":false},"excerpt":{"rendered":"<p>Resumo A ocorr\u00eancia de escorregamento de solo no leito marinho \u00e9 um fen\u00f4meno espalhado\u00a0nos mais diferentes ambientes oce\u00e2nicos. Esses acontecimentos&#8230;<\/p>\n","protected":false},"author":7,"featured_media":0,"parent":0,"menu_order":0,"comment_status":"closed","ping_status":"closed","template":"","meta":{"footnotes":""},"class_list":["post-1646","page","type-page","status-publish","hentry"],"_links":{"self":[{"href":"https:\/\/uenf.br\/posgraduacao\/engenharia-civil\/wp-json\/wp\/v2\/pages\/1646","targetHints":{"allow":["GET"]}}],"collection":[{"href":"https:\/\/uenf.br\/posgraduacao\/engenharia-civil\/wp-json\/wp\/v2\/pages"}],"about":[{"href":"https:\/\/uenf.br\/posgraduacao\/engenharia-civil\/wp-json\/wp\/v2\/types\/page"}],"author":[{"embeddable":true,"href":"https:\/\/uenf.br\/posgraduacao\/engenharia-civil\/wp-json\/wp\/v2\/users\/7"}],"replies":[{"embeddable":true,"href":"https:\/\/uenf.br\/posgraduacao\/engenharia-civil\/wp-json\/wp\/v2\/comments?post=1646"}],"version-history":[{"count":0,"href":"https:\/\/uenf.br\/posgraduacao\/engenharia-civil\/wp-json\/wp\/v2\/pages\/1646\/revisions"}],"wp:attachment":[{"href":"https:\/\/uenf.br\/posgraduacao\/engenharia-civil\/wp-json\/wp\/v2\/media?parent=1646"}],"curies":[{"name":"wp","href":"https:\/\/api.w.org\/{rel}","templated":true}]}}