{"id":2095,"date":"2018-02-15T11:05:47","date_gmt":"2018-02-15T11:05:47","guid":{"rendered":"http:\/\/uenf.br\/posgraduacao\/engenharia-civil\/?page_id=2095"},"modified":"2019-04-12T17:28:16","modified_gmt":"2019-04-12T17:28:16","slug":"teses-de-doutorado-2018","status":"publish","type":"page","link":"https:\/\/uenf.br\/posgraduacao\/engenharia-civil\/teses-de-doutorado-2018\/","title":{"rendered":"Teses de Doutorado 2018"},"content":{"rendered":"<p>&nbsp;<\/p>\n<fieldset>\n<legend>ENSAIOS DE CARREGAMENTO DE CLUSTERS DE ESTACAS EM CENTR\u00cdFUGA GEOT\u00c9CNICA<\/legend>\n<p style=\"text-align: left\"><strong>Autor: PRISCILA DE ALMEIDA CARDOSO SANTIAGO<\/strong><br \/>\n<strong>Orientador:<\/strong> Prof. Fernando Saboya de Albuquerque J\u00fanior<br \/>\n<strong>\u00c1rea de Concentra\u00e7\u00e3o:<\/strong> Geotecnia<br \/>\n<strong>Situa\u00e7\u00e3o:<\/strong> Conclu\u00edda \u2013 Novembro \u2013 2018<br \/>\n<a href=\"https:\/\/uenf.br\/posgraduacao\/engenharia-civil\/dissertacoes-de-mestrado-2010-priscila-de-almeida-cardoso-santiago\/\">Veja mais<\/a><\/p>\n<\/fieldset>\n<p>&nbsp;<\/p>\n<p>&nbsp;<\/p>\n<fieldset>\n<legend>COMPORTAMENTO AO CISALHAMENTO DE VIGAS DE CONCRETO ARMADO LEVE E LEVE AUTOADENS\u00c1VEL SEM ARMADURA TRANSVERSAL<\/legend>\n<p style=\"text-align: left\"><strong>Autor: CAROLINE VIEIRA LANNES<\/strong><br \/>\n<strong>Orientador:<\/strong> Prof. Sergio Luis Gonz\u00e1lez Garcia<br \/>\n<strong>\u00c1rea de Concentra\u00e7\u00e3o:<\/strong> Estruturas<br \/>\n<strong>Situa\u00e7\u00e3o:<\/strong> Conclu\u00edda \u2013 Abril \u2013 2018<br \/>\n<a href=\"https:\/\/uenf.br\/posgraduacao\/engenharia-civil\/tese-de-doutorado-2018-caroline-vieira-lannes\/\">Veja mais<\/a><\/p>\n<\/fieldset>\n<p>&nbsp;<\/p>\n<p>&nbsp;<\/p>\n<fieldset>\n<legend>DESENVOLVIMENTO DE PLACAS CIMENT\u00cdCIAS REFOR\u00c7ADAS COM INCORPORA\u00c7\u00c3O DO LODO PRIM\u00c1RIO DA IND\u00daSTRIA DE PAPEL DE CELULOSE<\/legend>\n<p style=\"text-align: left\"><strong>Autor: AFONSO RANGEL GARCEZ DE AZEVEDO<\/strong><br \/>\n<strong>Orientador:<\/strong> Prof. Jonas alexandre<br \/>\n<strong>\u00c1rea de Concentra\u00e7\u00e3o:<\/strong> Estruturas<br \/>\n<strong>Situa\u00e7\u00e3o:<\/strong> Conclu\u00edda \u2013 Janeiro \u2013 2018<br \/>\n<a href=\"https:\/\/uenf.br\/posgraduacao\/engenharia-civil\/tese-de-doutorado-2018-afonso-rangel-garcez-de-azevedo\/\">Veja mais<\/a><\/p>\n<\/fieldset>\n<p>&nbsp;<\/p>","protected":false},"excerpt":{"rendered":"<p>&nbsp; ENSAIOS DE CARREGAMENTO DE CLUSTERS DE ESTACAS EM CENTR\u00cdFUGA GEOT\u00c9CNICA Autor: PRISCILA DE ALMEIDA CARDOSO SANTIAGO Orientador: Prof. Fernando&#8230;<\/p>\n","protected":false},"author":7,"featured_media":0,"parent":0,"menu_order":0,"comment_status":"closed","ping_status":"closed","template":"","meta":{"footnotes":""},"class_list":["post-2095","page","type-page","status-publish","hentry"],"_links":{"self":[{"href":"https:\/\/uenf.br\/posgraduacao\/engenharia-civil\/wp-json\/wp\/v2\/pages\/2095","targetHints":{"allow":["GET"]}}],"collection":[{"href":"https:\/\/uenf.br\/posgraduacao\/engenharia-civil\/wp-json\/wp\/v2\/pages"}],"about":[{"href":"https:\/\/uenf.br\/posgraduacao\/engenharia-civil\/wp-json\/wp\/v2\/types\/page"}],"author":[{"embeddable":true,"href":"https:\/\/uenf.br\/posgraduacao\/engenharia-civil\/wp-json\/wp\/v2\/users\/7"}],"replies":[{"embeddable":true,"href":"https:\/\/uenf.br\/posgraduacao\/engenharia-civil\/wp-json\/wp\/v2\/comments?post=2095"}],"version-history":[{"count":0,"href":"https:\/\/uenf.br\/posgraduacao\/engenharia-civil\/wp-json\/wp\/v2\/pages\/2095\/revisions"}],"wp:attachment":[{"href":"https:\/\/uenf.br\/posgraduacao\/engenharia-civil\/wp-json\/wp\/v2\/media?parent=2095"}],"curies":[{"name":"wp","href":"https:\/\/api.w.org\/{rel}","templated":true}]}}