{"id":2158,"date":"2018-04-04T18:29:09","date_gmt":"2018-04-04T18:29:09","guid":{"rendered":"http:\/\/uenf.br\/posgraduacao\/engenharia-civil\/?page_id=2158"},"modified":"2018-04-04T18:34:06","modified_gmt":"2018-04-04T18:34:06","slug":"dissertacoes-de-mestrado-2018-alexandre-magno-alves-de-oliveira","status":"publish","type":"page","link":"https:\/\/uenf.br\/posgraduacao\/engenharia-civil\/dissertacoes-de-mestrado-2018-alexandre-magno-alves-de-oliveira\/","title":{"rendered":"Disserta\u00e7\u00f5es de Mestrado 2018 &#8211; ALEXANDRE MAGNO ALVES DE OLIVEIRA"},"content":{"rendered":"<p><\/p>\n<p style=\"text-align: justify\">Resumo<\/p>\n<p style=\"text-align: justify\">Atualmente \u00e9 crescente o interesse do setor da constru\u00e7\u00e3o por alternativas ao cimento Portland. Um dos principais motivadores dessa busca \u00e9 a elevada emiss\u00e3o de CO2 durante a fabrica\u00e7\u00e3o do cl\u00ednquer, principal composto desse cimento. Os geopol\u00edmeros se apresentam como uma dessas alternativas. Esses materiais s\u00e3o o resultado da ativa\u00e7\u00e3o de uma mat\u00e9ria-prima (precursor) silicosa ou silicoaluminosa por uma solu\u00e7\u00e3o altamente alcalina, cujo resultado possui propriedades aglomerantes. Entretanto, segundo estudos, para que o potencial ecol\u00f3gico do geopol\u00edmero seja fact\u00edvel, este precisaria ser conformado na aus\u00eancia de silicato alcalino, um material caro e que em sua fabrica\u00e7\u00e3o emite mais CO2 que o pr\u00f3prio cimento Portland. O desenvolvimento de geopol\u00edmeros livres de silicatos alcalinos e que possuam propriedades pr\u00f3ximas \u00e0s do cimento Portland surge como uma forma de contribuir para o desenvolvimento de novos materiais de constru\u00e7\u00e3o, bem como para a produ\u00e7\u00e3o de ligantes com baixa emiss\u00e3o de CO2. Assim, este trabalho se concentrou na an\u00e1lise f\u00edsica, qu\u00edmica e mec\u00e2nica de argamassas geopolim\u00e9ricas, ativadas por solu\u00e7\u00f5es isentas de silicatos alcalinos. A mat\u00e9ria-prima utilizada foi o metacaulim comercial (fonte de aluminossilicato) e as solu\u00e7\u00f5es alcalinas foram \u00e0 base de hidr\u00f3xidos (NaOH, KOH e NaOH + KOH). Realizou-se um estudo inicial com 20 diferentes composi\u00e7\u00f5es, avaliando-se a resposta (trabalhabilidade, efloresc\u00eancia e resist\u00eancia \u00e0 compress\u00e3o) das argamassas frente \u00e0 varia\u00e7\u00e3o da rela\u00e7\u00e3o ativador\/precursor e da composi\u00e7\u00e3o da solu\u00e7\u00e3o ativadora. As composi\u00e7\u00f5es com as maiores resist\u00eancias \u00e0 compress\u00e3o foram submetidas a an\u00e1lises qu\u00edmicas por difra\u00e7\u00e3o de raios X, termogravimetria e an\u00e1lise t\u00e9rmica diferencial. Ao fim, elegeu-se uma composi\u00e7\u00e3o para ser submetida \u00e0 novas condi\u00e7\u00f5es de ensaio, avaliando-se a resist\u00eancia \u00e0 compress\u00e3o ao alterar-se as condi\u00e7\u00f5es de cura e materiais. Al\u00e9m disso, a composi\u00e7\u00e3o selecionada foi submetida aos ensaios classificat\u00f3rios da NBR 13281 (ABNT, 2005), e os resultados foram comparados aos de argamassas industrializadas dispon\u00edveis no mercado. Ao final do estudo foi poss\u00edvel atestar a viabilidade tecnol\u00f3gica da argamassa geopolim\u00e9rica, e compreender melhor o efeito do uso dos hidr\u00f3xidos alcalinos de forma singular e tamb\u00e9m de forma conjunta.<\/p>\n<p style=\"text-align: right\"><a href=\"https:\/\/uenf.br\/posgraduacao\/engenharia-civil\/wp-content\/uploads\/sites\/3\/2018\/04\/FINAL-FINAL.pdf\">Download aqui<\/a><\/p>\n<p><\/p>","protected":false},"excerpt":{"rendered":"<p>Resumo Atualmente \u00e9 crescente o interesse do setor da constru\u00e7\u00e3o por alternativas ao cimento Portland. Um dos principais motivadores dessa&#8230;<\/p>\n","protected":false},"author":7,"featured_media":0,"parent":0,"menu_order":0,"comment_status":"closed","ping_status":"closed","template":"","meta":{"footnotes":""},"class_list":["post-2158","page","type-page","status-publish","hentry"],"_links":{"self":[{"href":"https:\/\/uenf.br\/posgraduacao\/engenharia-civil\/wp-json\/wp\/v2\/pages\/2158","targetHints":{"allow":["GET"]}}],"collection":[{"href":"https:\/\/uenf.br\/posgraduacao\/engenharia-civil\/wp-json\/wp\/v2\/pages"}],"about":[{"href":"https:\/\/uenf.br\/posgraduacao\/engenharia-civil\/wp-json\/wp\/v2\/types\/page"}],"author":[{"embeddable":true,"href":"https:\/\/uenf.br\/posgraduacao\/engenharia-civil\/wp-json\/wp\/v2\/users\/7"}],"replies":[{"embeddable":true,"href":"https:\/\/uenf.br\/posgraduacao\/engenharia-civil\/wp-json\/wp\/v2\/comments?post=2158"}],"version-history":[{"count":0,"href":"https:\/\/uenf.br\/posgraduacao\/engenharia-civil\/wp-json\/wp\/v2\/pages\/2158\/revisions"}],"wp:attachment":[{"href":"https:\/\/uenf.br\/posgraduacao\/engenharia-civil\/wp-json\/wp\/v2\/media?parent=2158"}],"curies":[{"name":"wp","href":"https:\/\/api.w.org\/{rel}","templated":true}]}}