{"id":2239,"date":"2018-07-03T17:37:55","date_gmt":"2018-07-03T17:37:55","guid":{"rendered":"http:\/\/uenf.br\/posgraduacao\/engenharia-civil\/?page_id=2239"},"modified":"2018-07-03T17:41:22","modified_gmt":"2018-07-03T17:41:22","slug":"dissertacoes-de-mestrado-2018-diogo-florencio-pessanha","status":"publish","type":"page","link":"https:\/\/uenf.br\/posgraduacao\/engenharia-civil\/dissertacoes-de-mestrado-2018-diogo-florencio-pessanha\/","title":{"rendered":"Disserta\u00e7\u00f5es de Mestrado 2018 &#8211; DIOGO FLORENCIO PESSANHA"},"content":{"rendered":"<p><\/p>\n<p style=\"text-align: justify\">Resumo<\/p>\n<p style=\"text-align: justify\">Na constru\u00e7\u00e3o civil, h\u00e1 um crescente investimento na manuten\u00e7\u00e3o e repara\u00e7\u00e3o de constru\u00e7\u00f5es devido a anomalias construtivas, como por exemplo as patologias nos pisos com revestimento cer\u00e2mico. Entre as patologias mais comuns, destaca-se o destacamento de placas cer\u00e2micas, que \u00e9 caracterizado pela perda de ader\u00eancia de algumas placas \u00e0 sua base de assentamento. Devido \u00e0 probabilidade de acidentes envolvendo os usu\u00e1rios e os custos de reparo, este trabalho tem o objetivo de apresentar uma nova ferramenta de ensaio n\u00e3o destrutivo, fundamentada na resposta cin\u00e9tica e ac\u00fastica de um prot\u00f3tipo, que, ao percutir sobre a placa cer\u00e2mica com patologia, produz um som caracter\u00edstico resultante e uma perda significativa de energia, permitindo identificar a patologia em seu est\u00e1gio inicial. Para a realiza\u00e7\u00e3o do experimento, utilizou-se placas cer\u00e2micas assentadas com e sem patologias; em seguida, determinou-se o coeficiente de restitui\u00e7\u00e3o das placas. Os sons dos impactos nas placas tamb\u00e9m foram captados por um microfone din\u00e2mico e um captador piezoel\u00e9trico e processados por meio do programa Realtime Analyzer, que produz gr\u00e1ficos que relacionam frequ\u00eancia, amplitude, energia sonora e tempo. Os resultados obtidos pelo prot\u00f3tipo foram comparados com outros quatro m\u00e9todos: esfera met\u00e1lica, cabo de madeira, barra de a\u00e7o e barra roscada. Pode-se concluir nos resultados a efici\u00eancia do prot\u00f3tipo na detec\u00e7\u00e3o da patologia estudada, apresentando vantagens em rela\u00e7\u00e3o ao manuseio e \u00e0 percep\u00e7\u00e3o da resposta cin\u00e9tica e ac\u00fastica.<\/p>\n<p style=\"text-align: right\"><a href=\"https:\/\/uenf.br\/posgraduacao\/engenharia-civil\/wp-content\/uploads\/sites\/3\/2018\/07\/DiogoFlorencioPessanha.pdf\">Download aqui<\/a><\/p>\n<p><\/p>","protected":false},"excerpt":{"rendered":"<p>Resumo Na constru\u00e7\u00e3o civil, h\u00e1 um crescente investimento na manuten\u00e7\u00e3o e repara\u00e7\u00e3o de constru\u00e7\u00f5es devido a anomalias construtivas, como por&#8230;<\/p>\n","protected":false},"author":7,"featured_media":0,"parent":0,"menu_order":0,"comment_status":"closed","ping_status":"closed","template":"","meta":{"footnotes":""},"class_list":["post-2239","page","type-page","status-publish","hentry"],"_links":{"self":[{"href":"https:\/\/uenf.br\/posgraduacao\/engenharia-civil\/wp-json\/wp\/v2\/pages\/2239","targetHints":{"allow":["GET"]}}],"collection":[{"href":"https:\/\/uenf.br\/posgraduacao\/engenharia-civil\/wp-json\/wp\/v2\/pages"}],"about":[{"href":"https:\/\/uenf.br\/posgraduacao\/engenharia-civil\/wp-json\/wp\/v2\/types\/page"}],"author":[{"embeddable":true,"href":"https:\/\/uenf.br\/posgraduacao\/engenharia-civil\/wp-json\/wp\/v2\/users\/7"}],"replies":[{"embeddable":true,"href":"https:\/\/uenf.br\/posgraduacao\/engenharia-civil\/wp-json\/wp\/v2\/comments?post=2239"}],"version-history":[{"count":0,"href":"https:\/\/uenf.br\/posgraduacao\/engenharia-civil\/wp-json\/wp\/v2\/pages\/2239\/revisions"}],"wp:attachment":[{"href":"https:\/\/uenf.br\/posgraduacao\/engenharia-civil\/wp-json\/wp\/v2\/media?parent=2239"}],"curies":[{"name":"wp","href":"https:\/\/api.w.org\/{rel}","templated":true}]}}