{"id":2381,"date":"2018-12-17T12:12:40","date_gmt":"2018-12-17T12:12:40","guid":{"rendered":"http:\/\/uenf.br\/posgraduacao\/engenharia-civil\/?page_id=2381"},"modified":"2018-12-17T12:37:55","modified_gmt":"2018-12-17T12:37:55","slug":"dissertacoes-de-mestrado-2018-thais-amaral-soares","status":"publish","type":"page","link":"https:\/\/uenf.br\/posgraduacao\/engenharia-civil\/dissertacoes-de-mestrado-2018-thais-amaral-soares\/","title":{"rendered":"Disserta\u00e7\u00f5es de Mestrado 2018 &#8211; THA\u00cdS AMARAL SOARES"},"content":{"rendered":"<p><\/p>\n<p style=\"text-align: justify\">Resumo<\/p>\n<p style=\"text-align: justify\">A teoria de atrito-cisalhamento \u00e9 uma abordagem recente que tem recebido muitas contribui\u00e7\u00f5es desde a sua proposta na segunda metade da d\u00e9cada de 1960. Mesmo com o aumento das pesquisas na \u00e1rea, ainda existem muitas vari\u00e1veis a serem estudadas de forma mais espec\u00edfica, como no comportamento dos concretos leves e de alta resist\u00eancia. A fim de avaliar a transfer\u00eancia de cisalhamento, atrav\u00e9s da teoria do atrito-cisalhamento, foram produzidos corpos de prova de tipo push-off com diferentes tipos de concreto. As principais vari\u00e1veis destes corpos de prova foram o tipo de agregado gra\u00fado, a resist\u00eancia do concreto e a taxa de armadura transversal. Para a confec\u00e7\u00e3o dos corpos de prova, foram produzidos tr\u00eas tipos de concreto: um concreto leve com a utiliza\u00e7\u00e3o de argila expandida, um concreto normal e um concreto normal de alta resist\u00eancia. Os ensaios de push-off foram feitos em corpos de prova pr\u00e9-fissurados. Os resultados obtidos foram comparados com equa\u00e7\u00f5es j\u00e1 existentes na literatura e em c\u00f3digos normativos. Foi poss\u00edvel verificar que o aumento na taxa de armadura transversal levou ao aumento da resist\u00eancia \u00faltima de cisalhamento e foi proposta uma aproxima\u00e7\u00e3o tri-linear para prever um valor te\u00f3rico para a resist\u00eancia \u00faltima ao cisalhamento.<\/p>\n<p style=\"text-align: right\"><a href=\"https:\/\/uenf.br\/posgraduacao\/engenharia-civil\/wp-content\/uploads\/sites\/3\/2018\/12\/Disserta\u00e7\u00e3o-Tha\u00eds-Amaral-Soares.pdf\">Download Aqui<\/a><\/p>\n<p><\/p>","protected":false},"excerpt":{"rendered":"<p>Resumo A teoria de atrito-cisalhamento \u00e9 uma abordagem recente que tem recebido muitas contribui\u00e7\u00f5es desde a sua proposta na segunda&#8230;<\/p>\n","protected":false},"author":7,"featured_media":0,"parent":0,"menu_order":0,"comment_status":"closed","ping_status":"closed","template":"","meta":{"footnotes":""},"class_list":["post-2381","page","type-page","status-publish","hentry"],"_links":{"self":[{"href":"https:\/\/uenf.br\/posgraduacao\/engenharia-civil\/wp-json\/wp\/v2\/pages\/2381","targetHints":{"allow":["GET"]}}],"collection":[{"href":"https:\/\/uenf.br\/posgraduacao\/engenharia-civil\/wp-json\/wp\/v2\/pages"}],"about":[{"href":"https:\/\/uenf.br\/posgraduacao\/engenharia-civil\/wp-json\/wp\/v2\/types\/page"}],"author":[{"embeddable":true,"href":"https:\/\/uenf.br\/posgraduacao\/engenharia-civil\/wp-json\/wp\/v2\/users\/7"}],"replies":[{"embeddable":true,"href":"https:\/\/uenf.br\/posgraduacao\/engenharia-civil\/wp-json\/wp\/v2\/comments?post=2381"}],"version-history":[{"count":0,"href":"https:\/\/uenf.br\/posgraduacao\/engenharia-civil\/wp-json\/wp\/v2\/pages\/2381\/revisions"}],"wp:attachment":[{"href":"https:\/\/uenf.br\/posgraduacao\/engenharia-civil\/wp-json\/wp\/v2\/media?parent=2381"}],"curies":[{"name":"wp","href":"https:\/\/api.w.org\/{rel}","templated":true}]}}