{"id":2527,"date":"2019-05-24T17:36:49","date_gmt":"2019-05-24T17:36:49","guid":{"rendered":"http:\/\/uenf.br\/posgraduacao\/engenharia-civil\/?page_id=2527"},"modified":"2019-05-24T17:57:13","modified_gmt":"2019-05-24T17:57:13","slug":"dissertacoes-de-mestrado-2019-thuany-espirito-santo-de-lima","status":"publish","type":"page","link":"https:\/\/uenf.br\/posgraduacao\/engenharia-civil\/dissertacoes-de-mestrado-2019-thuany-espirito-santo-de-lima\/","title":{"rendered":"Disserta\u00e7\u00f5es de Mestrado 2019 &#8211; THUANY ESP\u00cdRITO SANTO DE LIMA"},"content":{"rendered":"<p><\/p>\n<p style=\"text-align: justify\">Resumo<\/p>\n<p style=\"text-align: justify\">A alvenaria estrutural \u00e9 uma das t\u00e9cnicas construtivas mais empregadas no Brasil quando o objetivo \u00e9 a diminui\u00e7\u00e3o do custo e do tempo de execu\u00e7\u00e3o de edif\u00edcios. Neste sistema, a parede, que \u00e9 formada por blocos unidos por argamassa de assentamento, desempenha a fun\u00e7\u00e3o de elemento de transmiss\u00e3o das cargas at\u00e9 as funda\u00e7\u00f5es da constru\u00e7\u00e3o. Nesse processo construtivo, o tipo de assentamento pode ser determinante na produ\u00e7\u00e3o e no rendimento da obra. Dois tipos s\u00e3o recomendados, o argamassamento total, que cobre toda \u00e1rea l\u00edquida do bloco, e o parcial, onde a argamassa \u00e9 colocada somente sobre as paredes longitudinais do bloco formando um cord\u00e3o lateral. Entretanto, na pr\u00e1tica, \u00e9 comum observar, em alguns casos, a mistura dos dois tipos em uma mesma parede. Assentada por diferentes profissionais uma mesma parede pode exibir padr\u00e3o de argamassamento distinto, onde as fiadas alternam entre os assentamentos total e parcial, configurando um argamassamento misto. Nesse contexto, prop\u00f4s-se uma pesquisa com blocos estruturais de concreto provenientes do Norte Fluminense, com o objetivo de avaliar a influ\u00eancia do padr\u00e3o de argamassamento no comportamento mec\u00e2nico da alvenaria estrutural. Foram confeccionados prismas e miniparedes com argamassamento parcial, total e misto, a fim de verificar a resist\u00eancia \u00e0 compress\u00e3o e avaliar o modo de ruptura de cada um dos padr\u00f5es. Os resultados dos ensaios de compress\u00e3o dos prismas e miniparedes mostraram que o tipo de assentamento influencia significativamente na resist\u00eancia \u00e0 compress\u00e3o da alvenaria, sendo que os padr\u00f5es de argamassamento parcial e misto apresentam perda de capacidade de resist\u00eancia \u00e0 compress\u00e3o e ruptura mais fr\u00e1gil do que os elementos com argamassamento total.<\/p>\n<p style=\"text-align: right\"><a href=\"http:\/\/uenf.br\/posgraduacao\/engenharia-civil\/wp-content\/uploads\/sites\/3\/2019\/05\/DISSERTA\u00c7\u00c3O-THUANY-LIMA-VERS\u00c3O-FINAL.pdf\">Download aqui<\/a><\/p>\n<p><\/p>","protected":false},"excerpt":{"rendered":"<p>Resumo A alvenaria estrutural \u00e9 uma das t\u00e9cnicas construtivas mais empregadas no Brasil quando o objetivo \u00e9 a diminui\u00e7\u00e3o do&#8230;<\/p>\n","protected":false},"author":7,"featured_media":0,"parent":0,"menu_order":0,"comment_status":"closed","ping_status":"closed","template":"","meta":{"footnotes":""},"class_list":["post-2527","page","type-page","status-publish","hentry"],"_links":{"self":[{"href":"https:\/\/uenf.br\/posgraduacao\/engenharia-civil\/wp-json\/wp\/v2\/pages\/2527","targetHints":{"allow":["GET"]}}],"collection":[{"href":"https:\/\/uenf.br\/posgraduacao\/engenharia-civil\/wp-json\/wp\/v2\/pages"}],"about":[{"href":"https:\/\/uenf.br\/posgraduacao\/engenharia-civil\/wp-json\/wp\/v2\/types\/page"}],"author":[{"embeddable":true,"href":"https:\/\/uenf.br\/posgraduacao\/engenharia-civil\/wp-json\/wp\/v2\/users\/7"}],"replies":[{"embeddable":true,"href":"https:\/\/uenf.br\/posgraduacao\/engenharia-civil\/wp-json\/wp\/v2\/comments?post=2527"}],"version-history":[{"count":0,"href":"https:\/\/uenf.br\/posgraduacao\/engenharia-civil\/wp-json\/wp\/v2\/pages\/2527\/revisions"}],"wp:attachment":[{"href":"https:\/\/uenf.br\/posgraduacao\/engenharia-civil\/wp-json\/wp\/v2\/media?parent=2527"}],"curies":[{"name":"wp","href":"https:\/\/api.w.org\/{rel}","templated":true}]}}