{"id":2677,"date":"2019-10-04T18:43:47","date_gmt":"2019-10-04T18:43:47","guid":{"rendered":"http:\/\/uenf.br\/posgraduacao\/engenharia-civil\/?page_id=2677"},"modified":"2019-10-04T18:45:59","modified_gmt":"2019-10-04T18:45:59","slug":"dissertacoes-de-mestrado-2019-igor-conrado-da-silva-caetano","status":"publish","type":"page","link":"https:\/\/uenf.br\/posgraduacao\/engenharia-civil\/dissertacoes-de-mestrado-2019-igor-conrado-da-silva-caetano\/","title":{"rendered":"Disserta\u00e7\u00f5es de Mestrado 2019 &#8211; IGOR CONRADO DA SILVA CAETANO"},"content":{"rendered":"<p><\/p>\n<p style=\"text-align: justify\">Resumo<\/p>\n<p style=\"text-align: justify\">Uma nova op\u00e7\u00e3o de utiliza\u00e7\u00e3o das funda\u00e7\u00f5es profundas tem sido considerada, de modo que al\u00e9m do suporte estrutural e transfer\u00eancia do carregamento mec\u00e2nico ao solo elas possam ser usadas como elementos trocadores de calor com o solo. As funda\u00e7\u00f5es utilizadas com essa finalidade s\u00e3o conhecidas como estacas geot\u00e9rmicas. \u00c0 medida que os estudos das estacas geot\u00e9rmicas avan\u00e7aram, viu-se a necessidade do conhecimento do comportamento do conjunto solo-estaca quando submetidos ao carregamento t\u00e9rmico e mec\u00e2nico. Tendo em vista as deforma\u00e7\u00f5es e tens\u00f5es induzidas termicamente nas estacas geot\u00e9rmicas, o estudo do seu comportamento geomec\u00e2nico tornou-se relevante devido ao conhecimento ainda prematuro quanto ao reflexo da aplica\u00e7\u00e3o de carregamento t\u00e9rmico nos projetos das funda\u00e7\u00f5es. Cada vez mais se procura entender o comportamento das estacas geot\u00e9rmicas de modo a permitir o seu dimensionamento adequado. Assim, o objetivo geral desta pesquisa \u00e9 o estudo do comportamento geomec\u00e2nico de estaca submetida a um carregamento t\u00e9rmico para an\u00e1lise dos mecanismos de intera\u00e7\u00e3o solo-estaca. Mais especificamente, analisar a distribui\u00e7\u00e3o de tens\u00f5es, deforma\u00e7\u00f5es e deslocamentos de uma estaca raiz submetida \u00e0 expans\u00e3o por troca de calor. Os resultados obtidos no carregamento t\u00e9rmico da estaca geot\u00e9rmica evidenciaram o aumento de temperatura e o surgimento de deforma\u00e7\u00f5es e tens\u00f5es termicamente induzidas em seu interior. Atrav\u00e9s das leituras dos deslocamentos da cabe\u00e7a da estaca e das deforma\u00e7\u00f5es obtidas pelos extens\u00f4metros durante o ensaio foi poss\u00edvel concluir que houve varia\u00e7\u00e3o da cota do ponto nulo, que \u00e9 o ponto de deslocamento absoluto da estaca igual \u00e0 zero, com a varia\u00e7\u00e3o de temperatura. Uma vez encontrada a posi\u00e7\u00e3o do ponto nulo e a varia\u00e7\u00e3o de temperatura na cota, foi poss\u00edvel a obten\u00e7\u00e3o de uma curva carga-recalque para o carregamento t\u00e9rmico aplicado. Al\u00e9m disso, a aplica\u00e7\u00e3o de um modelo de transfer\u00eancia de carga n\u00e3o se mostrou satisfat\u00f3rio, especificamente, para o ensaio realizado nesta pesquisa.<\/p>\n<p style=\"text-align: right\"><a href=\"https:\/\/uenf.br\/posgraduacao\/engenharia-civil\/wp-content\/uploads\/sites\/3\/2019\/10\/Disserta\u00e7\u00e3o-Final-CD.pdf\">Download aqui<\/a><\/p>\n<p><\/p>","protected":false},"excerpt":{"rendered":"<p>Resumo Uma nova op\u00e7\u00e3o de utiliza\u00e7\u00e3o das funda\u00e7\u00f5es profundas tem sido considerada, de modo que al\u00e9m do suporte estrutural e&#8230;<\/p>\n","protected":false},"author":7,"featured_media":0,"parent":0,"menu_order":0,"comment_status":"closed","ping_status":"closed","template":"","meta":{"footnotes":""},"class_list":["post-2677","page","type-page","status-publish","hentry"],"_links":{"self":[{"href":"https:\/\/uenf.br\/posgraduacao\/engenharia-civil\/wp-json\/wp\/v2\/pages\/2677","targetHints":{"allow":["GET"]}}],"collection":[{"href":"https:\/\/uenf.br\/posgraduacao\/engenharia-civil\/wp-json\/wp\/v2\/pages"}],"about":[{"href":"https:\/\/uenf.br\/posgraduacao\/engenharia-civil\/wp-json\/wp\/v2\/types\/page"}],"author":[{"embeddable":true,"href":"https:\/\/uenf.br\/posgraduacao\/engenharia-civil\/wp-json\/wp\/v2\/users\/7"}],"replies":[{"embeddable":true,"href":"https:\/\/uenf.br\/posgraduacao\/engenharia-civil\/wp-json\/wp\/v2\/comments?post=2677"}],"version-history":[{"count":0,"href":"https:\/\/uenf.br\/posgraduacao\/engenharia-civil\/wp-json\/wp\/v2\/pages\/2677\/revisions"}],"wp:attachment":[{"href":"https:\/\/uenf.br\/posgraduacao\/engenharia-civil\/wp-json\/wp\/v2\/media?parent=2677"}],"curies":[{"name":"wp","href":"https:\/\/api.w.org\/{rel}","templated":true}]}}

Dissertações de Mestrado 2019 &#8211; IGOR CONRADO DA SILVA CAETANO

<p></p>
<p style="text-align: justify">Resumo</p>
<p style="text-align: justify">Uma nova opção de utilização das fundações profundas tem sido considerada, de modo que além do suporte estrutural e transferência do carregamento mecânico ao solo elas possam ser usadas como elementos trocadores de calor com o solo. As fundações utilizadas com essa finalidade são conhecidas como estacas geotérmicas. À medida que os estudos das estacas geotérmicas avançaram, viu-se a necessidade do conhecimento do comportamento do conjunto solo-estaca quando submetidos ao carregamento térmico e mecânico. Tendo em vista as deformações e tensões induzidas termicamente nas estacas geotérmicas, o estudo do seu comportamento geomecânico tornou-se relevante devido ao conhecimento ainda prematuro quanto ao reflexo da aplicação de carregamento térmico nos projetos das fundações. Cada vez mais se procura entender o comportamento das estacas geotérmicas de modo a permitir o seu dimensionamento adequado. Assim, o objetivo geral desta pesquisa é o estudo do comportamento geomecânico de estaca submetida a um carregamento térmico para análise dos mecanismos de interação solo-estaca. Mais especificamente, analisar a distribuição de tensões, deformações e deslocamentos de uma estaca raiz submetida à expansão por troca de calor. Os resultados obtidos no carregamento térmico da estaca geotérmica evidenciaram o aumento de temperatura e o surgimento de deformações e tensões termicamente induzidas em seu interior. Através das leituras dos deslocamentos da cabeça da estaca e das deformações obtidas pelos extensômetros durante o ensaio foi possível concluir que houve variação da cota do ponto nulo, que é o ponto de deslocamento absoluto da estaca igual à zero, com a variação de temperatura. Uma vez encontrada a posição do ponto nulo e a variação de temperatura na cota, foi possível a obtenção de uma curva carga-recalque para o carregamento térmico aplicado. Além disso, a aplicação de um modelo de transferência de carga não se mostrou satisfatório, especificamente, para o ensaio realizado nesta pesquisa.</p>
<p style="text-align: right"><a href="https://uenf.br/posgraduacao/engenharia-civil/wp-content/uploads/sites/3/2019/10/Dissertação-Final-CD.pdf">Download aqui</a></p>
<p></p>

<p>Resumo Uma nova opção de utilização das fundações profundas tem sido considerada, de modo que além do suporte estrutural e&#8230;</p>
