{"id":294,"date":"2015-09-04T15:32:54","date_gmt":"2015-09-04T15:32:54","guid":{"rendered":"http:\/\/uenf.br\/posgraduacao\/engenharia-civil\/?page_id=294"},"modified":"2020-06-10T12:53:33","modified_gmt":"2020-06-10T12:53:33","slug":"linkes-uteis-para-o-programa","status":"publish","type":"page","link":"https:\/\/uenf.br\/posgraduacao\/engenharia-civil\/linkes-uteis-para-o-programa\/","title":{"rendered":"P\u00e1ginas \u00dateis"},"content":{"rendered":"<p><\/p>\n<div id=\"materiaPrincipal\">\n<p>&nbsp;<\/p>\n<ul>\n<li><a href=\"http:\/\/www.uenf.br\/Uenf\/Pages\/Reitoria\/Associacao_Pos\/\">APG: ASSOCIA\u00c7\u00c3O de P\u00d3S-GRADUANDOS da UENF<\/a><\/li>\n<li><a href=\"http:\/\/www.capes.gov.br\/\">CAPES<\/a><\/li>\n<li><u><a href=\"http:\/\/qualis.capes.gov.br\/webqualis\/\">CAPES: WebQualis<\/a><\/u><\/li>\n<li><a href=\"http:\/\/www.cnpq.br\/\">CNPq<\/a><\/li>\n<li><a href=\"http:\/\/www.faperj.br\/\">FAPERJ<\/a><\/li>\n<li><a href=\"http:\/\/www.finep.gov.br\/\">FINEP<br \/>\n<\/a><\/li>\n<li><a href=\"https:\/\/orcid.org\/\">ORCID<\/a><\/li>\n<li><a href=\"http:\/\/www.planetauniversitario.com\/\">PLANETA UNIVERSIT\u00c1RIO<\/a><\/li>\n<li><a href=\"http:\/\/buscatextual.cnpq.br\/buscatextual\/busca.do?metodo=apresentar\">PLATAFORMA LATTES CNPq &#8211; Busca Curr\u00edculo Lattes<\/a><\/li>\n<li><a href=\"http:\/\/www.uenf.br\/Uenf\/Pages\/Reitoria\/Pos-Graduacao\/index.html?grupo=POS-GRADUACAO\">PROPPG: PR\u00d3-REITORIA DE PESQUISA E P\u00d3S-GRADUA\u00c7\u00c3O da UENF<br \/>\n<\/a><\/li>\n<li><a href=\"http:\/\/www.uenf.br\/Uenf\/Pages\/Reitoria\/SECACAD\/\">SECACAD-UENF: SECRETARIA DE P\u00d3S-GRADUA\u00c7\u00c3O DA UENF<\/a><\/li>\n<li><a href=\"http:\/\/www.uenf.br\/Uenf\/Pages\/Reitoria\/Dga\/Gcom\/\">GCOM-UENF<br \/>\n<\/a><\/li>\n<li><a href=\"http:\/\/www.compras.rj.gov.br\/publico\/\">SIGA-SISTEMA INTEGRADO DE GEST\u00c3O E AQUISI\u00c7\u00d5ES (utilizar o navegador Internet Explorer para este site)<\/a><\/li>\n<\/ul>\n<\/div>\n<p>&nbsp;<\/p>","protected":false},"excerpt":{"rendered":"<p>&nbsp; APG: ASSOCIA\u00c7\u00c3O de P\u00d3S-GRADUANDOS da UENF CAPES CAPES: WebQualis CNPq FAPERJ FINEP ORCID PLANETA UNIVERSIT\u00c1RIO PLATAFORMA LATTES CNPq &#8211;&#8230;<\/p>\n","protected":false},"author":8,"featured_media":0,"parent":0,"menu_order":16,"comment_status":"closed","ping_status":"closed","template":"","meta":{"footnotes":""},"class_list":["post-294","page","type-page","status-publish","hentry"],"_links":{"self":[{"href":"https:\/\/uenf.br\/posgraduacao\/engenharia-civil\/wp-json\/wp\/v2\/pages\/294","targetHints":{"allow":["GET"]}}],"collection":[{"href":"https:\/\/uenf.br\/posgraduacao\/engenharia-civil\/wp-json\/wp\/v2\/pages"}],"about":[{"href":"https:\/\/uenf.br\/posgraduacao\/engenharia-civil\/wp-json\/wp\/v2\/types\/page"}],"author":[{"embeddable":true,"href":"https:\/\/uenf.br\/posgraduacao\/engenharia-civil\/wp-json\/wp\/v2\/users\/8"}],"replies":[{"embeddable":true,"href":"https:\/\/uenf.br\/posgraduacao\/engenharia-civil\/wp-json\/wp\/v2\/comments?post=294"}],"version-history":[{"count":0,"href":"https:\/\/uenf.br\/posgraduacao\/engenharia-civil\/wp-json\/wp\/v2\/pages\/294\/revisions"}],"wp:attachment":[{"href":"https:\/\/uenf.br\/posgraduacao\/engenharia-civil\/wp-json\/wp\/v2\/media?parent=294"}],"curies":[{"name":"wp","href":"https:\/\/api.w.org\/{rel}","templated":true}]}}