{"id":3174,"date":"2022-06-09T16:39:51","date_gmt":"2022-06-09T16:39:51","guid":{"rendered":"https:\/\/uenf.br\/posgraduacao\/engenharia-civil\/?page_id=3174"},"modified":"2023-06-07T13:25:44","modified_gmt":"2023-06-07T13:25:44","slug":"dissertacao-de-mestrado-2021","status":"publish","type":"page","link":"https:\/\/uenf.br\/posgraduacao\/engenharia-civil\/teses-e-dissertacoes\/dissertacao-de-mestrado-2021\/","title":{"rendered":"DISSERTA\u00c7\u00c3O DE MESTRADO 2021"},"content":{"rendered":"<p>&nbsp;<\/p>\n<fieldset>\n<legend>ESTUDO DA CAPACIDADE DE PERMAN\u00caNCIA \u00c0 TRA\u00c7\u00c3O DE ARRANJOS DE ESTACAS SUBMETIDOS A CARREGAMENTOS INCLINADOS<\/legend>\n<p style=\"text-align: left\"><strong>Autor: L\u00edvia Caiado Pedrosa<\/strong><br \/>\n<strong>Orientador:<\/strong> Aldo Durand Farf\u00e1n<br \/>\n<strong>\u00c1rea de Concentra\u00e7\u00e3o:<\/strong> Geotecnia<br \/>\n<strong>Situa\u00e7\u00e3o:<\/strong> Conclu\u00edda &#8211; Janeiro &#8211; 2021<br \/>\n<a href=\"https:\/\/uenf.br\/posgraduacao\/engenharia-civil\/wp-content\/uploads\/sites\/3\/2022\/06\/Dissertacao_Livia-Caiado-Pedrosa.pdf\">Disserta\u00e7\u00e3o<\/a><\/p>\n<\/fieldset>\n<p>&nbsp;<\/p>\n<fieldset>\n<legend>AVALIA\u00c7\u00c3O DA INTERA\u00c7\u00c3O SOLO-ESTRUTURA-GEOSSINT\u00c9TICOEM FUNDA\u00c7\u00d5ES RASAS REFOR\u00c7ADAS COM GEOGRELHA<\/legend>\n<p style=\"text-align: left\"><strong>Autor: Brunner Rabello Fraz\u00e3o Corr\u00eaa<\/strong><br \/>\n<strong>Orientador:<\/strong> Paulo C\u00e9sar de Almeida Maia<br \/>\n<strong>\u00c1rea de Concentra\u00e7\u00e3o:<\/strong> Geotecnia<br \/>\n<strong>Situa\u00e7\u00e3o:<\/strong> Conclu\u00edda &#8211; Fevereiro &#8211; 2021<br \/>\n<a href=\"https:\/\/uenf.br\/posgraduacao\/engenharia-civil\/wp-content\/uploads\/sites\/3\/2022\/10\/Dissertacao-1.pdf\">Disserta\u00e7\u00e3o<\/a><\/p>\n<\/fieldset>\n<p>&nbsp;<\/p>\n<fieldset>\n<legend>PRODU\u00c7\u00c3O E CARACTERIZA\u00c7\u00c3O DE CIMENTOS COMPOSTOS COM CINZA DO BAGA\u00c7O DA CANA-DE-A\u00c7\u00daCAR E F\u00cdLER CALC\u00c1RIO\u00a0<\/legend>\n<p style=\"text-align: left\"><strong>Autor: Andr\u00e9ia Arenari de Siqueira<\/strong><br \/>\n<strong>Orientador:<\/strong> Guilherme Chagas Cordeiro<br \/>\n<strong>\u00c1rea de Concentra\u00e7\u00e3o: <\/strong>Estruturas<br \/>\n<strong>Situa\u00e7\u00e3o:<\/strong> Conclu\u00edda &#8211; Mar\u00e7o &#8211; 2021<br \/>\n<a href=\"https:\/\/uenf.br\/posgraduacao\/engenharia-civil\/wp-content\/uploads\/sites\/3\/2022\/10\/Dissertacao-2.pdf\">Disserta\u00e7\u00e3o<\/a><\/p>\n<\/fieldset>\n<p>&nbsp;<\/p>\n<fieldset>\n<legend>AN\u00c1LISE DA CONCENTRA\u00c7\u00c3O DE TENS\u00d5ES EM PLACAS PERFURADAS SUBMETIDAS A FLEX\u00c3O PELO M\u00c9TODO DOS ELEMENTOS DE CONTORNO\u00a0<\/legend>\n<p style=\"text-align: left\"><strong>Autor: Kaio Ribeiro Carvalho<\/strong><br \/>\n<strong>Orientador:<\/strong> V\u00e2nia Jos\u00e9 Karam<br \/>\n<strong>\u00c1rea de Concentra\u00e7\u00e3o: <\/strong>Estruturas<br \/>\n<strong>Situa\u00e7\u00e3o:<\/strong> Conclu\u00edda &#8211; Mar\u00e7o &#8211; 2021<br \/>\n<a href=\"https:\/\/uenf.br\/posgraduacao\/engenharia-civil\/wp-content\/uploads\/sites\/3\/2022\/10\/Dissertacao-Kaio-Ribeiro-de-Carvalho.pdf\">Disserta\u00e7\u00e3o<\/a><\/p>\n<\/fieldset>\n<p>&nbsp;<\/p>\n<fieldset>\n<legend>APLICA\u00c7\u00c3O DO M\u00c9TODO DOS ELEMENTOS DE CONTORNO A PLACAS COM ESPESSURA VARI\u00c1VEL\u00a0<\/legend>\n<p style=\"text-align: left\"><strong>Autor: Laimara da Silva Barroso<\/strong><br \/>\n<strong>Orientador:<\/strong> V\u00e2nia Jos\u00e9 Karam<br \/>\n<strong>\u00c1rea de Concentra\u00e7\u00e3o: <\/strong>Estruturas<br \/>\n<strong>Situa\u00e7\u00e3o:<\/strong> Conclu\u00edda &#8211; Mar\u00e7o &#8211; 2021<br \/>\n<a href=\"https:\/\/uenf.br\/posgraduacao\/engenharia-civil\/wp-content\/uploads\/sites\/3\/2022\/10\/Dissertacao-Laimara-da-Silva-Barroso.pdf\">Disserta\u00e7\u00e3o<\/a><\/p>\n<\/fieldset>\n<p>&nbsp;<\/p>\n<fieldset>\n<legend>AVALIA\u00c7\u00c3O DO EFEITO DA CAMADA DE SOLO COMPREENS\u00cdVEL INTERMEDI\u00c1RIA NO COMPORTAMENTO SOLO-ESTACA DE FUNDA\u00c7\u00c3O EM ESTACA H\u00c9LICE CONT\u00cdNUA<\/legend>\n<p style=\"text-align: left\"><strong>Autor: G\u00e9ssica Giovanelli Marquezini\u00a0<\/strong><br \/>\n<strong>Orientador:<\/strong> Paulo C\u00e9sar de Almeida Maia<br \/>\n<strong>\u00c1rea de Concentra\u00e7\u00e3o: <\/strong>Geotecnia<br \/>\n<strong>Situa\u00e7\u00e3o:<\/strong> Conclu\u00edda &#8211; Maio &#8211; 2021<br \/>\n<a href=\"https:\/\/uenf.br\/posgraduacao\/engenharia-civil\/wp-content\/uploads\/sites\/3\/2022\/10\/Dissertacao-Gessica-Giovanelli-Marquezini.pdf\">Disserta\u00e7\u00e3o<\/a><\/p>\n<\/fieldset>\n<p>&nbsp;<\/p>\n<fieldset>\n<legend>DIMENSIONAMENTO \u00d3TIMO DE VIGAS EM PERFIL MISTO DE EDIF\u00cdCIOS MULTIANDARES UTILIZANDO T\u00c9CNICAS EVOLUCIONISTAS<\/legend>\n<p style=\"text-align: left\"><strong>Autor: Larissa Siqueira da Silva\u00a0<\/strong><br \/>\n<strong>Orientador:<\/strong> Gines Arturo Santos Falc\u00f3n<br \/>\n<strong>\u00c1rea de Concentra\u00e7\u00e3o: <\/strong>Estruturas<br \/>\n<strong>Situa\u00e7\u00e3o:<\/strong> Conclu\u00edda &#8211; Julho &#8211; 2021<br \/>\n<a href=\"https:\/\/uenf.br\/posgraduacao\/engenharia-civil\/wp-content\/uploads\/sites\/3\/2022\/10\/Dissertacao-Larissa-Siqueira-da-Silva.pdf\">Disserta\u00e7\u00e3o<\/a><\/p>\n<\/fieldset>\n<p>&nbsp;<\/p>\n<fieldset>\n<legend>DURABILIDADE DE ROCHAS PARA LASTRO VISANDO A LINHA F\u00c9RREA EF-118\u00a0<\/legend>\n<p style=\"text-align: left\"><strong>Autor: Vin\u00edcius Alves Polinic\u00f3la\u00a0<\/strong><br \/>\n<strong>Orientador:<\/strong> Gustavo de Castro Xavier<br \/>\n<strong>\u00c1rea de Concentra\u00e7\u00e3o: <\/strong>Geotecnia<br \/>\n<strong>Situa\u00e7\u00e3o:<\/strong> Conclu\u00edda &#8211; Agosto &#8211; 2021<br \/>\n<a href=\"https:\/\/uenf.br\/posgraduacao\/engenharia-civil\/wp-content\/uploads\/sites\/3\/2022\/10\/Dissertacao-Vinicius-Alves-Polinicola.pdf\">Disserta\u00e7\u00e3o<\/a><\/p>\n<\/fieldset>\n<p>&nbsp;<\/p>\n<fieldset>\n<legend>SUBSTITUI\u00c7\u00c3O DA CAL HIDRATADA POR LAMA DE CAL, RES\u00cdDUO DA IND\u00daSTRIA DE CELULOSE, NA PRODU\u00c7\u00c3O DE ARGAMASSAS DE M\u00daLTIPLO USO<\/legend>\n<p style=\"text-align: left\"><strong>Autor: Herbert Sangi Gon\u00e7alves\u00a0<\/strong><br \/>\n<strong>Orientador:<\/strong> Dylmar Penteado Dias<br \/>\n<strong>\u00c1rea de Concentra\u00e7\u00e3o: <\/strong>Estruturas<br \/>\n<strong>Situa\u00e7\u00e3o:<\/strong> Conclu\u00edda &#8211; Setembro &#8211; 2021<br \/>\n<a href=\"https:\/\/uenf.br\/posgraduacao\/engenharia-civil\/wp-content\/uploads\/sites\/3\/2022\/10\/Dissertacao-Herbert-Sangi-Goncalves.pdf\">Disserta\u00e7\u00e3o<\/a><\/p>\n<\/fieldset>\n<p>&nbsp;<\/p>\n<fieldset>\n<legend>AN\u00c1LISE NUM\u00c9RICA TRIDIMENSIONAL DO EFEITO DE GRUPO ENTRE ESTACAS E ENTRE BLOCOS EM FUNDA\u00c7\u00c3O DO TIPO H\u00c9LICE CONT\u00cdNUA MONITORADA EM MACI\u00c7O COM PRESEN\u00c7A DE SOLO MOLE<\/legend>\n<p style=\"text-align: left\"><strong>Autor: Lorena da Silva Leite\u00a0<\/strong><br \/>\n<strong>Orientador:<\/strong> Paulo C\u00e9sar de Almeida Maia<br \/>\n<strong>\u00c1rea de Concentra\u00e7\u00e3o: <\/strong>Geotecnia<br \/>\n<strong>Situa\u00e7\u00e3o:<\/strong> Conclu\u00edda &#8211; Novembro &#8211; 2021<br \/>\n<a href=\"https:\/\/uenf.br\/posgraduacao\/engenharia-civil\/wp-content\/uploads\/sites\/3\/2022\/10\/Dissertacao-Lorena-da-Silva-Leite.pdf\">Disserta\u00e7\u00e3o<\/a><\/p>\n<\/fieldset>\n<p>&nbsp;<\/p>\n<fieldset>\n<legend>AVALIA\u00c7\u00c3O DA RESIST\u00caNCIA \u00c0 COMPRESS\u00c3O E AO ATAQUE POR \u00c1CIDO SULF\u00daRICO DE CONCRETOS COM AGREGADOS GRA\u00daDOS RECICLADOS DE IDADES DISTINTAS<\/legend>\n<p style=\"text-align: left\"><strong>Autor: F\u00e1bio Volpini Cardoso Filho\u00a0<\/strong><br \/>\n<strong>Orientador:<\/strong> Guilherme Chagas Cordeiro<br \/>\n<strong>\u00c1rea de Concentra\u00e7\u00e3o: <\/strong>Estruturas<br \/>\n<strong>Situa\u00e7\u00e3o:<\/strong> Conclu\u00edda &#8211; Novembro &#8211; 2021<br \/>\n<a href=\"https:\/\/uenf.br\/posgraduacao\/engenharia-civil\/wp-content\/uploads\/sites\/3\/2022\/10\/Dissertacao-Fabio-Volpini-Cardoso-Filho.pdf\">Disserta\u00e7\u00e3o<\/a><\/p>\n<\/fieldset>\n<p>&nbsp;<\/p>\n<fieldset>\n<legend>AVALIA\u00c7\u00c3O DA RESIST\u00caNCIA \u00c0 COMPRESS\u00c3O E AO ATAQUE POR \u00c1CIDO SULF\u00daRICO DE CONCRETOS COM AGREGADOS GRA\u00daDOS RECICLADOS DE IDADES DISTINTAS<\/legend>\n<p style=\"text-align: left\"><strong>Autor: Walqu\u00edria Leonardo Bastos\u00a0<\/strong><br \/>\n<strong>Orientador:<\/strong> Guilherme Chagas Cordeiro<br \/>\n<strong>\u00c1rea de Concentra\u00e7\u00e3o: <\/strong>Estruturas<br \/>\n<strong>Situa\u00e7\u00e3o:<\/strong> Conclu\u00edda &#8211; Dezembro &#8211; 2021<br \/>\n<a href=\"https:\/\/uenf.br\/posgraduacao\/engenharia-civil\/wp-content\/uploads\/sites\/3\/2023\/06\/Dissertacao.pdf\">Disserta\u00e7\u00e3o<\/a><\/p>\n<\/fieldset>\n<p>&nbsp;<\/p>\n<fieldset>\n<legend>OTIMIZA\u00c7\u00c3O BI-N\u00cdVEL DE P\u00d3RTICOS PLANOS DE A\u00c7O COM LIGA\u00c7\u00d5ES SEMIRR\u00cdGIDAS<\/legend>\n<p style=\"text-align: left\"><strong>Autor: Gustavo Heitor da Costa Santos\u00a0<\/strong><br \/>\n<strong>Orientador:<\/strong> Gines Arturo Santos Falc\u00f3n<br \/>\n<strong>\u00c1rea de Concentra\u00e7\u00e3o: <\/strong>Estruturas<br \/>\n<strong>Situa\u00e7\u00e3o:<\/strong> Conclu\u00edda &#8211; Dezembro &#8211; 2021<br \/>\n<a href=\"https:\/\/uenf.br\/posgraduacao\/engenharia-civil\/wp-content\/uploads\/sites\/3\/2022\/10\/Dissertacao-Gustavo-Heitor-da-Costa-Santos.pdf\">Disserta\u00e7\u00e3o<\/a><\/p>\n<\/fieldset>\n<p><\/p>","protected":false},"excerpt":{"rendered":"<p>&nbsp; ESTUDO DA CAPACIDADE DE PERMAN\u00caNCIA \u00c0 TRA\u00c7\u00c3O DE ARRANJOS DE ESTACAS SUBMETIDOS A CARREGAMENTOS INCLINADOS Autor: L\u00edvia Caiado Pedrosa&#8230;<\/p>\n","protected":false},"author":7,"featured_media":0,"parent":411,"menu_order":0,"comment_status":"closed","ping_status":"closed","template":"","meta":{"footnotes":""},"class_list":["post-3174","page","type-page","status-publish","hentry"],"_links":{"self":[{"href":"https:\/\/uenf.br\/posgraduacao\/engenharia-civil\/wp-json\/wp\/v2\/pages\/3174","targetHints":{"allow":["GET"]}}],"collection":[{"href":"https:\/\/uenf.br\/posgraduacao\/engenharia-civil\/wp-json\/wp\/v2\/pages"}],"about":[{"href":"https:\/\/uenf.br\/posgraduacao\/engenharia-civil\/wp-json\/wp\/v2\/types\/page"}],"author":[{"embeddable":true,"href":"https:\/\/uenf.br\/posgraduacao\/engenharia-civil\/wp-json\/wp\/v2\/users\/7"}],"replies":[{"embeddable":true,"href":"https:\/\/uenf.br\/posgraduacao\/engenharia-civil\/wp-json\/wp\/v2\/comments?post=3174"}],"version-history":[{"count":0,"href":"https:\/\/uenf.br\/posgraduacao\/engenharia-civil\/wp-json\/wp\/v2\/pages\/3174\/revisions"}],"up":[{"embeddable":true,"href":"https:\/\/uenf.br\/posgraduacao\/engenharia-civil\/wp-json\/wp\/v2\/pages\/411"}],"wp:attachment":[{"href":"https:\/\/uenf.br\/posgraduacao\/engenharia-civil\/wp-json\/wp\/v2\/media?parent=3174"}],"curies":[{"name":"wp","href":"https:\/\/api.w.org\/{rel}","templated":true}]}}