{"id":3266,"date":"2022-10-10T19:32:07","date_gmt":"2022-10-10T19:32:07","guid":{"rendered":"https:\/\/uenf.br\/posgraduacao\/engenharia-civil\/?page_id=3266"},"modified":"2023-04-21T22:52:39","modified_gmt":"2023-04-21T22:52:39","slug":"teses-de-doutorado-2022","status":"publish","type":"page","link":"https:\/\/uenf.br\/posgraduacao\/engenharia-civil\/teses-de-doutorado-2022\/","title":{"rendered":"Teses de Doutorado 2022"},"content":{"rendered":"<p><\/p>\n<fieldset>\n<legend>COMPORTAMENTO \u00c0 FOR\u00c7A CORTANTE DE VIGAS DE CONCRETO COM AGREGADOS GRA\u00daDOS RECICLADOS<\/legend>\n<p style=\"text-align: left\"><strong>Autor: Juliana Correa Trindade<\/strong><br \/>\n<strong>Orientador:<\/strong> Prof. Sergio Luis Gonz\u00e1lez Garcia<br \/>\n<strong>\u00c1rea de Concentra\u00e7\u00e3o:<\/strong> Estruturas<br \/>\n<strong>Situa\u00e7\u00e3o:<\/strong> Conclu\u00edda \u2013 Mar\u00e7o \u2013 2022<br \/>\n<a href=\"https:\/\/uenf.br\/posgraduacao\/engenharia-civil\/wp-content\/uploads\/sites\/3\/2022\/10\/Tese-Juliana-Correa-Trindade.pdf\">Tese<\/a><\/p>\n<\/fieldset>\n<p>&nbsp;<\/p>\n<fieldset>\n<legend>MODELAGEM F\u00cdSICA DO MELHORAMENTO T\u00c9RMICO DE FUNDA\u00c7\u00d5ES OFFSHORE EM ARGILA MOLE<\/legend>\n<p style=\"text-align: left\"><strong>Autor: Marina de Sousa Ferreira<\/strong><br \/>\n<strong>Orientador:<\/strong> Prof. Fernando Saboya de Albuquerque Jr.<br \/>\n<strong>\u00c1rea de Concentra\u00e7\u00e3o:<\/strong> Geotecnia<br \/>\n<strong>Situa\u00e7\u00e3o:<\/strong> Conclu\u00edda \u2013 Abril \u2013 2022<br \/>\n<a href=\"https:\/\/uenf.br\/posgraduacao\/engenharia-civil\/wp-content\/uploads\/sites\/3\/2022\/10\/Tese-Marina-de-Souza-Ferreira.pdf\">Tese<\/a><\/p>\n<\/fieldset>\n<p>&nbsp;<\/p>\n<fieldset>\n<legend>MONITORAMENTO DE RECALQUE PARA ESTIMATIVA DE PAR\u00c2METRO DE INTERA\u00c7\u00c3O SOLO-ESTRUTURA<\/legend>\n<p style=\"text-align: left\"><strong>Autor: Marta Fleichman Prellwitz<\/strong><br \/>\n<strong>Orientador:<\/strong> Prof. Paulo C\u00e9sar de Almeida Maia<br \/>\n<strong>\u00c1rea de Concentra\u00e7\u00e3o:<\/strong> Geotecnia<br \/>\n<strong>Situa\u00e7\u00e3o:<\/strong> Conclu\u00edda \u2013 Maio \u2013 2022<br \/>\n<a href=\"https:\/\/uenf.br\/posgraduacao\/engenharia-civil\/wp-content\/uploads\/sites\/3\/2022\/10\/Tese-Marta-F-Prellwitz-versao-final.pdf\">Tese<\/a><\/p>\n<\/fieldset>\n<p><\/p>","protected":false},"excerpt":{"rendered":"<p>COMPORTAMENTO \u00c0 FOR\u00c7A CORTANTE DE VIGAS DE CONCRETO COM AGREGADOS GRA\u00daDOS RECICLADOS Autor: Juliana Correa Trindade Orientador: Prof. Sergio Luis&#8230;<\/p>\n","protected":false},"author":7,"featured_media":0,"parent":0,"menu_order":0,"comment_status":"closed","ping_status":"closed","template":"","meta":{"footnotes":""},"class_list":["post-3266","page","type-page","status-publish","hentry"],"_links":{"self":[{"href":"https:\/\/uenf.br\/posgraduacao\/engenharia-civil\/wp-json\/wp\/v2\/pages\/3266","targetHints":{"allow":["GET"]}}],"collection":[{"href":"https:\/\/uenf.br\/posgraduacao\/engenharia-civil\/wp-json\/wp\/v2\/pages"}],"about":[{"href":"https:\/\/uenf.br\/posgraduacao\/engenharia-civil\/wp-json\/wp\/v2\/types\/page"}],"author":[{"embeddable":true,"href":"https:\/\/uenf.br\/posgraduacao\/engenharia-civil\/wp-json\/wp\/v2\/users\/7"}],"replies":[{"embeddable":true,"href":"https:\/\/uenf.br\/posgraduacao\/engenharia-civil\/wp-json\/wp\/v2\/comments?post=3266"}],"version-history":[{"count":0,"href":"https:\/\/uenf.br\/posgraduacao\/engenharia-civil\/wp-json\/wp\/v2\/pages\/3266\/revisions"}],"wp:attachment":[{"href":"https:\/\/uenf.br\/posgraduacao\/engenharia-civil\/wp-json\/wp\/v2\/media?parent=3266"}],"curies":[{"name":"wp","href":"https:\/\/api.w.org\/{rel}","templated":true}]}}