{"id":3861,"date":"2026-04-23T03:42:06","date_gmt":"2026-04-23T03:42:06","guid":{"rendered":"https:\/\/uenf.br\/posgraduacao\/engenharia-civil\/?page_id=3861"},"modified":"2026-04-23T15:20:47","modified_gmt":"2026-04-23T15:20:47","slug":"2025-2","status":"publish","type":"page","link":"https:\/\/uenf.br\/posgraduacao\/engenharia-civil\/2025-2\/","title":{"rendered":"2025"},"content":{"rendered":"<p>&nbsp;<\/p>\n<fieldset>\n<legend>ESTUDO DA CONDUTIVIDADE T\u00c9RMICA DE ARGAMASSAS PARA REBOCO COM RES\u00cdDUO DE ROCHAS ORNAMENTAIS<\/legend>\n<p style=\"text-align: left\"><strong>Autor: Renan Ferraz Novaes<\/strong><br \/>\n<strong>Orientador:<\/strong> Prof. Jonas Alexandre<br \/>\n<strong>\u00c1rea de Concentra\u00e7\u00e3o:<\/strong> Estruturas<br \/>\n<strong>Situa\u00e7\u00e3o:<\/strong> Conclu\u00edda &#8211; Fevereiro &#8211; 2025<br \/>\n<a href=\"https:\/\/uenf.br\/posgraduacao\/engenharia-civil\/wp-content\/uploads\/sites\/3\/2026\/04\/Dissertacao.pdf\">Disserta\u00e7\u00e3o<\/a><\/p>\n<\/fieldset>\n<p>&nbsp;<\/p>\n<fieldset>\n<legend>AN\u00c1LISE EXPERIMENTAL E NUM\u00c9RICA DO COMPORTAMENTO DE BLOCOS EXTRUDADOS, PRENSADOS E QUEIMADOS DE CER\u00c2MICA VERMELHA SOB A\u00c7\u00d5ES TERMOESTRUTURAIS<\/legend>\n<p style=\"text-align: left\"><strong>Autor: Jonathan de Andrade Paula Madalena<\/strong><br \/>\n<strong>Orientador:<\/strong> Prof. Niander Aguiar Cerqueira<br \/>\n<strong>\u00c1rea de Concentra\u00e7\u00e3o:<\/strong> Estruturas<br \/>\n<strong>Situa\u00e7\u00e3o:<\/strong> Conclu\u00edda &#8211; Fevereiro &#8211; 2025<br \/>\n<a href=\"https:\/\/uenf.br\/posgraduacao\/engenharia-civil\/wp-content\/uploads\/sites\/3\/2026\/04\/Dissertacao-1.pdf\">Disserta\u00e7\u00e3o<\/a><\/p>\n<\/fieldset>\n<p>&nbsp;<\/p>\n<fieldset>\n<legend>DIMENSIONAMENTO \u00d3TIMO DE P\u00d3RTICOS PLANOS DE A\u00c7O \u2013 METODOLOGIA E BANCO DE DADOS PARA LIGA\u00c7\u00d5ES VIGA-COLUNA SEMIRR\u00cdGIDAS<\/legend>\n<p style=\"text-align: left\"><strong>Autor: Jos\u00e9 Carlos da Silva Gama J\u00fanior<\/strong><br \/>\n<strong>Orientador:<\/strong> Prof. Gines Arturo Santos Falc\u00f3n<br \/>\n<strong>\u00c1rea de Concentra\u00e7\u00e3o:<\/strong> Estruturas<br \/>\n<strong>Situa\u00e7\u00e3o:<\/strong> Conclu\u00edda &#8211; Abril &#8211; 2025<br \/>\n<a href=\"https:\/\/uenf.br\/posgraduacao\/engenharia-civil\/wp-content\/uploads\/sites\/3\/2026\/04\/Dissertacao-3.pdf\">Disserta\u00e7\u00e3o<\/a><\/p>\n<\/fieldset>\n<p>&nbsp;<\/p>\n<fieldset>\n<legend>COMPORTAMENTO AO CISALHAMENTO DE VIGAS DE CONCRETO ARMADO COM AGREGADO GRA\u00daDO RECICLADO REFOR\u00c7ADO COM FIBRAS DE POLIETILENO TEREFTALATO<\/legend>\n<p style=\"text-align: left\"><strong>Autor: Keize Delvalle dos Santos Ferraz Cereja<\/strong><br \/>\n<strong>Orientador:<\/strong> Prof. Sergio Luis Gonz\u00e1lez Garcia<br \/>\n<strong>\u00c1rea de Concentra\u00e7\u00e3o:<\/strong> Estruturas<br \/>\n<strong>Situa\u00e7\u00e3o:<\/strong> Conclu\u00edda &#8211; Maio &#8211; 2025<br \/>\n<a href=\"https:\/\/uenf.br\/posgraduacao\/engenharia-civil\/wp-content\/uploads\/sites\/3\/2026\/04\/Dissertacao-2.pdf\">Disserta\u00e7\u00e3o<\/a><\/p>\n<\/fieldset>\n<p>&nbsp;<\/p>\n<fieldset>\n<legend>VIABILIDADE DE USO DA PARCELA DENSA DA CINZA DO BAGA\u00c7O DE CANA-DE-A\u00c7\u00daCAR DE FUNDO DE CALDEIRA COMO AGREGADO MI\u00daDO<\/legend>\n<p style=\"text-align: left\"><strong>Autor: Mayara Lopes Souza de Castro Maciel<\/strong><br \/>\n<strong>Orientador:<\/strong> Prof. Guilherme Chagas Cordeiro<br \/>\n<strong>\u00c1rea de Concentra\u00e7\u00e3o:<\/strong> Estruturas<br \/>\n<strong>Situa\u00e7\u00e3o:<\/strong> Conclu\u00edda &#8211; Agosto &#8211; 2025<br \/>\n<a href=\"https:\/\/uenf.br\/posgraduacao\/engenharia-civil\/wp-content\/uploads\/sites\/3\/2026\/04\/Dissertacao-4.pdf\">Disserta\u00e7\u00e3o<\/a><\/p>\n<\/fieldset>\n<p>&nbsp;<\/p>\n<fieldset>\n<legend>INFLU\u00caNCIA DA TEMPERATURA NA RESIST\u00caNCIA RESIDUAL DE SOLOS MOLES<\/legend>\n<p style=\"text-align: left\"><strong>Autor: Poliana do Carmo Jorge<\/strong><br \/>\n<strong>Orientador:<\/strong> Prof. Fernando Saboya Albuquerque Jr.<br \/>\n<strong>\u00c1rea de Concentra\u00e7\u00e3o:<\/strong> Geotecnia<br \/>\n<strong>Situa\u00e7\u00e3o:<\/strong> Conclu\u00edda &#8211; Agosto &#8211; 2025<br \/>\n<a href=\"https:\/\/uenf.br\/posgraduacao\/engenharia-civil\/wp-content\/uploads\/sites\/3\/2026\/04\/Dissertacao-5.pdf\">Disserta\u00e7\u00e3o<\/a><\/p>\n<\/fieldset>\n<p>&nbsp;<\/p>\n<fieldset>\n<legend>AN\u00c1LISE EXPERIMENTAL DO FRATURAMENTO EM VIGAS DE CONCRETO COM AGREGADO GRA\u00daDO RECICLADO REFOR\u00c7ADO COM FIBRAS DE PET<\/legend>\n<p style=\"text-align: left\"><strong>Autor: Ana Carolina Morato Teixeira<\/strong><br \/>\n<strong>Orientador:<\/strong> Prof. Niander Aguiar Cerqueira<br \/>\n<strong>\u00c1rea de Concentra\u00e7\u00e3o:<\/strong> Estruturas<br \/>\n<strong>Situa\u00e7\u00e3o:<\/strong> Conclu\u00edda &#8211; Agosto &#8211; 2025<br \/>\n<a href=\"https:\/\/uenf.br\/posgraduacao\/engenharia-civil\/wp-content\/uploads\/sites\/3\/2025\/02\/Dissertacao-5.pdf\">Disserta\u00e7\u00e3o<\/a><\/p>\n<\/fieldset>\n<p>&nbsp;<\/p>\n<fieldset>\n<legend>RETROAN\u00c1LISE PROBABIL\u00cdSTICA DE UM TALUDE DE UM RESERVAT\u00d3RIO DE REJEITO DE BAUXITA<\/legend>\n<p style=\"text-align: left\"><strong>Autor: Maria Carollina Cordeiro Soares da Silva<\/strong><br \/>\n<strong>Orientador:<\/strong> Prof. Paulo C\u00e9sar de Almeida Maia<br \/>\n<strong>\u00c1rea de Concentra\u00e7\u00e3o:<\/strong> Geotecnia<br \/>\n<strong>Situa\u00e7\u00e3o:<\/strong> Conclu\u00edda &#8211; Agosto &#8211; 2025<br \/>\n<a href=\"https:\/\/uenf.br\/posgraduacao\/engenharia-civil\/wp-content\/uploads\/sites\/3\/2026\/04\/Dissertacao-6.pdf\">Disserta\u00e7\u00e3o<\/a><\/p>\n<\/fieldset>\n<p>&nbsp;<\/p>\n<fieldset>\n<legend>MODELAGEM NUM\u00c9RICA DE T\u00daNEIS RASOS EM SOLOS N\u00c3O COESIVOS<\/legend>\n<p style=\"text-align: left\"><strong>Autor: Andr\u00e9 Luiz Marques Junior<\/strong><br \/>\n<strong>Orientador:<\/strong> Prof. Aldo Durand Farf\u00e1n<br \/>\n<strong>\u00c1rea de Concentra\u00e7\u00e3o:<\/strong> Geotecnia<br \/>\n<strong>Situa\u00e7\u00e3o:<\/strong> Conclu\u00edda &#8211; Agosto &#8211; 2025<br \/>\n<a href=\"https:\/\/uenf.br\/posgraduacao\/engenharia-civil\/wp-content\/uploads\/sites\/3\/2026\/04\/Dissertacao-7.pdf\">Disserta\u00e7\u00e3o<\/a><\/p>\n<\/fieldset>\n<p>&nbsp;<\/p>\n<fieldset>\n<legend>ESTUDO EXPERIMENTAL E NUM\u00c9RICO DO DESEMPENHO ESTRUTURAL DE ALVENARIA DE BLOCOS CER\u00c2MICOS EXTRUDADOS, PRENSADOS E QUEIMADOS SOB A\u00c7\u00d5ES EST\u00c1TICAS E DIN\u00c2MICAS<\/legend>\n<p style=\"text-align: left\"><strong>Autor: Elias Socrates Nascimento da Cruz Junior<\/strong><br \/>\n<strong>Orientador:<\/strong> Prof. Niander Aguiar Cerqueira<br \/>\n<strong>\u00c1rea de Concentra\u00e7\u00e3o:<\/strong> Estruturas<br \/>\n<strong>Situa\u00e7\u00e3o:<\/strong> Conclu\u00edda &#8211; Agosto &#8211; 2025<br \/>\n<a href=\"https:\/\/uenf.br\/posgraduacao\/engenharia-civil\/wp-content\/uploads\/sites\/3\/2026\/04\/Dissertacao-8.pdf\">Disserta\u00e7\u00e3o<\/a><\/p>\n<\/fieldset>\n<p>&nbsp;<\/p>\n<p><strong>Disserta\u00e7\u00f5es<\/strong><\/p>\n<p><a href=\"https:\/\/uenf.br\/posgraduacao\/engenharia-civil\/2026-2\/\">2026<\/a> &#8211; <a href=\"https:\/\/uenf.br\/posgraduacao\/engenharia-civil\/2025-2\/\">2025<\/a> &#8211;\u00a0<a href=\"https:\/\/uenf.br\/posgraduacao\/engenharia-civil\/2024-2\/\">2024<\/a> &#8211; <a href=\"https:\/\/uenf.br\/posgraduacao\/engenharia-civil\/2023-2\/\">2023<\/a> &#8211;\u00a0<a href=\"https:\/\/uenf.br\/posgraduacao\/engenharia-civil\/dissertacoes-de-mestrado-2022\/\">2022<\/a> &#8211; <a href=\"https:\/\/uenf.br\/posgraduacao\/engenharia-civil\/teses-e-dissertacoes\/dissertacao-de-mestrado-2021\/\">2021<\/a> &#8211; <a href=\"https:\/\/uenf.br\/posgraduacao\/engenharia-civil\/dissertacoes-de-mestrado-2020\/\">2020<\/a> &#8211; <a href=\"https:\/\/uenf.br\/posgraduacao\/engenharia-civil\/dissertacao-de-mestrado-2019\/\">2019<\/a> &#8211;\u00a0<a href=\"https:\/\/uenf.br\/posgraduacao\/engenharia-civil\/dissertacao-de-mestrado-2018\/\">2018<\/a> &#8211;\u00a0<a href=\"https:\/\/uenf.br\/posgraduacao\/engenharia-civil\/dissertacoes-de-mestrado-2017\/\">2017<\/a> &#8211;\u00a0<a href=\"https:\/\/uenf.br\/posgraduacao\/engenharia-civil\/dissertacoes-de-mestrado-2016\/\">2016<\/a>\u00a0&#8211;\u00a0<a href=\"https:\/\/uenf.br\/posgraduacao\/engenharia-civil\/dissertacoes-de-mestrado\/dissertacoes-de-metrado-2015\/\">2015 <\/a>&#8211; <a href=\"https:\/\/uenf.br\/posgraduacao\/engenharia-civil\/dissertacoes-de-mestrado\/dissertacoes-de-mestrado-2014\/\">2014 <\/a>&#8211; <a href=\"https:\/\/uenf.br\/posgraduacao\/engenharia-civil\/dissertacoes-de-mestrado\/dissertacoes-de-mestrado-2013\/\">2013 <\/a>&#8211; <a href=\"https:\/\/uenf.br\/posgraduacao\/engenharia-civil\/dissertacoes-de-mestrado\/dissertacoes-de-mestrado-2012\/\">2012 <\/a>&#8211; <a href=\"https:\/\/uenf.br\/posgraduacao\/engenharia-civil\/dissertacoes-de-mestrado\/dissertacoes-de-mestrado-2011\/\">2011<\/a> &#8211; <a href=\"https:\/\/uenf.br\/posgraduacao\/engenharia-civil\/dissertacoes-de-mestrado\/dissertacoes-de-mestrado-2010\/\">2010 <\/a>&#8211; <a href=\"https:\/\/uenf.br\/posgraduacao\/engenharia-civil\/dissertacoes-de-mestrado\/dissertacoes-de-mestrado-2009\/\">2009 <\/a>&#8211; <a href=\"https:\/\/uenf.br\/posgraduacao\/engenharia-civil\/dissertacoes-de-mestrado\/dissertacoes-de-mestrado-2008\/\">2008 <\/a>&#8211; <a href=\"https:\/\/uenf.br\/posgraduacao\/engenharia-civil\/dissertacoes-de-mestrado\/dissertacoes-de-mestrado-2007\/\">2007 <\/a>&#8211; <a href=\"https:\/\/uenf.br\/posgraduacao\/engenharia-civil\/dissertacoes-de-mestrado\/dissertacoes-de-mestrado-2006\/\" target=\"_blank\" rel=\"noopener noreferrer\">2006 <\/a>&#8211; <a href=\"https:\/\/uenf.br\/posgraduacao\/engenharia-civil\/dissertacoes-de-mestrado\/dissertacoes-de-mestrado-2005\/\">2005<\/a> &#8211; <a href=\"https:\/\/uenf.br\/posgraduacao\/engenharia-civil\/dissertacoes-de-mestrado\/dissertacoes-de-mestrado-2004\/\">2004\u00a0<\/a>&#8211; <a href=\"https:\/\/uenf.br\/posgraduacao\/engenharia-civil\/dissertacoes-de-mestrado\/dissertacoes-de-mestrado-2003\/\">2003<\/a><\/p>","protected":false},"excerpt":{"rendered":"<p>&nbsp; ESTUDO DA CONDUTIVIDADE T\u00c9RMICA DE ARGAMASSAS PARA REBOCO COM RES\u00cdDUO DE ROCHAS ORNAMENTAIS Autor: Renan Ferraz Novaes Orientador: Prof&#8230;.<\/p>\n","protected":false},"author":7,"featured_media":0,"parent":0,"menu_order":0,"comment_status":"closed","ping_status":"closed","template":"","meta":{"footnotes":""},"class_list":["post-3861","page","type-page","status-publish","hentry"],"_links":{"self":[{"href":"https:\/\/uenf.br\/posgraduacao\/engenharia-civil\/wp-json\/wp\/v2\/pages\/3861","targetHints":{"allow":["GET"]}}],"collection":[{"href":"https:\/\/uenf.br\/posgraduacao\/engenharia-civil\/wp-json\/wp\/v2\/pages"}],"about":[{"href":"https:\/\/uenf.br\/posgraduacao\/engenharia-civil\/wp-json\/wp\/v2\/types\/page"}],"author":[{"embeddable":true,"href":"https:\/\/uenf.br\/posgraduacao\/engenharia-civil\/wp-json\/wp\/v2\/users\/7"}],"replies":[{"embeddable":true,"href":"https:\/\/uenf.br\/posgraduacao\/engenharia-civil\/wp-json\/wp\/v2\/comments?post=3861"}],"version-history":[{"count":0,"href":"https:\/\/uenf.br\/posgraduacao\/engenharia-civil\/wp-json\/wp\/v2\/pages\/3861\/revisions"}],"wp:attachment":[{"href":"https:\/\/uenf.br\/posgraduacao\/engenharia-civil\/wp-json\/wp\/v2\/media?parent=3861"}],"curies":[{"name":"wp","href":"https:\/\/api.w.org\/{rel}","templated":true}]}}