{"id":506,"date":"2015-09-04T19:42:58","date_gmt":"2015-09-04T19:42:58","guid":{"rendered":"http:\/\/uenf.br\/posgraduacao\/engenharia-civil\/?page_id=506"},"modified":"2020-10-27T02:32:37","modified_gmt":"2020-10-27T02:32:37","slug":"centrifuga","status":"publish","type":"page","link":"https:\/\/uenf.br\/posgraduacao\/engenharia-civil\/oficinas-de-ensino-e-pesquisa\/centrifuga\/","title":{"rendered":"Oficina de Modelos Reduzidos (Centr\u00edfuga Geot\u00e9cnica)"},"content":{"rendered":"<p><a href=\"http:\/\/uenf.br\/posgraduacao\/engenharia-civil\/wp-content\/uploads\/sites\/3\/2020\/10\/Imagem9.png\"><img loading=\"lazy\" decoding=\"async\" class=\"alignnone size-medium wp-image-2916\" src=\"http:\/\/uenf.br\/posgraduacao\/engenharia-civil\/wp-content\/uploads\/sites\/3\/2020\/10\/Imagem9-300x211.png\" alt=\"\" width=\"300\" height=\"211\" srcset=\"https:\/\/uenf.br\/posgraduacao\/engenharia-civil\/wp-content\/uploads\/sites\/3\/2020\/10\/Imagem9-300x211.png 300w, https:\/\/uenf.br\/posgraduacao\/engenharia-civil\/wp-content\/uploads\/sites\/3\/2020\/10\/Imagem9-150x105.png 150w, https:\/\/uenf.br\/posgraduacao\/engenharia-civil\/wp-content\/uploads\/sites\/3\/2020\/10\/Imagem9-400x281.png 400w, https:\/\/uenf.br\/posgraduacao\/engenharia-civil\/wp-content\/uploads\/sites\/3\/2020\/10\/Imagem9.png 555w\" sizes=\"auto, (max-width: 300px) 100vw, 300px\" \/><\/a><\/p>\n<p>A Oficina de Modelos Reduzidos conta com uma centr\u00edfuga de grande porte de 100 g (100 vezes a acelera\u00e7\u00e3o da gravidade), que \u00e9 um equipamento \u00fanico na Am\u00e9rica Latina, com tais dimens\u00f5es. Nessa Oficina s\u00e3o desenvolvidas pesquisas sobre modelagem f\u00edsica e num\u00e9rica de problemas de geotecnia. Al\u00e9m da centr\u00edfuga de 100 g totalmente operacional, a oficina conta com os seguintes equipamentos: sistema hidr\u00e1ulico servo-controlado da MTS; c\u00e2mera de alta velocidade (1000 fps); prensa de 50 t para consolida\u00e7\u00e3o de amostras de grandes dimens\u00f5es; dois sistemas \u2018<em>wireless<\/em>\u2019 de aquisi\u00e7\u00e3o de dados da National Instruments. Adicionalmente, tem-se um laborat\u00f3rio dedicado a an\u00e1lises de imagem com uso de laser He-Ne para ensaios em solos transparentes, t\u00e9cnica que tem sido desenvolvida atualmente em alguns dos centros de pesquisa mais avan\u00e7ados no mundo que tratam de problemas relacionados a comportamento de funda\u00e7\u00f5es rasas e profundas, dutos, pavimentos e outros problemas geot\u00e9cnicos afins. Esse laborat\u00f3rio cont\u00e9m uma mesa antivibra\u00e7\u00e3o, um sistema de controle e automa\u00e7\u00e3o da National Instuments, um sistema de aquisi\u00e7\u00e3o de dados de alta frequ\u00eancia de aquisi\u00e7\u00e3o, uma c\u00e2mera de alta velocidade para an\u00e1lises PIV (\u2018particle image velocimetry\u2019) e um sistema de satura\u00e7\u00e3o \u00e0 v\u00e1cuo e prepara\u00e7\u00e3o de amostras. Na Oficina de Modelos Reduzidos s\u00e3o desenvolvidos projetos financiados pela FAPERJ e pelo CNPq, al\u00e9m de projetos de pesquisa e desenvolvimento junto a Petrobras. A Oficina de Modelos Reduzidos desenvolve pesquisas em conjunto com pesquisadores da Universidade da Calif\u00f3rnia-San Diego, da USP-S\u00e3o Carlos e da COPPE-UFRJ.<\/p>\n<p><a href=\"http:\/\/uenf.br\/posgraduacao\/engenharia-civil\/wp-content\/uploads\/sites\/3\/2020\/10\/instagram-color.png\"><img loading=\"lazy\" decoding=\"async\" class=\"alignnone wp-image-2932\" src=\"http:\/\/uenf.br\/posgraduacao\/engenharia-civil\/wp-content\/uploads\/sites\/3\/2020\/10\/instagram-color-300x300.png\" alt=\"\" width=\"30\" height=\"30\" srcset=\"https:\/\/uenf.br\/posgraduacao\/engenharia-civil\/wp-content\/uploads\/sites\/3\/2020\/10\/instagram-color-300x300.png 300w, https:\/\/uenf.br\/posgraduacao\/engenharia-civil\/wp-content\/uploads\/sites\/3\/2020\/10\/instagram-color-150x150.png 150w, https:\/\/uenf.br\/posgraduacao\/engenharia-civil\/wp-content\/uploads\/sites\/3\/2020\/10\/instagram-color-400x400.png 400w, https:\/\/uenf.br\/posgraduacao\/engenharia-civil\/wp-content\/uploads\/sites\/3\/2020\/10\/instagram-color-144x144.png 144w, https:\/\/uenf.br\/posgraduacao\/engenharia-civil\/wp-content\/uploads\/sites\/3\/2020\/10\/instagram-color.png 696w\" sizes=\"auto, (max-width: 30px) 100vw, 30px\" \/><\/a>\u00a0<a href=\"https:\/\/www.instagram.com\/geotechnical_centrifuge\/\">@geotechnical_centrifuge<\/a><\/p>\n<p><a href=\"http:\/\/uenf.br\/posgraduacao\/engenharia-civil\/wp-content\/uploads\/sites\/3\/2020\/10\/twitter-logo-4.png\"><img loading=\"lazy\" decoding=\"async\" class=\"alignnone wp-image-2933\" src=\"http:\/\/uenf.br\/posgraduacao\/engenharia-civil\/wp-content\/uploads\/sites\/3\/2020\/10\/twitter-logo-4-300x244.png\" alt=\"\" width=\"32\" height=\"26\" srcset=\"https:\/\/uenf.br\/posgraduacao\/engenharia-civil\/wp-content\/uploads\/sites\/3\/2020\/10\/twitter-logo-4-300x244.png 300w, https:\/\/uenf.br\/posgraduacao\/engenharia-civil\/wp-content\/uploads\/sites\/3\/2020\/10\/twitter-logo-4-1024x833.png 1024w, https:\/\/uenf.br\/posgraduacao\/engenharia-civil\/wp-content\/uploads\/sites\/3\/2020\/10\/twitter-logo-4-768x625.png 768w, https:\/\/uenf.br\/posgraduacao\/engenharia-civil\/wp-content\/uploads\/sites\/3\/2020\/10\/twitter-logo-4-1536x1250.png 1536w, https:\/\/uenf.br\/posgraduacao\/engenharia-civil\/wp-content\/uploads\/sites\/3\/2020\/10\/twitter-logo-4-150x122.png 150w, https:\/\/uenf.br\/posgraduacao\/engenharia-civil\/wp-content\/uploads\/sites\/3\/2020\/10\/twitter-logo-4-400x326.png 400w, https:\/\/uenf.br\/posgraduacao\/engenharia-civil\/wp-content\/uploads\/sites\/3\/2020\/10\/twitter-logo-4.png 1600w\" sizes=\"auto, (max-width: 32px) 100vw, 32px\" \/><\/a><a href=\"https:\/\/twitter.com\/centrifugageot1\">@CentrifugaGeot1<\/a><\/p>","protected":false},"excerpt":{"rendered":"<p>A Oficina de Modelos Reduzidos conta com uma centr\u00edfuga de grande porte de 100 g (100 vezes a acelera\u00e7\u00e3o da&#8230;<\/p>\n","protected":false},"author":8,"featured_media":0,"parent":211,"menu_order":1,"comment_status":"closed","ping_status":"closed","template":"","meta":{"footnotes":""},"class_list":["post-506","page","type-page","status-publish","hentry"],"_links":{"self":[{"href":"https:\/\/uenf.br\/posgraduacao\/engenharia-civil\/wp-json\/wp\/v2\/pages\/506","targetHints":{"allow":["GET"]}}],"collection":[{"href":"https:\/\/uenf.br\/posgraduacao\/engenharia-civil\/wp-json\/wp\/v2\/pages"}],"about":[{"href":"https:\/\/uenf.br\/posgraduacao\/engenharia-civil\/wp-json\/wp\/v2\/types\/page"}],"author":[{"embeddable":true,"href":"https:\/\/uenf.br\/posgraduacao\/engenharia-civil\/wp-json\/wp\/v2\/users\/8"}],"replies":[{"embeddable":true,"href":"https:\/\/uenf.br\/posgraduacao\/engenharia-civil\/wp-json\/wp\/v2\/comments?post=506"}],"version-history":[{"count":0,"href":"https:\/\/uenf.br\/posgraduacao\/engenharia-civil\/wp-json\/wp\/v2\/pages\/506\/revisions"}],"up":[{"embeddable":true,"href":"https:\/\/uenf.br\/posgraduacao\/engenharia-civil\/wp-json\/wp\/v2\/pages\/211"}],"wp:attachment":[{"href":"https:\/\/uenf.br\/posgraduacao\/engenharia-civil\/wp-json\/wp\/v2\/media?parent=506"}],"curies":[{"name":"wp","href":"https:\/\/api.w.org\/{rel}","templated":true}]}}