{"id":555,"date":"2015-09-04T20:26:01","date_gmt":"2015-09-04T20:26:01","guid":{"rendered":"http:\/\/uenf.br\/posgraduacao\/engenharia-civil\/?page_id=555"},"modified":"2017-01-16T17:49:07","modified_gmt":"2017-01-16T17:49:07","slug":"dissertacoes-de-mestrado-2012","status":"publish","type":"page","link":"https:\/\/uenf.br\/posgraduacao\/engenharia-civil\/teses-e-dissertacoes\/dissertacoes-de-mestrado-2012\/","title":{"rendered":"Disserta\u00e7\u00f5es de Mestrado 2012"},"content":{"rendered":"<p>&nbsp;<\/p>\n<form>\n<fieldset>\n<legend>AVALIA\u00c7\u00c3O DE FUNDA\u00c7\u00d5ES MISTAS ATRAV\u00c9S DE MODELOS FISICOS DE LABORAT\u00d2RIO EM ESCALA REDUZIDA<\/legend>\n<p style=\"text-align: left\"><strong>Autor: <\/strong> BRUNO BORGES FERREIRA<br \/>\n<strong>Orientador:<\/strong> Prof. D.Sc. Paulo C\u00e9sar de Almeida Maia<br \/>\n<strong>\u00c1rea de Concentra\u00e7\u00e3o:<\/strong> Geotecnia<br \/>\n<strong>Situa\u00e7\u00e3o:<\/strong> Conclu\u00edda \u2013 AGOSTO\/2012<br \/>\n<strong><a href=\"http:\/\/uenf.br\/posgraduacao\/engenharia-civil\/dissertacoes-de-mestrado-2012-bruno-borges-ferreira\/\" target=\"_blank\">Veja mais.<\/a><\/strong><\/p>\n<\/fieldset>\n<\/form>\n<p>&nbsp;<\/p>\n<form>\n<fieldset>\n<legend>PRODU\u00c7\u00c3O E CARACTERIZA\u00c7\u00c3O DE CINZA DE CAPIM ELEFANTE COM VISTAS \u00c0 SUA APLICA\u00c7\u00c3O COMO POZOLANA<\/legend>\n<p style=\"text-align: left\"><strong>Autor: <\/strong> CAROLINE PESS\u00d4A SALES<br \/>\n<strong>Orientador:\u00a0<\/strong>Prof. Guilherme Chagas Cordeiro<br \/>\n<strong>\u00c1rea de Concentra\u00e7\u00e3o:<\/strong> Estrutura<br \/>\n<strong>Situa\u00e7\u00e3o:<\/strong> Conclu\u00edda \u2013 JULHO\/2012<br \/>\n<strong><a href=\"http:\/\/uenf.br\/posgraduacao\/engenharia-civil\/dissertacoes-de-mestrado-2012-caroline-pessoa-sales\/\" target=\"_blank\">Veja mais.<\/a><\/strong><\/p>\n<\/fieldset>\n<\/form>\n<p>&nbsp;<\/p>\n<form>\n<fieldset>\n<legend>ESTUDO DA CAPACIDADE DE CARGA AO ARRANCAMENTO DE ESTACAS TUBULARES VAZADAS<\/legend>\n<p style=\"text-align: left\"><strong>Autor: <\/strong>DANIELLE PEREIRA NEVES<br \/>\n<strong>Orientador:\u00a0<\/strong>Prof. Rodrigo Martins Reis<br \/>\n<strong>Co-orientador:\u00a0<\/strong>Prof. Fernando Saboya Albuquerque Jr.<br \/>\n<strong>\u00c1rea de Concentra\u00e7\u00e3o:\u00a0<\/strong> Geotecnia<br \/>\n<strong>Situa\u00e7\u00e3o:<\/strong> Conclu\u00edda \u2013 NOVEMBRO\/2012<br \/>\n<strong><a href=\"http:\/\/uenf.br\/posgraduacao\/engenharia-civil\/dissertacoes-de-mestrado-2012-danielle-pereira-neves\/\" target=\"_blank\">Veja mais.<\/a><\/strong><\/p>\n<\/fieldset>\n<\/form>\n<p>&nbsp;<\/p>\n<form>\n<fieldset>\n<legend>ESTUDO SOBRE RETRA\u00c7\u00c3O, PERMEABILIDADE, POROSIDADE, RESIST\u00caNCIA \u00c0 COMPRESS\u00c3O E M\u00d3DULO DE ELASTICIDADE DO CONCRETO GEOPOLIM\u00c9RICO<\/legend>\n<p style=\"text-align: left\"><strong>Autor: <\/strong> \u00c9RICA FERREIRA PE\u00c7ANHA<br \/>\n<strong>Orientador:\u00a0<\/strong> Prof. Dylmar Penteado Dias<br \/>\n<strong>\u00c1rea de Concentra\u00e7\u00e3o:\u00a0<\/strong> Estrutura<br \/>\n<strong>Situa\u00e7\u00e3o:<\/strong> Conclu\u00edda \u2013 NOVEMBRO\/2012<br \/>\n<strong><a href=\"http:\/\/uenf.br\/posgraduacao\/engenharia-civil\/dissertacoes-de-mestrado-2012-erica-ferreira-pecanha\/\" target=\"_blank\">Veja mais.<\/a><\/strong><\/p>\n<\/fieldset>\n<\/form>\n<p>&nbsp;<\/p>\n<form>\n<fieldset>\n<legend>AVALIA\u00c7\u00c3O DOS PROCEDIMENTOS N\u00c3O-CONVENCIONAIS DE LABORAT\u00d3RIO PARA DETERMINA\u00c7\u00c3O DO COMPORTAMENTO MEC\u00c2NICO E DE DURABILIDADE DE MATERIAIS CER\u00c2MICOS VERMELHOS<\/legend>\n<p style=\"text-align: left\"><strong>Autor: <\/strong> FELIPE FRAGA DE ALMEIDA<br \/>\n<strong>Orientador:<\/strong> Prof. D.Sc. Paulo C\u00e9sar de Almeida Maia<br \/>\n<strong>Co-orientador:<\/strong> Prof. D. Sc. Gustavo de Castro Xavier<br \/>\n<strong>\u00c1rea de Concentra\u00e7\u00e3o:<\/strong> Geotecnia<br \/>\n<strong>Situa\u00e7\u00e3o:<\/strong> Conclu\u00edda \u2013 ABRIL\/2012<br \/>\n<strong><a href=\"http:\/\/uenf.br\/posgraduacao\/engenharia-civil\/dissertacoes-de-mestrado-2012-felipe-fraga-de-almeida\/\" target=\"_blank\">Veja mais.<\/a><\/strong><\/p>\n<\/fieldset>\n<\/form>\n<p>&nbsp;<\/p>\n<form>\n<fieldset>\n<legend>ESTUDO DO EFEITO DA ENERGIA DE DESGASTE NA PREVIS\u00c3O DA DURABILIDADE DE GNAISSES ORNAMENTAIS DE P\u00c1DUA-RJ<\/legend>\n<p style=\"text-align: left\"><strong>Autor: <\/strong> JOS\u00c9 LUIZ ERNANDES DIAS FILHO<br \/>\n<strong>Orientador:<\/strong> Prof. Gustavo de Castro Xavier<br \/>\n<strong>Co-orientador:<\/strong> Prof. Paulo Cesar de Almeida Maia<br \/>\n<strong>\u00c1rea de Concentra\u00e7\u00e3o:<\/strong> Geotecnia<br \/>\n<strong>Situa\u00e7\u00e3o:<\/strong> Conclu\u00edda \u2013 MAR\u00c7O\/2012<br \/>\n<strong><a href=\"http:\/\/uenf.br\/posgraduacao\/engenharia-civil\/dissertacoes-de-mestrado-2012-jose-luiz-ernandes-dias-filho\/\" target=\"_blank\">Veja mais.<\/a><\/strong><\/p>\n<\/fieldset>\n<\/form>\n<p>&nbsp;<\/p>\n<form>\n<fieldset>\n<legend>AVALIA\u00c7\u00c3O DOS RECURSOS H\u00cdDRICOS SUPERFICIAIS, SUBTERR\u00c2NEOS E REUSO DAS<br \/>\n\u00c1GUAS PLUVIAIS DO MUNIC\u00cdPIO DE QUISSAM\u00c3 COM FINALIDADE DE GEST\u00c3O INTEGRADA PARA USO SUSTENT\u00c1VEL<\/legend>\n<p style=\"text-align: left\"><strong>Autor: <\/strong>PRISCILA ALVES MARQUES FERNANDES<br \/>\n<strong>Orientadora:\u00a0<\/strong> Prof\u00aa. Maria da Gl\u00f3ria Alves<br \/>\n<strong>\u00c1rea de Concentra\u00e7\u00e3o:<\/strong> Geotecnia<br \/>\n<strong>Situa\u00e7\u00e3o:<\/strong> Conclu\u00edda \u2013 MAR\u00c7O\/2012<br \/>\n<strong><a href=\"http:\/\/uenf.br\/posgraduacao\/engenharia-civil\/dissertacoes-de-mestrado-2012-priscila-alves-marques-fernandes\/\" target=\"_blank\">Veja mais.<\/a><\/strong><\/p>\n<\/fieldset>\n<\/form>\n<p>&nbsp;<\/p>\n<form>\n<fieldset>\n<legend>ADER\u00caNCIA ENTRE CONCRETO E BARRAS LISAS DE POL\u00cdMERO REFOR\u00c7ADO COM FIBRA DE VIDRO<\/legend>\n<p style=\"text-align: left\"><strong>Autor: <\/strong>WEVERTHON VIEIRA BEIRAL<br \/>\n<strong>Orientador:\u00a0<\/strong> Prof. Sergio Luis Gonz\u00e1lez Garcia<br \/>\n<strong>Co-orientador:\u00a0<\/strong>Prof. Dylmar Penteado Dias<br \/>\n<strong>\u00c1rea de Concentra\u00e7\u00e3o:<\/strong> Estrutura<br \/>\n<strong>Situa\u00e7\u00e3o:<\/strong> Conclu\u00edda \u2013 DEZEMBRO\/2012<br \/>\n<strong><a href=\"http:\/\/uenf.br\/posgraduacao\/engenharia-civil\/dissertacoes-de-mestrado-2012-weverthon-vieira-beiral\/\" target=\"_blank\">Veja mais.<\/a><\/strong><\/p>\n<\/fieldset>\n<\/form>\n<p><strong>Disserta\u00e7\u00f5es<\/strong><\/p>\n<p><a href=\"http:\/\/uenf.br\/posgraduacao\/engenharia-civil\/dissertacoes-de-mestrado\/dissertacoes-de-metrado-2015\/\">2015 <\/a>&#8211; <a href=\"http:\/\/uenf.br\/posgraduacao\/engenharia-civil\/dissertacoes-de-mestrado\/dissertacoes-de-mestrado-2014\/\">2014 <\/a>&#8211; <a href=\"http:\/\/uenf.br\/posgraduacao\/engenharia-civil\/dissertacoes-de-mestrado\/dissertacoes-de-mestrado-2013\/\">2013 <\/a>&#8211; <a href=\"http:\/\/uenf.br\/posgraduacao\/engenharia-civil\/dissertacoes-de-mestrado\/dissertacoes-de-mestrado-2012\/\">2012 <\/a>&#8211; <a href=\"http:\/\/uenf.br\/posgraduacao\/engenharia-civil\/dissertacoes-de-mestrado\/dissertacoes-de-mestrado-2011\/\">2011<\/a> &#8211; <a href=\"http:\/\/uenf.br\/posgraduacao\/engenharia-civil\/dissertacoes-de-mestrado\/dissertacoes-de-mestrado-2010\/\">2010 <\/a>&#8211; <a href=\"http:\/\/uenf.br\/posgraduacao\/engenharia-civil\/dissertacoes-de-mestrado\/dissertacoes-de-mestrado-2009\/\">2009 <\/a>&#8211; <a href=\"http:\/\/uenf.br\/posgraduacao\/engenharia-civil\/dissertacoes-de-mestrado\/dissertacoes-de-mestrado-2008\/\">2008 <\/a>&#8211; <a href=\"http:\/\/uenf.br\/posgraduacao\/engenharia-civil\/dissertacoes-de-mestrado\/dissertacoes-de-mestrado-2007\/\">2007 <\/a>&#8211; <a href=\"http:\/\/uenf.br\/posgraduacao\/engenharia-civil\/dissertacoes-de-mestrado\/dissertacoes-de-mestrado-2006\/\" target=\"_blank\">2006 <\/a>&#8211; <a href=\"http:\/\/uenf.br\/posgraduacao\/engenharia-civil\/dissertacoes-de-mestrado\/dissertacoes-de-mestrado-2005\/\">2005<\/a> &#8211; <a href=\"http:\/\/uenf.br\/posgraduacao\/engenharia-civil\/dissertacoes-de-mestrado\/dissertacoes-de-mestrado-2004\/\">2004\u00a0<\/a>&#8211; <a href=\"http:\/\/uenf.br\/posgraduacao\/engenharia-civil\/dissertacoes-de-mestrado\/dissertacoes-de-mestrado-2003\/\">2003<\/a><\/p>","protected":false},"excerpt":{"rendered":"<p>&nbsp; AVALIA\u00c7\u00c3O DE FUNDA\u00c7\u00d5ES MISTAS ATRAV\u00c9S DE MODELOS FISICOS DE LABORAT\u00d2RIO EM ESCALA REDUZIDA Autor: BRUNO BORGES FERREIRA Orientador: Prof&#8230;.<\/p>\n","protected":false},"author":8,"featured_media":0,"parent":411,"menu_order":1,"comment_status":"closed","ping_status":"closed","template":"","meta":{"footnotes":""},"class_list":["post-555","page","type-page","status-publish","hentry"],"_links":{"self":[{"href":"https:\/\/uenf.br\/posgraduacao\/engenharia-civil\/wp-json\/wp\/v2\/pages\/555","targetHints":{"allow":["GET"]}}],"collection":[{"href":"https:\/\/uenf.br\/posgraduacao\/engenharia-civil\/wp-json\/wp\/v2\/pages"}],"about":[{"href":"https:\/\/uenf.br\/posgraduacao\/engenharia-civil\/wp-json\/wp\/v2\/types\/page"}],"author":[{"embeddable":true,"href":"https:\/\/uenf.br\/posgraduacao\/engenharia-civil\/wp-json\/wp\/v2\/users\/8"}],"replies":[{"embeddable":true,"href":"https:\/\/uenf.br\/posgraduacao\/engenharia-civil\/wp-json\/wp\/v2\/comments?post=555"}],"version-history":[{"count":0,"href":"https:\/\/uenf.br\/posgraduacao\/engenharia-civil\/wp-json\/wp\/v2\/pages\/555\/revisions"}],"up":[{"embeddable":true,"href":"https:\/\/uenf.br\/posgraduacao\/engenharia-civil\/wp-json\/wp\/v2\/pages\/411"}],"wp:attachment":[{"href":"https:\/\/uenf.br\/posgraduacao\/engenharia-civil\/wp-json\/wp\/v2\/media?parent=555"}],"curies":[{"name":"wp","href":"https:\/\/api.w.org\/{rel}","templated":true}]}}