{"id":76,"date":"2015-09-03T23:27:38","date_gmt":"2015-09-03T23:27:38","guid":{"rendered":"http:\/\/uenf.br\/posgraduacao\/engenharia-civil\/?page_id=76"},"modified":"2025-02-12T13:49:16","modified_gmt":"2025-02-12T13:49:16","slug":"cursos","status":"publish","type":"page","link":"https:\/\/uenf.br\/posgraduacao\/engenharia-civil\/cursos\/","title":{"rendered":"Curso"},"content":{"rendered":"<p>&nbsp;<\/p>\n<ul>\n<li><strong>Mestrado e Doutorado Acad\u00eamico em Engenharia Civil &#8211; <b>C\u00f3digo:\u00a0<\/b><span id=\"form:codigoPrograma\">31033016012P4<\/span><\/strong><\/li>\n<\/ul>\n<p style=\"padding-left: 30px\"><strong>In\u00edcio:<\/strong>\u00a0\u00a0 Mestrado Acad\u00eamico 17\/05\/1994 ( recomendado em 2003 pela CAPES)<br \/>\n<strong>T\u00edtulo:<\/strong> Mestre em Engenharia Civil (<strong>M.Sc.<\/strong>)<\/p>\n<p><strong>\u00a0 \u00a0 \u00a0 \u00a0In\u00edcio:<\/strong> \u00a0 Doutorado Acad\u00eamico 02\/09\/2024<br \/>\n<strong>\u00a0 \u00a0 \u00a0 \u00a0T\u00edtulo:<\/strong> Doutor em Engenharia Civil (<strong>D.Sc.<\/strong>)<\/p>\n<p style=\"padding-left: 30px\"><strong>Avalia\u00e7\u00e3o Capes:<\/strong> Conceito Mestrado e Doutorado Acad\u00eamico: 4<br \/>\n<strong>\u00c1rea de Avalia\u00e7\u00e3o Capes: <\/strong>Engenharias I<\/p>\n<p style=\"padding-left: 30px\"><strong>\u00c1reas de Concentra\u00e7\u00e3o:<\/strong> Estruturas e Geotecnia<br \/>\n<strong>N\u00famero de Cr\u00e9ditos Obrigat\u00f3rios no Mestrado:<\/strong> 25<br \/>\n<strong>N\u00famero de Cr\u00e9ditos Obrigat\u00f3rios no Doutorado: <\/strong>35<\/p>\n<p><\/p>","protected":false},"excerpt":{"rendered":"<p>&nbsp; Mestrado e Doutorado Acad\u00eamico em Engenharia Civil &#8211; C\u00f3digo:\u00a031033016012P4 In\u00edcio:\u00a0\u00a0 Mestrado Acad\u00eamico 17\/05\/1994 ( recomendado em 2003 pela CAPES)&#8230;<\/p>\n","protected":false},"author":8,"featured_media":0,"parent":0,"menu_order":1,"comment_status":"closed","ping_status":"closed","template":"","meta":{"footnotes":""},"class_list":["post-76","page","type-page","status-publish","hentry"],"_links":{"self":[{"href":"https:\/\/uenf.br\/posgraduacao\/engenharia-civil\/wp-json\/wp\/v2\/pages\/76","targetHints":{"allow":["GET"]}}],"collection":[{"href":"https:\/\/uenf.br\/posgraduacao\/engenharia-civil\/wp-json\/wp\/v2\/pages"}],"about":[{"href":"https:\/\/uenf.br\/posgraduacao\/engenharia-civil\/wp-json\/wp\/v2\/types\/page"}],"author":[{"embeddable":true,"href":"https:\/\/uenf.br\/posgraduacao\/engenharia-civil\/wp-json\/wp\/v2\/users\/8"}],"replies":[{"embeddable":true,"href":"https:\/\/uenf.br\/posgraduacao\/engenharia-civil\/wp-json\/wp\/v2\/comments?post=76"}],"version-history":[{"count":0,"href":"https:\/\/uenf.br\/posgraduacao\/engenharia-civil\/wp-json\/wp\/v2\/pages\/76\/revisions"}],"wp:attachment":[{"href":"https:\/\/uenf.br\/posgraduacao\/engenharia-civil\/wp-json\/wp\/v2\/media?parent=76"}],"curies":[{"name":"wp","href":"https:\/\/api.w.org\/{rel}","templated":true}]}}