{"id":854,"date":"2015-09-11T19:56:29","date_gmt":"2015-09-11T19:56:29","guid":{"rendered":"http:\/\/uenf.br\/posgraduacao\/engenharia-civil\/?page_id=854"},"modified":"2015-09-11T19:57:49","modified_gmt":"2015-09-11T19:57:49","slug":"dissertacoes-de-mestrado-2006-fabia-da-silva-dias","status":"publish","type":"page","link":"https:\/\/uenf.br\/posgraduacao\/engenharia-civil\/dissertacoes-de-mestrado-2006-fabia-da-silva-dias\/","title":{"rendered":"Disserta\u00e7\u00f5es de Mestrado 2006 &#8211; F\u00c1BIA DA SILVA DIAS"},"content":{"rendered":"<p><strong>Resumo<\/strong><\/p>\n<p style=\"text-align: justify\">A ind\u00fastria da constru\u00e7\u00e3o civil tem sido apontada como a grande consumidora de recursos naturais e ao mesmo tempo a grande geradora de res\u00edduos. Existem muitas discuss\u00f5es quanto \u00e0 necessidade de se buscar maiores n\u00edveis de qualidade e efici\u00eancia nos processos atrav\u00e9s de uma racionaliza\u00e7\u00e3o da produ\u00e7\u00e3o, para que as obras reafirmem o conceito de desenvolvimento sustent\u00e1vel. O grande n\u00famero de res\u00edduos e rejeitos produzidos pelas atividades construtivas representa um grave problema, principalmente no que diz respeito \u00e0 quest\u00e3o ambiental agravada pela falta de espa\u00e7o para destina\u00e7\u00e3o final dos mesmos. Com o objetivo de contribuir para a minimiza\u00e7\u00e3o dessas quest\u00f5es e para o planejamento adequado dos recursos f\u00edsicos da constru\u00e7\u00e3o civil, o presente trabalho visou relacionar os principais fatores de desperd\u00edcios gerados pela tecnologia construtiva tradicional aplicada no pa\u00eds. O enfoque fundamental foi abordar as principais perdas de materiais, buscando identificar os pontos deficientes no planejamento, no uso inadequado de materiais dentro de canteiros de obras, e m\u00e3o-de-obra que em sua maioria \u00e9 desqualificada. Para tal, a metodologia adotada envolveu visitas em cinco canteiros de obras em diferentes etapas como: estrutura, instala\u00e7\u00f5es e acabamentos, levando em considera\u00e7\u00e3o as particularidades de cada material nos diversos usos e situa\u00e7\u00f5es em que s\u00e3o empregados. A pesquisa abrangeu observa\u00e7\u00e3o e diagnose de problemas de execu\u00e7\u00e3o respaldados em referenciais te\u00f3ricos adequados e em pesquisas j\u00e1 realizadas anteriormente. Os resultados mostraram que a falta de padroniza\u00e7\u00e3o de projetos e de execu\u00e7\u00e3o de obras como: simplifica\u00e7\u00e3o, rela\u00e7\u00e3o custo ambiental e m\u00e3o-de-obra qualificada geram significativo desperd\u00edcio da constru\u00e7\u00e3o civil.<\/p>\n<p style=\"text-align: right\"><a href=\"http:\/\/uenf.br\/posgraduacao\/engenharia-civil\/wp-content\/uploads\/sites\/3\/2015\/09\/Fabia_Da_Silva_Dias.pdf\">Download aqui.<\/a><\/p>\n","protected":false},"excerpt":{"rendered":"<p>Resumo A ind\u00fastria da constru\u00e7\u00e3o civil tem sido apontada como a grande consumidora de recursos naturais e ao mesmo tempo&#8230;<\/p>\n","protected":false},"author":8,"featured_media":0,"parent":0,"menu_order":0,"comment_status":"closed","ping_status":"closed","template":"","meta":{"footnotes":""},"class_list":["post-854","page","type-page","status-publish","hentry"],"_links":{"self":[{"href":"https:\/\/uenf.br\/posgraduacao\/engenharia-civil\/wp-json\/wp\/v2\/pages\/854","targetHints":{"allow":["GET"]}}],"collection":[{"href":"https:\/\/uenf.br\/posgraduacao\/engenharia-civil\/wp-json\/wp\/v2\/pages"}],"about":[{"href":"https:\/\/uenf.br\/posgraduacao\/engenharia-civil\/wp-json\/wp\/v2\/types\/page"}],"author":[{"embeddable":true,"href":"https:\/\/uenf.br\/posgraduacao\/engenharia-civil\/wp-json\/wp\/v2\/users\/8"}],"replies":[{"embeddable":true,"href":"https:\/\/uenf.br\/posgraduacao\/engenharia-civil\/wp-json\/wp\/v2\/comments?post=854"}],"version-history":[{"count":0,"href":"https:\/\/uenf.br\/posgraduacao\/engenharia-civil\/wp-json\/wp\/v2\/pages\/854\/revisions"}],"wp:attachment":[{"href":"https:\/\/uenf.br\/posgraduacao\/engenharia-civil\/wp-json\/wp\/v2\/media?parent=854"}],"curies":[{"name":"wp","href":"https:\/\/api.w.org\/{rel}","templated":true}]}}