{"id":872,"date":"2015-09-11T20:15:41","date_gmt":"2015-09-11T20:15:41","guid":{"rendered":"http:\/\/uenf.br\/posgraduacao\/engenharia-civil\/?page_id=872"},"modified":"2015-09-11T20:49:35","modified_gmt":"2015-09-11T20:49:35","slug":"dissertacoes-de-mestrado-2006-luziane-santos-ribeiro","status":"publish","type":"page","link":"https:\/\/uenf.br\/posgraduacao\/engenharia-civil\/dissertacoes-de-mestrado-2006-luziane-santos-ribeiro\/","title":{"rendered":"Disserta\u00e7\u00f5es de Mestrado 2006 &#8211; LUZIANE SANTOS RIBEIRO"},"content":{"rendered":"<p><strong>Resumo<\/strong><\/p>\n<p style=\"text-align: justify\">Da necessidade de se comunicar, trabalhar, produzir e at\u00e9 mesmo sobreviver, o homem precisa do solo para atender necessidades pessoais que v\u00e3o desde moradia at\u00e9 alimenta\u00e7\u00e3o. O mau uso e ocupa\u00e7\u00e3o do solo tem levado a perdas por eros\u00e3o cada vez maiores. Em virtude disso, \u00e1reas antes agricult\u00e1veis t\u00eam se tornado des\u00e9rticas pelo carreamento das camadas superficiais do solo. Este trabalho pretende estudar os solos do munic\u00edpio de Campos quanto a sua suscetibilidade \u00e0 eros\u00e3o laminar e quantificar sua perda pela da aplica\u00e7\u00e3o da Equa\u00e7\u00e3o Universal de Perda de Solo (EUPS) atrav\u00e9s de t\u00e9cnicas de geoprocessamento. Os principais produtos cartogr\u00e1ficos resultantes mostraram que a suscetibilidade \u00e0 eros\u00e3o foi baixa. O risco potencial de eros\u00e3o foi predominantemente baixo. O potencial natural de eros\u00e3o (PNE) teve dois n\u00edveis de maior abrang\u00eancia: um com perda de 1.000 a 5.000 t. ha-1 e outro com perda de 100 a 500 t. ha-1. A perda anual de solo predominante ficou entre 10 e 500 t. ano-1. O risco de eros\u00e3o e a influ\u00eancia antr\u00f3pica mapeados revelaram uma situa\u00e7\u00e3o preocupante, pois indicaram que 55% das terras do munic\u00edpio apresentaram risco de eros\u00e3o maior que o tolerado pelo solo.<\/p>\n<p>&nbsp;<\/p>\n<p style=\"text-align: right\"><a href=\"http:\/\/uenf.br\/posgraduacao\/engenharia-civil\/wp-content\/uploads\/sites\/3\/2015\/09\/LUZIANE-SANTOS-RIBEIRO.pdf\">Download aqui.<\/a><\/p>\n","protected":false},"excerpt":{"rendered":"<p>Resumo Da necessidade de se comunicar, trabalhar, produzir e at\u00e9 mesmo sobreviver, o homem precisa do solo para atender necessidades&#8230;<\/p>\n","protected":false},"author":8,"featured_media":0,"parent":0,"menu_order":0,"comment_status":"closed","ping_status":"closed","template":"","meta":{"footnotes":""},"class_list":["post-872","page","type-page","status-publish","hentry"],"_links":{"self":[{"href":"https:\/\/uenf.br\/posgraduacao\/engenharia-civil\/wp-json\/wp\/v2\/pages\/872","targetHints":{"allow":["GET"]}}],"collection":[{"href":"https:\/\/uenf.br\/posgraduacao\/engenharia-civil\/wp-json\/wp\/v2\/pages"}],"about":[{"href":"https:\/\/uenf.br\/posgraduacao\/engenharia-civil\/wp-json\/wp\/v2\/types\/page"}],"author":[{"embeddable":true,"href":"https:\/\/uenf.br\/posgraduacao\/engenharia-civil\/wp-json\/wp\/v2\/users\/8"}],"replies":[{"embeddable":true,"href":"https:\/\/uenf.br\/posgraduacao\/engenharia-civil\/wp-json\/wp\/v2\/comments?post=872"}],"version-history":[{"count":0,"href":"https:\/\/uenf.br\/posgraduacao\/engenharia-civil\/wp-json\/wp\/v2\/pages\/872\/revisions"}],"wp:attachment":[{"href":"https:\/\/uenf.br\/posgraduacao\/engenharia-civil\/wp-json\/wp\/v2\/media?parent=872"}],"curies":[{"name":"wp","href":"https:\/\/api.w.org\/{rel}","templated":true}]}}