{"id":44,"date":"2018-06-21T07:54:20","date_gmt":"2018-06-21T10:54:20","guid":{"rendered":"http:\/\/uenf.br\/posgraduacao\/engenharia-exploracao-de-petroleo\/?page_id=44"},"modified":"2025-06-02T17:05:15","modified_gmt":"2025-06-02T20:05:15","slug":"formularios","status":"publish","type":"page","link":"https:\/\/uenf.br\/posgraduacao\/engenharia-exploracao-de-petroleo\/formularios\/","title":{"rendered":"Alunos"},"content":{"rendered":"<p><a href=\"https:\/\/uenf.br\/posgraduacao\/engenharia-exploracao-de-petroleo\/formularios\/defesa-de-projeto-de-dissertacao-ou-tese\/\">Defesa de Projeto de Disserta\u00e7\u00e3o ou Tese<\/a><\/p>\n<p><a href=\"https:\/\/uenf.br\/posgraduacao\/engenharia-exploracao-de-petroleo\/formularios\/exame-de-qualificacao\/\">Exame de Qualifica\u00e7\u00e3o<\/a><\/p>\n<p><a href=\"https:\/\/uenf.br\/posgraduacao\/engenharia-exploracao-de-petroleo\/formularios\/defesa-de-dissertacao\/\">Defesa de Disserta\u00e7\u00e3o<\/a><\/p>\n<p><a href=\"https:\/\/uenf.br\/posgraduacao\/engenharia-exploracao-de-petroleo\/formularios\/defesa-de-tese\/\">Defesa de Tese<\/a><\/p>\n<p><a href=\"https:\/\/uenf.br\/posgraduacao\/engenharia-exploracao-de-petroleo\/formularios\/prorrogacao\/\">Prorroga\u00e7\u00f5es de Defesas<\/a><\/p>\n<p><a href=\"https:\/\/uenf.br\/posgraduacao\/engenharia-exploracao-de-petroleo\/formularios\/proficiencia-em-lingua-estrangeira\/\">Profici\u00eancia em L\u00edngua Estrangeira<\/a><\/p>\n<p><a href=\"https:\/\/uenf.br\/posgraduacao\/engenharia-exploracao-de-petroleo\/wp-content\/uploads\/sites\/15\/2024\/10\/Formulario-de-Solicitacao-de-Afastamento-de-Aluno-do-PPGERE-17-10-24.pdf\">Formul\u00e1rio de Solicita\u00e7\u00e3o de Afastamento de Aluno de PG<\/a><\/p>\n<p><a href=\"https:\/\/uenf.br\/posgraduacao\/engenharia-exploracao-de-petroleo\/wp-content\/uploads\/sites\/15\/2024\/09\/Requerimento-SECACAD_Formula\u0301rio.pdf\">Requerimento (para assuntos que ainda n\u00e3o podem ser solicitados pelo Sistema Acad\u00eamico)<\/a><\/p>\n<p>&nbsp;<\/p>\n","protected":false},"excerpt":{"rendered":"<p>Defesa de Projeto de Disserta\u00e7\u00e3o ou Tese Exame de Qualifica\u00e7\u00e3o Defesa de Disserta\u00e7\u00e3o Defesa de Tese Prorroga\u00e7\u00f5es de Defesas Profici\u00eancia&#8230;<\/p>\n","protected":false},"author":35,"featured_media":0,"parent":0,"menu_order":3,"comment_status":"closed","ping_status":"closed","template":"","meta":{"footnotes":""},"class_list":["post-44","page","type-page","status-publish","hentry"],"_links":{"self":[{"href":"https:\/\/uenf.br\/posgraduacao\/engenharia-exploracao-de-petroleo\/wp-json\/wp\/v2\/pages\/44","targetHints":{"allow":["GET"]}}],"collection":[{"href":"https:\/\/uenf.br\/posgraduacao\/engenharia-exploracao-de-petroleo\/wp-json\/wp\/v2\/pages"}],"about":[{"href":"https:\/\/uenf.br\/posgraduacao\/engenharia-exploracao-de-petroleo\/wp-json\/wp\/v2\/types\/page"}],"author":[{"embeddable":true,"href":"https:\/\/uenf.br\/posgraduacao\/engenharia-exploracao-de-petroleo\/wp-json\/wp\/v2\/users\/35"}],"replies":[{"embeddable":true,"href":"https:\/\/uenf.br\/posgraduacao\/engenharia-exploracao-de-petroleo\/wp-json\/wp\/v2\/comments?post=44"}],"version-history":[{"count":0,"href":"https:\/\/uenf.br\/posgraduacao\/engenharia-exploracao-de-petroleo\/wp-json\/wp\/v2\/pages\/44\/revisions"}],"wp:attachment":[{"href":"https:\/\/uenf.br\/posgraduacao\/engenharia-exploracao-de-petroleo\/wp-json\/wp\/v2\/media?parent=44"}],"curies":[{"name":"wp","href":"https:\/\/api.w.org\/{rel}","templated":true}]}}