{"id":88,"date":"2018-06-21T08:13:32","date_gmt":"2018-06-21T11:13:32","guid":{"rendered":"http:\/\/uenf.br\/posgraduacao\/engenharia-exploracao-de-petroleo\/?page_id=88"},"modified":"2025-07-04T15:33:18","modified_gmt":"2025-07-04T18:33:18","slug":"corretores-de-portugues-credenciados","status":"publish","type":"page","link":"https:\/\/uenf.br\/posgraduacao\/engenharia-exploracao-de-petroleo\/sites-interessantes\/corretores-de-portugues-credenciados\/","title":{"rendered":"Corretores de Portugu\u00eas Credenciados"},"content":{"rendered":"<p><strong>Corretores de portugu\u00eas credenciados:<\/strong><\/p>\n<p>Maria Cec\u00edlia dos Santos Silvestre<br \/>\n(Licenciatura Plena em Letras, Mestrado em Cogni\u00e7\u00e3o e Linguagem)<br \/>\nRua Jorge Reid, 70 \u2013 ap. 102 \u2013 Cavaleiros 27920-260 \u2013 Maca\u00e9 \u2013 RJ<br \/>\nTel.: (22)\u00a02765-4421 \u2013 Cel.: (22) 99821-2917<br \/>\nE-mail:\u00a0mcss@globo.com<\/p>\n","protected":false},"excerpt":{"rendered":"<p>Corretores de portugu\u00eas credenciados: Maria Cec\u00edlia dos Santos Silvestre (Licenciatura Plena em Letras, Mestrado em Cogni\u00e7\u00e3o e Linguagem) Rua Jorge&#8230;<\/p>\n","protected":false},"author":35,"featured_media":0,"parent":90,"menu_order":17,"comment_status":"closed","ping_status":"closed","template":"","meta":{"footnotes":""},"class_list":["post-88","page","type-page","status-publish","hentry"],"_links":{"self":[{"href":"https:\/\/uenf.br\/posgraduacao\/engenharia-exploracao-de-petroleo\/wp-json\/wp\/v2\/pages\/88","targetHints":{"allow":["GET"]}}],"collection":[{"href":"https:\/\/uenf.br\/posgraduacao\/engenharia-exploracao-de-petroleo\/wp-json\/wp\/v2\/pages"}],"about":[{"href":"https:\/\/uenf.br\/posgraduacao\/engenharia-exploracao-de-petroleo\/wp-json\/wp\/v2\/types\/page"}],"author":[{"embeddable":true,"href":"https:\/\/uenf.br\/posgraduacao\/engenharia-exploracao-de-petroleo\/wp-json\/wp\/v2\/users\/35"}],"replies":[{"embeddable":true,"href":"https:\/\/uenf.br\/posgraduacao\/engenharia-exploracao-de-petroleo\/wp-json\/wp\/v2\/comments?post=88"}],"version-history":[{"count":0,"href":"https:\/\/uenf.br\/posgraduacao\/engenharia-exploracao-de-petroleo\/wp-json\/wp\/v2\/pages\/88\/revisions"}],"up":[{"embeddable":true,"href":"https:\/\/uenf.br\/posgraduacao\/engenharia-exploracao-de-petroleo\/wp-json\/wp\/v2\/pages\/90"}],"wp:attachment":[{"href":"https:\/\/uenf.br\/posgraduacao\/engenharia-exploracao-de-petroleo\/wp-json\/wp\/v2\/media?parent=88"}],"curies":[{"name":"wp","href":"https:\/\/api.w.org\/{rel}","templated":true}]}}