{"id":20,"date":"2020-07-02T16:55:36","date_gmt":"2020-07-02T19:55:36","guid":{"rendered":"http:\/\/uenf.br\/posgraduacao\/licenciatura-matematica\/?page_id=20"},"modified":"2020-07-02T17:01:08","modified_gmt":"2020-07-02T20:01:08","slug":"documentos","status":"publish","type":"page","link":"https:\/\/uenf.br\/posgraduacao\/licenciatura-matematica\/documentos\/","title":{"rendered":"Documentos"},"content":{"rendered":"<p><a href=\"https:\/\/uenf.br\/posgraduacao\/licenciatura-matematica\/wp-content\/uploads\/sites\/16\/2020\/07\/ProjetoPedagogico-LicMatematica2009.pdf\" target=\"_blank\" rel=\"noopener noreferrer\">Projeto Pedag\u00f3gico do Curso de Licenciatura em Matem\u00e1tica<\/a><\/p>\n<p><a href=\"https:\/\/uenf.br\/posgraduacao\/licenciatura-matematica\/wp-content\/uploads\/sites\/16\/2020\/07\/MatrizCurricular.pdf\" target=\"_blank\" rel=\"noopener noreferrer\">MATRIZ CURRICULAR DO CURSO DE LICENCIATURA EM MATEM\u00c1TICA (2008)<\/a><\/p>\n","protected":false},"excerpt":{"rendered":"<p>Projeto Pedag\u00f3gico do Curso de Licenciatura em Matem\u00e1tica MATRIZ CURRICULAR DO CURSO DE LICENCIATURA EM MATEM\u00c1TICA (2008)<\/p>\n","protected":false},"author":30,"featured_media":0,"parent":0,"menu_order":10,"comment_status":"closed","ping_status":"closed","template":"","meta":{"footnotes":""},"class_list":["post-20","page","type-page","status-publish","hentry"],"_links":{"self":[{"href":"https:\/\/uenf.br\/posgraduacao\/licenciatura-matematica\/wp-json\/wp\/v2\/pages\/20","targetHints":{"allow":["GET"]}}],"collection":[{"href":"https:\/\/uenf.br\/posgraduacao\/licenciatura-matematica\/wp-json\/wp\/v2\/pages"}],"about":[{"href":"https:\/\/uenf.br\/posgraduacao\/licenciatura-matematica\/wp-json\/wp\/v2\/types\/page"}],"author":[{"embeddable":true,"href":"https:\/\/uenf.br\/posgraduacao\/licenciatura-matematica\/wp-json\/wp\/v2\/users\/30"}],"replies":[{"embeddable":true,"href":"https:\/\/uenf.br\/posgraduacao\/licenciatura-matematica\/wp-json\/wp\/v2\/comments?post=20"}],"version-history":[{"count":0,"href":"https:\/\/uenf.br\/posgraduacao\/licenciatura-matematica\/wp-json\/wp\/v2\/pages\/20\/revisions"}],"wp:attachment":[{"href":"https:\/\/uenf.br\/posgraduacao\/licenciatura-matematica\/wp-json\/wp\/v2\/media?parent=20"}],"curies":[{"name":"wp","href":"https:\/\/api.w.org\/{rel}","templated":true}]}}