{"id":121,"date":"2017-08-29T20:25:03","date_gmt":"2017-08-29T23:25:03","guid":{"rendered":"http:\/\/uenf.br\/posgraduacao\/matematica\/?page_id=121"},"modified":"2017-09-03T17:07:09","modified_gmt":"2017-09-03T20:07:09","slug":"dissertacoes-defendidas-em-2013","status":"publish","type":"page","link":"https:\/\/uenf.br\/posgraduacao\/matematica\/dissertacoes\/dissertacoes-defendidas-em-2013\/","title":{"rendered":"Disserta\u00e7\u00f5es defendidas em 2013"},"content":{"rendered":"<p>&nbsp;<\/p>\n<form>\n<fieldset>\n<legend><a href=\"https:\/\/uenf.br\/posgraduacao\/matematica\/wp-content\/uploads\/sites\/14\/2017\/08\/27082013Thais-Elisa-Barcelos-Abreu.pdf\" target=\"_blank\" rel=\"noopener\">O ENSINO DE MATEM\u00c1TICA PARA ALUNOS\u00a0COM DEFICI\u00caNCIA VISUAL<\/a><\/legend>\n<p style=\"text-align: left\"><strong>Autor: <\/strong><strong>THA\u00cdS ELISA BARCELOS ABREU<\/strong><br \/>\n<strong>Orientador:<\/strong> Prof. Geraldo de Oliveira Filho<br \/>\n<strong>Data da Defesa:<\/strong>\u00a027\/08\/2013<br \/>\n<strong>Situa\u00e7\u00e3o:<\/strong> Conclu\u00edda<\/p>\n<\/fieldset>\n<p>&nbsp;<\/p>\n<p>&nbsp;<\/p>\n<\/form>\n<form>\n<fieldset>\n<legend><a href=\"https:\/\/uenf.br\/posgraduacao\/matematica\/wp-content\/uploads\/sites\/14\/2017\/09\/27082013Ronaldo-Caetano-Barboza.pdf\" target=\"_blank\" rel=\"noopener\">ENSINO DE FUN\u00c7\u00d5ES: UMA DISCUSS\u00c3O SOBRE O\u00a0COMPORTAMENTO VARIACIONAL DE SUAS GRANDEZAS<\/a><\/legend>\n<p style=\"text-align: left\"><strong>Autor: <\/strong><strong>RONALDO CAETANO BARBOZA<\/strong><br \/>\n<strong>Orientador:<\/strong> Prof. Geraldo de Oliveira Filho<br \/>\n<strong>Data da Defesa:<\/strong>\u00a027\/08\/2013<br \/>\n<strong>Situa\u00e7\u00e3o:<\/strong> Conclu\u00edda<\/p>\n<\/fieldset>\n<p>&nbsp;<\/p>\n<p>&nbsp;<\/p>\n<\/form>\n<form>\n<fieldset>\n<legend><a href=\"https:\/\/uenf.br\/posgraduacao\/matematica\/wp-content\/uploads\/sites\/14\/2017\/08\/23082013Jose-Paulo-de-Araujo.pdf\" target=\"_blank\" rel=\"noopener\">PROPOSTA DE ATIVIDADES PARA A INTRODU\u00c7\u00c3O DO\u00a0CONCEITO DE FUN\u00c7\u00c3O NO ENSINO FUNDAMENTAL<\/a><\/legend>\n<p style=\"text-align: left\"><strong>Autor: <\/strong><strong>JOS\u00c9 PAULO DE ARAUJO<\/strong><br \/>\n<strong>Orientador:<\/strong> Prof. Liliana Angelina Le\u00f3n Mescua<br \/>\n<strong>Data da Defesa:<\/strong>\u00a023\/08\/2013<br \/>\n<strong>Situa\u00e7\u00e3o:<\/strong> Conclu\u00edda<\/p>\n<\/fieldset>\n<p>&nbsp;<\/p>\n<p>&nbsp;<\/p>\n<\/form>\n<form>\n<fieldset>\n<legend><a href=\"https:\/\/uenf.br\/posgraduacao\/matematica\/wp-content\/uploads\/sites\/14\/2017\/08\/23082013Julia-Marom-Ramos-da-Costa.pdf\" target=\"_blank\" rel=\"noopener\">O ENSINO DE SEQU\u00caNCIAS E S\u00c9RIES NO ENSINO M\u00c9DIO<\/a><\/legend>\n<p style=\"text-align: left\"><strong>Autor: <\/strong><strong>JULIA MARON RAMOS DA COSTA<\/strong><br \/>\n<strong>Orientador:<\/strong> Prof. Liliana Angelina Le\u00f3n Mescua<br \/>\n<strong>Data da Defesa:<\/strong>\u00a023\/08\/2013<br \/>\n<strong>Situa\u00e7\u00e3o:<\/strong> Conclu\u00edda<\/p>\n<\/fieldset>\n<p>&nbsp;<\/p>\n<p>&nbsp;<\/p>\n<\/form>\n<form>\n<fieldset>\n<legend><a href=\"https:\/\/uenf.br\/posgraduacao\/matematica\/wp-content\/uploads\/sites\/14\/2017\/08\/21082013Marcio-de-Castro-Alhadas.pdf\" target=\"_blank\" rel=\"noopener\">FUN\u00c7\u00d5ES HIPERB\u00d3LICAS NO ENSINO M\u00c9DIO<\/a><\/legend>\n<p style=\"text-align: left\"><strong>Autor: M\u00c1RCIO DE CASTRO ALHADAS<\/strong><br \/>\n<strong>Orientador:<\/strong> Prof. Rigoberto Gregorio Sanabria Castro<br \/>\n<strong>Data da Defesa:<\/strong>\u00a021\/08\/2013<br \/>\n<strong>Situa\u00e7\u00e3o:<\/strong> Conclu\u00edda<\/p>\n<\/fieldset>\n<p>&nbsp;<\/p>\n<p>&nbsp;<\/p>\n<\/form>\n<form>\n<fieldset>\n<legend><a href=\"https:\/\/uenf.br\/posgraduacao\/matematica\/wp-content\/uploads\/sites\/14\/2017\/08\/21082013Fernando-Jose-Martins-da-Rocha.pdf\" target=\"_blank\" rel=\"noopener\">LOGARITMOS E APLICA\u00c7\u00d5ES<\/a><\/legend>\n<p style=\"text-align: left\"><strong>Autor: <\/strong><strong>FERNANDO JOS\u00c9 MARTINS DA ROCHA<\/strong><br \/>\n<strong>Orientador:<\/strong> Prof. Rigoberto Gregorio Sanabria Castro<br \/>\n<strong>Data da Defesa:<\/strong>\u00a021\/08\/2013<br \/>\n<strong>Situa\u00e7\u00e3o:<\/strong> Conclu\u00edda<\/p>\n<\/fieldset>\n<p>&nbsp;<\/p>\n<p>&nbsp;<\/p>\n<\/form>\n<form>\n<fieldset>\n<legend><a href=\"https:\/\/uenf.br\/posgraduacao\/matematica\/wp-content\/uploads\/sites\/14\/2017\/08\/13082013Pedro-Cesar-Gomes-Neto.pdf\" target=\"_blank\" rel=\"noopener\">O GPS COMO FATOR MOTIVACIONAL NO PROCESSO DE\u00a0APRENDIZAGEM<\/a><\/legend>\n<p style=\"text-align: left\"><strong>Autor: PEDRO C\u00c9SAR GOMES NETO<\/strong><br \/>\n<strong>Orientador:<\/strong> Prof. Geraldo de Oliveira Filho<br \/>\n<strong>Data da Defesa:<\/strong>\u00a013\/08\/2013<br \/>\n<strong>Situa\u00e7\u00e3o:<\/strong> Conclu\u00edda<\/p>\n<\/fieldset>\n<p>&nbsp;<\/p>\n<p>&nbsp;<\/p>\n<\/form>\n<form>\n<fieldset>\n<legend><a href=\"https:\/\/uenf.br\/posgraduacao\/matematica\/wp-content\/uploads\/sites\/14\/2017\/08\/12082013Juliana-Santos-Barcellos-Chagas.pdf\" target=\"_blank\" rel=\"noopener\">A RELEV\u00c2NCIA DO ENSINO DE N\u00daMEROS\u00a0COMPLEXOS NO ENSINO M\u00c9DIO NA OPINI\u00c3O\u00a0DOS PROFESSORES DE MATEM\u00c1TICA<\/a><\/legend>\n<p style=\"text-align: left\"><strong>Autor: <\/strong><strong>JULIANA SANTOS BARCELLOS CHAGAS<\/strong><br \/>\n<strong>Orientador:<\/strong> Prof. Oscar Alfredo Paz La Torre<br \/>\n<strong>Data da Defesa:<\/strong> 12\/08\/2013<br \/>\n<strong>Situa\u00e7\u00e3o:<\/strong> Conclu\u00edda<\/p>\n<\/fieldset>\n<p>&nbsp;<\/p>\n<p>&nbsp;<\/p>\n<\/form>\n<form>\n<fieldset>\n<legend><a href=\"https:\/\/uenf.br\/posgraduacao\/matematica\/wp-content\/uploads\/sites\/14\/2017\/08\/12042013Bruno-de-Oliveira-Souza.pdf\" target=\"_blank\" rel=\"noopener\">ENSINANDO MATEM\u00c1TICA COM JOGOS<\/a><\/legend>\n<p style=\"text-align: left\"><strong>Autor: <\/strong><strong>BRUNO DE OLIVEIRA SOUZA<\/strong><br \/>\n<strong>Orientador:<\/strong> Prof. Liliana Angelina Le\u00f3n Mescua<br \/>\n<strong>Data da Defesa:<\/strong> 12\/04\/2013<br \/>\n<strong>Situa\u00e7\u00e3o:<\/strong> Conclu\u00edda<\/p>\n<\/fieldset>\n<p>&nbsp;<\/p>\n<p>&nbsp;<\/p>\n<\/form>\n<form>\n<fieldset>\n<legend><a href=\"https:\/\/uenf.br\/posgraduacao\/matematica\/wp-content\/uploads\/sites\/14\/2017\/08\/11042013Mauricio-de-Oliveira-Horta-Barbosa.pdf\" target=\"_blank\" rel=\"noopener\">O USO DE TRANSFORMA\u00c7\u00d5ES GEOM\u00c9TRICAS EM TEMAS DO ENSINO M\u00c9DIO<\/a><\/legend>\n<p style=\"text-align: left\"><strong>Autor: <\/strong><strong>MAUR\u00cdCIO DE OLIVEIRA HORTA BARBOSA<\/strong><br \/>\n<strong>Orientador:<\/strong> Prof. Liliana Angelina Le\u00f3n Mescua<br \/>\n<strong>Data da Defesa:<\/strong>\u00a011\/04\/2013<br \/>\n<strong>Situa\u00e7\u00e3o:<\/strong> Conclu\u00edda<\/p>\n<\/fieldset>\n<p>&nbsp;<\/p>\n<p>&nbsp;<\/p>\n<\/form>\n<form>\n<fieldset>\n<legend><a href=\"https:\/\/uenf.br\/posgraduacao\/matematica\/wp-content\/uploads\/sites\/14\/2017\/08\/26032013Vandete-Freire-de-Souza.pdf\" target=\"_blank\" rel=\"noopener\">UMA ABORDAGEM AOS N\u00daMEROS RACIONAIS NA\u00a0FORMA DECIMAL: SUAS OPERA\u00c7\u00d5ES,\u00a0REPRESENTA\u00c7\u00d5ES E\u00a0APLICA\u00c7\u00d5ES<\/a><\/legend>\n<p style=\"text-align: left\"><strong>Autor: <\/strong><strong>VANDETE FREIRE DE SOUZA<\/strong><br \/>\n<strong>Orientador:<\/strong> Prof. Oscar Alfredo Paz La Torre<br \/>\n<strong>Data da Defesa:<\/strong>\u00a022\/03\/2013<br \/>\n<strong>Situa\u00e7\u00e3o:<\/strong> Conclu\u00edda<\/p>\n<\/fieldset>\n<p>&nbsp;<\/p>\n<p>&nbsp;<\/p>\n<\/form>\n<form>\n<fieldset>\n<legend><a href=\"https:\/\/uenf.br\/posgraduacao\/matematica\/wp-content\/uploads\/sites\/14\/2017\/08\/22032013Dayse-Maria-Alves-de-Andrade-Ribeiro.pdf\" target=\"_blank\" rel=\"noopener\">UMA ABORDAGEM DID\u00c1TICA PARA FUN\u00c7\u00c3O\u00a0QUADR\u00c1TICA<\/a><\/legend>\n<p style=\"text-align: left\"><strong>Autor: <\/strong><strong>DAYSE MARIA ALVES DE ANDRADE RIBEIRO<\/strong><br \/>\n<strong>Orientador:<\/strong> Prof. Rigoberto Gregorio Sanabria Castro<br \/>\n<strong>Data da Defesa:<\/strong>\u00a022\/03\/2013<br \/>\n<strong>Situa\u00e7\u00e3o:<\/strong> Conclu\u00edda<\/p>\n<\/fieldset>\n<p>&nbsp;<\/p>\n<p>&nbsp;<\/p>\n<\/form>\n<form>\n<fieldset>\n<legend><a href=\"https:\/\/uenf.br\/posgraduacao\/matematica\/wp-content\/uploads\/sites\/14\/2017\/08\/22032013Thiago-Marques-Zanon-Jacomino.pdf\" target=\"_blank\" rel=\"noopener\">FUN\u00c7\u00d5ES RACIONAIS NO ENSINO M\u00c9DIO<\/a><\/legend>\n<p style=\"text-align: left\"><strong>Autor: <\/strong><strong>THIAGO MARQUES ZANON JACOMINI<\/strong><br \/>\n<strong>Orientador:<\/strong> Prof. Rigoberto Gregorio Sanabria Castro<br \/>\n<strong>Data da Defesa:<\/strong>\u00a022\/03\/2013<br \/>\n<strong>Situa\u00e7\u00e3o:<\/strong> Conclu\u00edda<\/p>\n<\/fieldset>\n<p>&nbsp;<\/p>\n<p>&nbsp;<\/p>\n<\/form>\n<form>\n<fieldset>\n<legend><a href=\"https:\/\/uenf.br\/posgraduacao\/matematica\/wp-content\/uploads\/sites\/14\/2017\/08\/19032013Haidee-Fatima-Rodrigues-Marcussi.pdf\" target=\"_blank\" rel=\"noopener\">\u00c1LGEBRA NO ENSINO FUNDAMENTAL<\/a><\/legend>\n<p style=\"text-align: left\"><strong>Autor: <\/strong><strong>HAID\u00c9E DE F\u00c1TIMA RODRIGUES MARCUSSI<\/strong><br \/>\n<strong>Orientador:<\/strong> Prof. Mikhail Petrovich Vishnevski<br \/>\n<strong>Data da Defesa:<\/strong> 19\/03\/2013<br \/>\n<strong>Situa\u00e7\u00e3o:<\/strong> Conclu\u00edda<\/p>\n<\/fieldset>\n<p>&nbsp;<\/p>\n<\/form>\n<form>&nbsp;<\/p>\n<\/form>\n<form>\n<fieldset>\n<legend>\u00a0<a href=\"https:\/\/uenf.br\/posgraduacao\/matematica\/wp-content\/uploads\/sites\/14\/2017\/08\/19032013Cynthia-Sodre-Alexandre.pdf\" target=\"_blank\" rel=\"noopener\">DESENHO GEOM\u00c9TRICO &#8211; UMA FERRAMENTA PARA\u00a0AUXILIAR O ENSINO DA GEOMETRIA<\/a><\/legend>\n<p style=\"text-align: left\"><strong>Autor: <\/strong><strong>CYNTHIA SODR\u00c9 ALEXANDRE<\/strong><br \/>\n<strong>Orientador:<\/strong> Prof. Mikhail Petrovich Vishnevski<br \/>\n<strong>Data da Defesa:<\/strong> 19\/03\/2013<br \/>\n<strong>Situa\u00e7\u00e3o:<\/strong> Conclu\u00edda<\/p>\n<\/fieldset>\n<p>&nbsp;<\/p>\n<\/form>\n<form>&nbsp;<\/p>\n<\/form>\n<form>\n<fieldset>\n<legend><a href=\"https:\/\/uenf.br\/posgraduacao\/matematica\/wp-content\/uploads\/sites\/14\/2017\/08\/12032013Mylane-dos-Santos-Barreto.pdf\" target=\"_blank\" rel=\"noopener\">EDUCA\u00c7\u00c3O INCLUSIVA-UM ESTUDO DE CASO NA CONSTRU\u00c7\u00c3O DO CONCEITO DE FUN\u00c7\u00c3O POLINOMIAL DO <span class=\"color_25\">1\u00ba<\/span>\u00a0GRAU POR ALUNOS CEGOS UTILIZANDO MATERIAL ADAPTADO<\/a><\/legend>\n<p style=\"text-align: left\"><strong>Autor: <\/strong><strong>MYLANE DOS SANTOS BARRETO<\/strong><br \/>\n<strong>Orientador:<\/strong> Prof. Geraldo de Oliveira Filho<br \/>\n<strong>Data da Defesa:<\/strong>\u00a012\/03\/2013<br \/>\n<strong>Situa\u00e7\u00e3o:<\/strong> Conclu\u00edda<\/p>\n<\/fieldset>\n<p class=\"font_8\">\n<\/form>\n","protected":false},"excerpt":{"rendered":"<p>&nbsp; O ENSINO DE MATEM\u00c1TICA PARA ALUNOS\u00a0COM DEFICI\u00caNCIA VISUAL Autor: THA\u00cdS ELISA BARCELOS ABREU Orientador: Prof. Geraldo de Oliveira Filho&#8230;<\/p>\n","protected":false},"author":30,"featured_media":0,"parent":25,"menu_order":48,"comment_status":"closed","ping_status":"closed","template":"","meta":{"footnotes":""},"class_list":["post-121","page","type-page","status-publish","hentry"],"_links":{"self":[{"href":"https:\/\/uenf.br\/posgraduacao\/matematica\/wp-json\/wp\/v2\/pages\/121","targetHints":{"allow":["GET"]}}],"collection":[{"href":"https:\/\/uenf.br\/posgraduacao\/matematica\/wp-json\/wp\/v2\/pages"}],"about":[{"href":"https:\/\/uenf.br\/posgraduacao\/matematica\/wp-json\/wp\/v2\/types\/page"}],"author":[{"embeddable":true,"href":"https:\/\/uenf.br\/posgraduacao\/matematica\/wp-json\/wp\/v2\/users\/30"}],"replies":[{"embeddable":true,"href":"https:\/\/uenf.br\/posgraduacao\/matematica\/wp-json\/wp\/v2\/comments?post=121"}],"version-history":[{"count":0,"href":"https:\/\/uenf.br\/posgraduacao\/matematica\/wp-json\/wp\/v2\/pages\/121\/revisions"}],"up":[{"embeddable":true,"href":"https:\/\/uenf.br\/posgraduacao\/matematica\/wp-json\/wp\/v2\/pages\/25"}],"wp:attachment":[{"href":"https:\/\/uenf.br\/posgraduacao\/matematica\/wp-json\/wp\/v2\/media?parent=121"}],"curies":[{"name":"wp","href":"https:\/\/api.w.org\/{rel}","templated":true}]}}