{"id":364,"date":"2017-09-12T09:34:10","date_gmt":"2017-09-12T12:34:10","guid":{"rendered":"http:\/\/uenf.br\/posgraduacao\/matematica\/?page_id=364"},"modified":"2018-01-25T14:46:46","modified_gmt":"2018-01-25T16:46:46","slug":"normas-regimentos-e-resolucoes","status":"publish","type":"page","link":"https:\/\/uenf.br\/posgraduacao\/matematica\/normas-regimentos-e-resolucoes\/","title":{"rendered":"Normas, Regimentos e Resolu\u00e7\u00f5es"},"content":{"rendered":"<h4><\/h4>\n<p><a href=\"https:\/\/uenf.br\/posgraduacao\/matematica\/wp-content\/uploads\/sites\/14\/2017\/09\/regimentoUENF2011.pdf\" target=\"_blank\" rel=\"noopener\"><strong>Regimento Geral de P\u00f3s-Gradua\u00e7\u00e3o-Stricto Sensu<\/strong><\/a><strong>\u00a0<\/strong>da Universidade Estadual do Norte Fluminense Darcy Ribeiro.<\/p>\n<h4>Regimentos do PROFMAT<\/h4>\n<p><a href=\"https:\/\/uenf.br\/posgraduacao\/matematica\/wp-content\/uploads\/sites\/14\/2017\/09\/Regimento_PROFMAT_2014.pdf\" target=\"_blank\" rel=\"noopener\">Regimento_PROFMAT<\/a>, 07 de abril de 2014<\/p>\n<p><a href=\"https:\/\/uenf.br\/posgraduacao\/matematica\/wp-content\/uploads\/sites\/14\/2017\/09\/Regimento_PROFMAT_2015.pdf\" target=\"_blank\" rel=\"noopener\">Regimento_PROFMAT<\/a>, 23 de novembro de 2015<\/p>\n<p><a href=\"https:\/\/uenf.br\/posgraduacao\/matematica\/wp-content\/uploads\/sites\/14\/2017\/09\/Regimento_PROFMAT_2016.pdf\" target=\"_blank\" rel=\"noopener\">Regimento_PROFMAT<\/a>, 11 de julho de 2016<\/p>\n<p><a href=\"https:\/\/uenf.br\/posgraduacao\/matematica\/wp-content\/uploads\/sites\/14\/2017\/09\/Regimento_PROFMAT_2017.pdf\" target=\"_blank\" rel=\"noopener\">Regimento_PROFMAT<\/a>, 21 de novembro de 2016<\/p>\n<h4>Regimento <a href=\"https:\/\/uenf.br\/posgraduacao\/matematica\/wp-content\/uploads\/sites\/14\/2018\/01\/regimento2017v2.pdf\" target=\"_blank\" rel=\"noopener\">PROFMAT-UENF<\/a><\/h4>\n<p>aprovada pela CPPG em 29 de novembro de 2017<\/p>\n<h4>Crit\u00e9rios de desempate nos processos de Sele\u00e7\u00e3o<\/h4>\n<p><a href=\"https:\/\/uenf.br\/posgraduacao\/matematica\/wp-content\/uploads\/sites\/14\/2017\/09\/Resolucao-001.pdf\" target=\"_blank\" rel=\"noopener\">Resolucao 001<\/a>\u00a0para o ENA 2016<\/p>\n<p><a href=\"https:\/\/uenf.br\/posgraduacao\/matematica\/wp-content\/uploads\/sites\/14\/2017\/09\/Resolucao-002.pdf\" target=\"_blank\" rel=\"noopener\">Resolucao 002<\/a>\u00a0para o ENA 2017<\/p>\n<p>&nbsp;<\/p>\n<p>&nbsp;<\/p>\n<p>&nbsp;<\/p>\n","protected":false},"excerpt":{"rendered":"<p>Regimento Geral de P\u00f3s-Gradua\u00e7\u00e3o-Stricto Sensu\u00a0da Universidade Estadual do Norte Fluminense Darcy Ribeiro. Regimentos do PROFMAT Regimento_PROFMAT, 07 de abril de&#8230;<\/p>\n","protected":false},"author":30,"featured_media":0,"parent":0,"menu_order":14,"comment_status":"closed","ping_status":"closed","template":"","meta":{"footnotes":""},"class_list":["post-364","page","type-page","status-publish","hentry"],"_links":{"self":[{"href":"https:\/\/uenf.br\/posgraduacao\/matematica\/wp-json\/wp\/v2\/pages\/364","targetHints":{"allow":["GET"]}}],"collection":[{"href":"https:\/\/uenf.br\/posgraduacao\/matematica\/wp-json\/wp\/v2\/pages"}],"about":[{"href":"https:\/\/uenf.br\/posgraduacao\/matematica\/wp-json\/wp\/v2\/types\/page"}],"author":[{"embeddable":true,"href":"https:\/\/uenf.br\/posgraduacao\/matematica\/wp-json\/wp\/v2\/users\/30"}],"replies":[{"embeddable":true,"href":"https:\/\/uenf.br\/posgraduacao\/matematica\/wp-json\/wp\/v2\/comments?post=364"}],"version-history":[{"count":0,"href":"https:\/\/uenf.br\/posgraduacao\/matematica\/wp-json\/wp\/v2\/pages\/364\/revisions"}],"wp:attachment":[{"href":"https:\/\/uenf.br\/posgraduacao\/matematica\/wp-json\/wp\/v2\/media?parent=364"}],"curies":[{"name":"wp","href":"https:\/\/api.w.org\/{rel}","templated":true}]}}