{"id":54,"date":"2017-08-28T10:34:51","date_gmt":"2017-08-28T13:34:51","guid":{"rendered":"http:\/\/uenf.br\/posgraduacao\/matematica\/?page_id=54"},"modified":"2019-02-01T14:14:44","modified_gmt":"2019-02-01T16:14:44","slug":"funcionamento","status":"publish","type":"page","link":"https:\/\/uenf.br\/posgraduacao\/matematica\/funcionamento\/","title":{"rendered":"Funcionamento"},"content":{"rendered":"<p>O Mestrado Profissional em Matem\u00e1tica na UENF prev\u00ea 782 (setecentos e oitenta e dois) horas de atividades did\u00e1ticas, correspondentes a 38 (trinta e oito) cr\u00e9ditos, sendo 28 cr\u00e9ditos de disciplinas obrigat\u00f3rias, 8 cr\u00e9ditos de disciplinas eletivas, 2 cr\u00e9ditos de Semin\u00e1rios e o Trabalho de Conclus\u00e3o de Curso.<\/p>\n<p>As disciplinas nos per\u00edodos de Ver\u00e3o, que acontecem durante os meses de janeiro e fevereiro de cada ano, ministradas em regime presencial como disciplina por m\u00f3dulo no segundo per\u00edodo letivo de cada ano. As demais disciplinas podem ser presenciais ou semipresenciais.<\/p>\n<p>&nbsp;<\/p>\n<h3 style=\"text-align: center\">Estrutura Curricular integralizada \u00e0 UENF<\/h3>\n<p>&nbsp;<\/p>\n<table border=\"2\">\n<tbody>\n<tr>\n<td bgcolor=\"#6495ED\">\u00a0 \u00a0 \u00a0 \u00a0 \u00a0 <strong>Ver\u00e3o<\/strong><\/td>\n<td bgcolor=\"#6495ED\"><strong>\u00a0 \u00a0 \u00a01\u00ba Per\u00edodo<\/strong><\/td>\n<td bgcolor=\"#6495ED\">\u00a0 \u00a0 \u00a0 \u00a0<strong>2\u00ba Per\u00edodo<\/strong><\/td>\n<\/tr>\n<tr>\n<td><\/td>\n<td bgcolor=\"#FAFAD2\">MAT 1711\u2013N\u00fameros, Conjuntos e Fun\u00e7\u00f5es Elementares<\/p>\n<p>MAT 1712\u2013Matem\u00e1tica Discreta<\/td>\n<td bgcolor=\"#FAFAD2\">MAT 1713\u2013Geometria<\/p>\n<p>MAT 1714\u2013Aritm\u00e9tica<\/td>\n<\/tr>\n<tr>\n<td bgcolor=\"#FAFAD2\">MAT 1721 Resolu\u00e7\u00e3o de Problemas<\/td>\n<td bgcolor=\"#FAFAD2\">MAT 1723\u2013Fundamentos de C\u00e1lculo<\/p>\n<p>MAT 1701 \u2013 Semin\u00e1rio I<\/p>\n<p>MAT 173X\u2013Eletiva I<\/td>\n<td bgcolor=\"#FAFAD2\">MAT 1722\u2013Geometria Anal\u00edtica<\/p>\n<p>MAT 1702 \u2013 Semin\u00e1rio II<\/p>\n<p>MAT 173X\u2013Eletiva II<\/td>\n<\/tr>\n<tr>\n<td bgcolor=\"#FAFAD2\">MAT 1724\u2013Trabalho de Conclus\u00e3o de Curso<\/td>\n<td><\/td>\n<td><\/td>\n<\/tr>\n<\/tbody>\n<\/table>\n<h4><strong>Programa\u00e7\u00e3o Acad\u00eamica 2019<\/strong><\/h4>\n<p>O\u00a0Calend\u00e1rio Acad\u00eamico para o ano 2019, aprovada pela CPPG em 30\/01\/2019, se encontra <a href=\"https:\/\/uenf.br\/posgraduacao\/matematica\/wp-content\/uploads\/sites\/14\/2019\/02\/calendario-2019-profmat.pdf\" target=\"_blank\" rel=\"noopener\">aqui<\/a>.<\/p>\n<h4><a href=\"https:\/\/uenf.br\/posgraduacao\/matematica\/funcionamento\/sem\/\"><strong>Sele\u00e7\u00e3o e Matr\u00edcula<\/strong><\/a><\/h4>\n<h4><a href=\"https:\/\/uenf.br\/posgraduacao\/matematica\/funcionamento\/disciplinas\/\"><strong>Disciplinas<\/strong><\/a><\/h4>\n<h4><a href=\"https:\/\/uenf.br\/posgraduacao\/matematica\/funcionamento\/exame-de-qualificacao\/\"><strong>Exame de Qualifica\u00e7\u00e3o<\/strong><\/a><\/h4>\n<h4><a href=\"https:\/\/uenf.br\/posgraduacao\/matematica\/funcionamento\/exame-de-proficiencia-em-ingles\/\"><strong>Exame de Profici\u00eancia em Ingl\u00eas<\/strong><\/a><\/h4>\n","protected":false},"excerpt":{"rendered":"<p>O Mestrado Profissional em Matem\u00e1tica na UENF prev\u00ea 782 (setecentos e oitenta e dois) horas de atividades did\u00e1ticas, correspondentes a&#8230;<\/p>\n","protected":false},"author":30,"featured_media":0,"parent":0,"menu_order":12,"comment_status":"closed","ping_status":"closed","template":"","meta":{"footnotes":""},"class_list":["post-54","page","type-page","status-publish","hentry"],"_links":{"self":[{"href":"https:\/\/uenf.br\/posgraduacao\/matematica\/wp-json\/wp\/v2\/pages\/54","targetHints":{"allow":["GET"]}}],"collection":[{"href":"https:\/\/uenf.br\/posgraduacao\/matematica\/wp-json\/wp\/v2\/pages"}],"about":[{"href":"https:\/\/uenf.br\/posgraduacao\/matematica\/wp-json\/wp\/v2\/types\/page"}],"author":[{"embeddable":true,"href":"https:\/\/uenf.br\/posgraduacao\/matematica\/wp-json\/wp\/v2\/users\/30"}],"replies":[{"embeddable":true,"href":"https:\/\/uenf.br\/posgraduacao\/matematica\/wp-json\/wp\/v2\/comments?post=54"}],"version-history":[{"count":0,"href":"https:\/\/uenf.br\/posgraduacao\/matematica\/wp-json\/wp\/v2\/pages\/54\/revisions"}],"wp:attachment":[{"href":"https:\/\/uenf.br\/posgraduacao\/matematica\/wp-json\/wp\/v2\/media?parent=54"}],"curies":[{"name":"wp","href":"https:\/\/api.w.org\/{rel}","templated":true}]}}