{"id":59,"date":"2017-08-28T11:18:18","date_gmt":"2017-08-28T14:18:18","guid":{"rendered":"http:\/\/uenf.br\/posgraduacao\/matematica\/?page_id=59"},"modified":"2017-09-05T09:41:20","modified_gmt":"2017-09-05T12:41:20","slug":"exame-de-qualificacao","status":"publish","type":"page","link":"https:\/\/uenf.br\/posgraduacao\/matematica\/funcionamento\/exame-de-qualificacao\/","title":{"rendered":"Exame de Qualifica\u00e7\u00e3o"},"content":{"rendered":"<p class=\"font_8\"><span class=\"color_25\">O Exame Nacional de Qualifica\u00e7\u00e3o (ENQ) consiste numa \u00fanica avalia\u00e7\u00e3o escrita, ofertada duas vezes por ano, versando sobre quest\u00f5es discursivas envolvendo os conte\u00fados das disciplinas MAT 1711, MAT 1712, MAT 1713 e MAT 1714 e elaborada pela Comiss\u00e3o Nacional de Avalia\u00e7\u00e3o dos Discentes.<\/span><\/p>\n<p class=\"font_8\"><span class=\"color_25\">O discente deve, obrigatoriamente, realizar o ENQ imediatamente ap\u00f3s ter sido aprovado nas quatro disciplinas supramencionadas e disp\u00f5e de duas \u00fanicas oportunidades consecutivas para obter aprova\u00e7\u00e3o no ENQ.<\/span><\/p>\n<p>As normas da realiza\u00e7\u00e3o de cada ENQ s\u00e3o divulgadas no site do PROFMAT e s\u00e3o de responsabilidade da Comiss\u00e3o Acad\u00eamica Nacional. A reprova\u00e7\u00e3o nas duas chances implica no desligamento autom\u00e1tico do aluno no PROFMAT e no Programa.<\/p>\n<p class=\"font_8\"><span class=\"color_25\"><a href=\"http:\/\/www.profmat-sbm.org.br\/memoria\/exames\" target=\"_blank\" rel=\"noopener\">Aqui\u00a0<\/a>voc\u00ea encontra Exames antigos.<\/span><\/p>\n","protected":false},"excerpt":{"rendered":"<p>O Exame Nacional de Qualifica\u00e7\u00e3o (ENQ) consiste numa \u00fanica avalia\u00e7\u00e3o escrita, ofertada duas vezes por ano, versando sobre quest\u00f5es discursivas&#8230;<\/p>\n","protected":false},"author":30,"featured_media":0,"parent":54,"menu_order":6,"comment_status":"closed","ping_status":"closed","template":"","meta":{"footnotes":""},"class_list":["post-59","page","type-page","status-publish","hentry"],"_links":{"self":[{"href":"https:\/\/uenf.br\/posgraduacao\/matematica\/wp-json\/wp\/v2\/pages\/59","targetHints":{"allow":["GET"]}}],"collection":[{"href":"https:\/\/uenf.br\/posgraduacao\/matematica\/wp-json\/wp\/v2\/pages"}],"about":[{"href":"https:\/\/uenf.br\/posgraduacao\/matematica\/wp-json\/wp\/v2\/types\/page"}],"author":[{"embeddable":true,"href":"https:\/\/uenf.br\/posgraduacao\/matematica\/wp-json\/wp\/v2\/users\/30"}],"replies":[{"embeddable":true,"href":"https:\/\/uenf.br\/posgraduacao\/matematica\/wp-json\/wp\/v2\/comments?post=59"}],"version-history":[{"count":0,"href":"https:\/\/uenf.br\/posgraduacao\/matematica\/wp-json\/wp\/v2\/pages\/59\/revisions"}],"up":[{"embeddable":true,"href":"https:\/\/uenf.br\/posgraduacao\/matematica\/wp-json\/wp\/v2\/pages\/54"}],"wp:attachment":[{"href":"https:\/\/uenf.br\/posgraduacao\/matematica\/wp-json\/wp\/v2\/media?parent=59"}],"curies":[{"name":"wp","href":"https:\/\/api.w.org\/{rel}","templated":true}]}}