{"id":121,"date":"2024-04-20T16:09:44","date_gmt":"2024-04-20T19:09:44","guid":{"rendered":"https:\/\/uenf.br\/posgraduacao\/medicina-veterinaria\/?page_id=121"},"modified":"2026-03-06T16:15:45","modified_gmt":"2026-03-06T19:15:45","slug":"processo-seletivo__trashed","status":"publish","type":"page","link":"https:\/\/uenf.br\/posgraduacao\/medicina-veterinaria\/processo-seletivo__trashed\/","title":{"rendered":"Processo Seletivo &#8211; Mestrado Medicina Veterin\u00e1ria PGMV\/UENF"},"content":{"rendered":"\n<h2 class=\"wp-block-heading has-text-color has-link-color wp-elements-ab5cc9b8b66e542f55a77bb481d361c0\" style=\"color:#3d5da2\"><span style=\"color: #2871b5\"><img loading=\"lazy\" decoding=\"async\" class=\" wp-image-2000 alignleft\" src=\"http:\/\/uenf.br\/posgraduacao\/medicina-veterinaria\/wp-content\/uploads\/sites\/19\/2025\/10\/mestrado-212x300.png\" alt=\"mestrado\" width=\"230\" height=\"325\" srcset=\"https:\/\/uenf.br\/posgraduacao\/medicina-veterinaria\/wp-content\/uploads\/sites\/19\/2025\/10\/mestrado-212x300.png 212w, https:\/\/uenf.br\/posgraduacao\/medicina-veterinaria\/wp-content\/uploads\/sites\/19\/2025\/10\/mestrado-724x1024.png 724w, https:\/\/uenf.br\/posgraduacao\/medicina-veterinaria\/wp-content\/uploads\/sites\/19\/2025\/10\/mestrado-768x1086.png 768w, https:\/\/uenf.br\/posgraduacao\/medicina-veterinaria\/wp-content\/uploads\/sites\/19\/2025\/10\/mestrado-1086x1536.png 1086w, https:\/\/uenf.br\/posgraduacao\/medicina-veterinaria\/wp-content\/uploads\/sites\/19\/2025\/10\/mestrado-1448x2048.png 1448w, https:\/\/uenf.br\/posgraduacao\/medicina-veterinaria\/wp-content\/uploads\/sites\/19\/2025\/10\/mestrado-1200x1698.png 1200w, https:\/\/uenf.br\/posgraduacao\/medicina-veterinaria\/wp-content\/uploads\/sites\/19\/2025\/10\/mestrado-320x453.png 320w, https:\/\/uenf.br\/posgraduacao\/medicina-veterinaria\/wp-content\/uploads\/sites\/19\/2025\/10\/mestrado.png 1587w\" sizes=\"auto, (max-width: 230px) 100vw, 230px\" \/>Sele\u00e7\u00e3o PGMV <\/span>&#8211; <a href=\"http:\/\/uenf.br\/posgraduacao\/medicina-veterinaria\/wp-content\/uploads\/sites\/19\/2025\/10\/edital-pgmv-2026.1.pdf\" target=\"_blank\" rel=\"noopener\">Edital 2026.1<\/a><\/h2>\n\n\n\n<p class=\"has-text-align-left has-medium-font-size\">O Programa de P\u00f3s-Gradua\u00e7\u00e3o em Medicina Veterin\u00e1ria (PGMV\/UENF) divulga o <a href=\"https:\/\/uenf.br\/posgraduacao\/medicina-veterinaria\/wp-content\/uploads\/sites\/19\/2025\/10\/edital-pgmv-2026.1.pdf\" target=\"_blank\" rel=\"noreferrer noopener\">Edital 2026.1 <\/a>do Processo Seletivo para o curso de Mestrado, com in\u00edcio previsto para o primeiro semestre de 2026.<\/p>\n\n\n\n<hr class=\"wp-block-separator has-alpha-channel-opacity\" \/>\n\n\n\n<p>&nbsp;<\/p>\n\n\n\n<h2 class=\"wp-block-heading has-text-color has-link-color wp-elements-96d9efc40df6b4f0bb645ca7d97262e3\" style=\"color:#3d5da2\"><span style=\"color: #2871b5\">Sele\u00e7\u00e3o PGMV &#8211;<\/span> <a href=\"http:\/\/uenf.br\/posgraduacao\/medicina-veterinaria\/wp-content\/uploads\/sites\/19\/2025\/04\/Edital-PPGMV-2025.2.pdf\" target=\"_blank\" rel=\"noopener\">Edital 2025.2<\/a><\/h2>\n\n\n\n<p><a href=\"https:\/\/uenf.br\/posgraduacao\/medicina-veterinaria\/processo-seletivo\/processo-seletivo-2025-2\/homologacao-preliminar-de-inscricoes-2\/\">Homologa\u00e7\u00e3o Preliminar de Inscri\u00e7\u00f5es \u2013 Processo Seletivo \u2013 Edital 2025.2<\/a><\/p>\n\n\n\n<p><a href=\"https:\/\/uenf.br\/posgraduacao\/medicina-veterinaria\/processo-seletivo\/processo-seletivo-2025-2\/homologacao-final-das-inscricoes-edital-2025-2-04-06-2025\/\">Inscri\u00e7\u00f5es Homologadas e Data das Entrevistas \u2013 Edital 2025.2<\/a><\/p>\n\n\n\n<p><a href=\"https:\/\/uenf.br\/posgraduacao\/medicina-veterinaria\/processo-seletivo\/resultado-processo-seletivo-edital-2025-2\/\">Resultado Processo Seletivo \u2013 Edital 2025.2<\/a><\/p>\n\n\n\n<p>&nbsp;<\/p>\n\n\n\n<hr class=\"wp-block-separator has-alpha-channel-opacity\" \/>\n\n\n\n<h2 class=\"wp-block-heading has-text-color has-link-color wp-elements-fafe631d955f9173456d76ea82b2658a\" style=\"color:#3d5da2\"><span style=\"color: #2871b5\">Sele\u00e7\u00e3o PGMV <\/span>&#8211; <a href=\"https:\/\/uenf.br\/posgraduacao\/medicina-veterinaria\/processo-seletivo\/edital-2025-1\/\" target=\"_blank\" rel=\"noopener\">Edital 2025.1<\/a><\/h2>\n\n\n\n<p><a href=\"http:\/\/uenf.br\/posgraduacao\/medicina-veterinaria\/wp-content\/uploads\/sites\/19\/2025\/03\/Informacoes-Selecao-Alunos-Especiais-2025.1.pdf\" target=\"_blank\" rel=\"noopener\">Informa\u00e7\u00f5es Sele\u00e7\u00e3o \/ Estudantes Especiais 2025.1<\/a><\/p>\n\n\n\n<p><a href=\"https:\/\/uenf.br\/posgraduacao\/medicina-veterinaria\/processo-seletivo\/inscricao-processo-seletivo-como-estudante-especial-2025-1\/\">Inscri\u00e7\u00e3o nas Disciplinas do PGMV como Estudante Especial 2025.1<\/a><\/p>\n\n\n\n<p><a href=\"https:\/\/uenf.br\/posgraduacao\/medicina-veterinaria\/processo-seletivo\/resultado-processo-seletivo-estudante-especial-programa-de-pos-graduacao-em-medicina-veterinaria-2025-1\/\" target=\"_blank\" rel=\"noopener\">Resultado do Processo Seletivo Estudante Especial<\/a><\/p>\n\n\n\n<p>&nbsp;<\/p>\n\n\n\n<hr class=\"wp-block-separator has-alpha-channel-opacity\" \/>\n\n\n\n<h2 class=\"wp-block-heading has-text-color has-link-color wp-elements-d7479f52931c6ef8cfc8c1e9397e3d6d\" style=\"color:#3d5da2\"><span style=\"color: #2871b5\">Sele\u00e7\u00e3o PGMV <\/span>&#8211; <a href=\"https:\/\/uenf.br\/posgraduacao\/medicina-veterinaria\/processo-seletivo\/edital-2024-1\/\" target=\"_blank\" rel=\"noopener\">Edital 2024.1<\/a><\/h2>\n\n\n\n<p>&nbsp;<\/p>\n\n\n\n<p>&nbsp;<\/p>\n\n\n\n<p>&nbsp;<\/p>\n\n\n\n<p>&nbsp;<\/p>\n","protected":false},"excerpt":{"rendered":"<p>Sele\u00e7\u00e3o PGMV &#8211; Edital 2026.1 O Programa de P\u00f3s-Gradua\u00e7\u00e3o em Medicina Veterin\u00e1ria (PGMV\/UENF) divulga o Edital 2026.1 do Processo Seletivo&#8230;<\/p>\n","protected":false},"author":45,"featured_media":0,"parent":0,"menu_order":3,"comment_status":"closed","ping_status":"closed","template":"","meta":{"_seopress_robots_primary_cat":"","_seopress_titles_title":"","_seopress_titles_desc":"Edital 2026.1 do PGMV\/UENF: inscri\u00e7\u00f5es abertas para o Mestrado em Medicina Veterin\u00e1ria. Confira requisitos, prazos e etapas do processo seletivo.","_seopress_robots_index":"","footnotes":""},"class_list":["post-121","page","type-page","status-publish"],"_links":{"self":[{"href":"https:\/\/uenf.br\/posgraduacao\/medicina-veterinaria\/wp-json\/wp\/v2\/pages\/121","targetHints":{"allow":["GET"]}}],"collection":[{"href":"https:\/\/uenf.br\/posgraduacao\/medicina-veterinaria\/wp-json\/wp\/v2\/pages"}],"about":[{"href":"https:\/\/uenf.br\/posgraduacao\/medicina-veterinaria\/wp-json\/wp\/v2\/types\/page"}],"author":[{"embeddable":true,"href":"https:\/\/uenf.br\/posgraduacao\/medicina-veterinaria\/wp-json\/wp\/v2\/users\/45"}],"replies":[{"embeddable":true,"href":"https:\/\/uenf.br\/posgraduacao\/medicina-veterinaria\/wp-json\/wp\/v2\/comments?post=121"}],"version-history":[{"count":0,"href":"https:\/\/uenf.br\/posgraduacao\/medicina-veterinaria\/wp-json\/wp\/v2\/pages\/121\/revisions"}],"wp:attachment":[{"href":"https:\/\/uenf.br\/posgraduacao\/medicina-veterinaria\/wp-json\/wp\/v2\/media?parent=121"}],"curies":[{"name":"wp","href":"https:\/\/api.w.org\/{rel}","templated":true}]}}