{"id":1285,"date":"2025-06-11T15:34:47","date_gmt":"2025-06-11T18:34:47","guid":{"rendered":"https:\/\/uenf.br\/posgraduacao\/medicina-veterinaria\/?page_id=1285"},"modified":"2025-09-18T15:08:37","modified_gmt":"2025-09-18T18:08:37","slug":"ficha-de-avaliacao-programas-academicos-medicina-veterinaria","status":"publish","type":"page","link":"https:\/\/uenf.br\/posgraduacao\/medicina-veterinaria\/normas\/ficha-de-avaliacao-programas-academicos-medicina-veterinaria\/","title":{"rendered":"Ficha de Avalia\u00e7\u00e3o \u2013 Programas Acad\u00eamicos"},"content":{"rendered":"<p><a href=\"http:\/\/uenf.br\/posgraduacao\/medicina-veterinaria\/wp-content\/uploads\/sites\/19\/2025\/06\/Ficha-de-Avaliacao-Academica-Profissional.pdf\" target=\"_blank\" rel=\"noopener\">Ficha de Avalia\u00e7\u00e3o Programas Acad\u00eamicos e Profissionais- Medicina Veterin\u00e1ria 2025 &#8211; 2028<\/a><\/p>\n<p>Diretrizes e procedimentos comuns para a avalia\u00e7\u00e3o da p\u00f3s-gradua\u00e7\u00e3o <em>stricto sensu.<\/em><\/p>\n","protected":false},"excerpt":{"rendered":"<p>Ficha de Avalia\u00e7\u00e3o Programas Acad\u00eamicos e Profissionais- Medicina Veterin\u00e1ria 2025 &#8211; 2028 Diretrizes e procedimentos comuns para a avalia\u00e7\u00e3o da&#8230;<\/p>\n","protected":false},"author":61,"featured_media":0,"parent":1464,"menu_order":12,"comment_status":"closed","ping_status":"closed","template":"","meta":{"_seopress_robots_primary_cat":"","_seopress_titles_title":"","_seopress_titles_desc":"","_seopress_robots_index":"","footnotes":""},"class_list":["post-1285","page","type-page","status-publish"],"_links":{"self":[{"href":"https:\/\/uenf.br\/posgraduacao\/medicina-veterinaria\/wp-json\/wp\/v2\/pages\/1285","targetHints":{"allow":["GET"]}}],"collection":[{"href":"https:\/\/uenf.br\/posgraduacao\/medicina-veterinaria\/wp-json\/wp\/v2\/pages"}],"about":[{"href":"https:\/\/uenf.br\/posgraduacao\/medicina-veterinaria\/wp-json\/wp\/v2\/types\/page"}],"author":[{"embeddable":true,"href":"https:\/\/uenf.br\/posgraduacao\/medicina-veterinaria\/wp-json\/wp\/v2\/users\/61"}],"replies":[{"embeddable":true,"href":"https:\/\/uenf.br\/posgraduacao\/medicina-veterinaria\/wp-json\/wp\/v2\/comments?post=1285"}],"version-history":[{"count":0,"href":"https:\/\/uenf.br\/posgraduacao\/medicina-veterinaria\/wp-json\/wp\/v2\/pages\/1285\/revisions"}],"up":[{"embeddable":true,"href":"https:\/\/uenf.br\/posgraduacao\/medicina-veterinaria\/wp-json\/wp\/v2\/pages\/1464"}],"wp:attachment":[{"href":"https:\/\/uenf.br\/posgraduacao\/medicina-veterinaria\/wp-json\/wp\/v2\/media?parent=1285"}],"curies":[{"name":"wp","href":"https:\/\/api.w.org\/{rel}","templated":true}]}}