{"id":349,"date":"2025-01-14T10:41:22","date_gmt":"2025-01-14T13:41:22","guid":{"rendered":"https:\/\/uenf.br\/posgraduacao\/medicina-veterinaria\/?page_id=349"},"modified":"2025-10-15T09:44:02","modified_gmt":"2025-10-15T12:44:02","slug":"349-2","status":"publish","type":"page","link":"https:\/\/uenf.br\/posgraduacao\/medicina-veterinaria\/349-2\/","title":{"rendered":"Corpo Docente PGMV"},"content":{"rendered":"<h3 style=\"text-align: center\"><span style=\"color: #2e58a6\">\u00c1rea de Concentra\u00e7\u00e3o Medicina Veterin\u00e1ria<\/span><\/h3>\n<h4><span style=\"color: #2e58a6\">Linha de Pesquisa &#8211; &#8220;Produ\u00e7\u00e3o e Reprodu\u00e7\u00e3o Animal&#8221;<\/span><\/h4>\n<ul>\n<li><a href=\"http:\/\/lattes.cnpq.br\/9765923327693409\">Angelo Jos\u00e9 Burla Dias<\/a> &#8211;\u00a0<a href=\"mailto:angeloburlauenf@gmail.com\">angeloburlauenf@gmaCil.com\u00a0<\/a><\/li>\n<li><a href=\"http:\/\/lattes.cnpq.br\/2171851706040729\">Celia Raquel Quirino<\/a> &#8211; <a href=\"mailto:crq@uenf.br\">crq@uenf.br\u00a0<\/a><\/li>\n<li><a href=\"http:\/\/lattes.cnpq.br\/3961597070150740\">Isabel Candia Nunes da Cunha<\/a> &#8211; <a href=\"mailto:cunhaicn@uenf.br\">cunhaicn@uenf.br\u00a0<\/a><\/li>\n<li><a href=\"http:\/\/lattes.cnpq.br\/0139671706722810\">Karoll Andrea Alfonso Torres-Cordido<\/a> &#8211;\u00a0<a href=\"mailto:karoll@uenf.br\">karoll@uenf.br\u00a0<\/a><\/li>\n<li><a href=\"http:\/\/lattes.cnpq.br\/9488133154533517\">Luis Fonseca Matos<\/a> &#8211; <a href=\"mailto:lmatos@uenf.br\">lmatos@uenf.br\u00a0<\/a><\/li>\n<li><a href=\"http:\/\/lattes.cnpq.br\/7847199931601386\">Maria Clara Caldas Bussiere &#8211; <\/a><a href=\"mailto:mariaclaracaldasbussiere@gmail.com\">mariaclaracaldasbussiere@gmail.com<\/a><\/li>\n<li><a style=\"font-size: 16px;background-color: #ffffff\" href=\"https:\/\/buscatextual.cnpq.br\/buscatextual\/visualizacv.do?id=K4931681T7\" target=\"_blank\" rel=\"noopener\">Wilder Hernando Ortiz Vega<\/a><span style=\"font-size: 16px\"> &#8211; <\/span><a style=\"font-size: 16px;background-color: #ffffff\" href=\"mailto:wilder.vega@uenf.br\">wilder.vega@uenf.br<\/a><\/li>\n<\/ul>\n<p><img loading=\"lazy\" decoding=\"async\" class=\"alignnone wp-image-1734 size-thumbnail\" src=\"http:\/\/uenf.br\/posgraduacao\/medicina-veterinaria\/wp-content\/uploads\/sites\/19\/2025\/09\/angelo-jose-burla-dias-150x150.jpeg\" alt=\"img 4193\" width=\"150\" height=\"150\" srcset=\"https:\/\/uenf.br\/posgraduacao\/medicina-veterinaria\/wp-content\/uploads\/sites\/19\/2025\/09\/angelo-jose-burla-dias-150x150.jpeg 150w, https:\/\/uenf.br\/posgraduacao\/medicina-veterinaria\/wp-content\/uploads\/sites\/19\/2025\/09\/angelo-jose-burla-dias-400x400.jpeg 400w\" sizes=\"auto, (max-width: 150px) 100vw, 150px\" \/>\u00a0 \u00a0 \u00a0 \u00a0 \u00a0<img loading=\"lazy\" decoding=\"async\" class=\"alignnone wp-image-1737 size-thumbnail\" src=\"http:\/\/uenf.br\/posgraduacao\/medicina-veterinaria\/wp-content\/uploads\/sites\/19\/2025\/09\/celia-raquel-quirino-150x150.jpg\" alt=\"celia raquel quirino\" width=\"150\" height=\"150\" srcset=\"https:\/\/uenf.br\/posgraduacao\/medicina-veterinaria\/wp-content\/uploads\/sites\/19\/2025\/09\/celia-raquel-quirino-150x150.jpg 150w, https:\/\/uenf.br\/posgraduacao\/medicina-veterinaria\/wp-content\/uploads\/sites\/19\/2025\/09\/celia-raquel-quirino-251x250.jpg 251w\" sizes=\"auto, (max-width: 150px) 100vw, 150px\" \/>\u00a0 \u00a0 \u00a0 \u00a0 \u00a0 \u00a0 \u00a0<img loading=\"lazy\" decoding=\"async\" class=\"alignnone wp-image-1732 size-thumbnail\" src=\"http:\/\/uenf.br\/posgraduacao\/medicina-veterinaria\/wp-content\/uploads\/sites\/19\/2025\/09\/isabel-candia-nunes-da-cunha-150x150.jpeg\" alt=\"isabel candia nunes da cunha\" width=\"150\" height=\"150\" \/>\u00a0 \u00a0 \u00a0 \u00a0 \u00a0 \u00a0 \u00a0 \u00a0<img loading=\"lazy\" decoding=\"async\" class=\"alignnone wp-image-1740 size-thumbnail\" src=\"http:\/\/uenf.br\/posgraduacao\/medicina-veterinaria\/wp-content\/uploads\/sites\/19\/2025\/09\/luis-fonseca-matos-150x150.jpeg\" alt=\"luis fonseca matos\" width=\"150\" height=\"150\" \/><\/p>\n<p><a href=\"https:\/\/uenf.br\/ccta\/lrmga\/angelo-jose-burla-dias\/\" target=\"_blank\" rel=\"noopener\">\u00c2ngelo Jos\u00e9 Burla Dias\u00a0<\/a>\u00a0 \u00a0 \u00a0 \u00a0<a href=\"https:\/\/uenf.br\/ccta\/lrmga\/celia-raquel-quirino\/\" target=\"_blank\" rel=\"noopener\">Celia Raquel Quirino\u00a0<\/a>\u00a0 \u00a0 \u00a0<a href=\"https:\/\/uenf.br\/ccta\/lrmga\/isabel-candia-nunes-da-cunha\/\" target=\"_blank\" rel=\"noopener\">Isabel Candia Nunes da Cunha<\/a>\u00a0 \u00a0 \u00a0\u00a0<a href=\"https:\/\/uenf.br\/ccta\/lrmga\/luis-fonseca-matos\/\" target=\"_blank\" rel=\"noopener\">Lu\u00eds Fonseca Matos<\/a><\/p>\n<p>&nbsp;<\/p>\n<p><img loading=\"lazy\" decoding=\"async\" class=\"alignnone wp-image-1742 size-thumbnail\" src=\"http:\/\/uenf.br\/posgraduacao\/medicina-veterinaria\/wp-content\/uploads\/sites\/19\/2025\/09\/maria-clara-caldas-bussiere-150x150.jpeg\" alt=\"img 4193\" width=\"150\" height=\"150\" srcset=\"https:\/\/uenf.br\/posgraduacao\/medicina-veterinaria\/wp-content\/uploads\/sites\/19\/2025\/09\/maria-clara-caldas-bussiere-150x150.jpeg 150w, https:\/\/uenf.br\/posgraduacao\/medicina-veterinaria\/wp-content\/uploads\/sites\/19\/2025\/09\/maria-clara-caldas-bussiere-400x400.jpeg 400w\" sizes=\"auto, (max-width: 150px) 100vw, 150px\" \/>\u00a0 \u00a0 \u00a0 \u00a0 \u00a0 \u00a0 \u00a0 \u00a0 <img loading=\"lazy\" decoding=\"async\" class=\"alignnone wp-image-1746 size-thumbnail\" src=\"http:\/\/uenf.br\/posgraduacao\/medicina-veterinaria\/wp-content\/uploads\/sites\/19\/2025\/09\/wilder-henando-ortiz-vega-150x150.jpeg\" alt=\"wilder henando ortiz vega\" width=\"150\" height=\"150\" \/><\/p>\n<p><a href=\"https:\/\/uenf.br\/ccta\/lrmga\/maria-clara-caldas-bussiere\/\" target=\"_blank\" rel=\"noopener\">Maria Clara Caldas Bussiere<\/a>\u00a0 \u00a0 \u00a0<a href=\"https:\/\/uenf.br\/ccta\/lrmga\/wilder-hernando-ortiz-vega\/\" target=\"_blank\" rel=\"noopener\">Wilder Hernado Ortiz Vega<\/a><\/p>\n<p>&nbsp;<\/p>\n<h4><span style=\"color: #2e58a6\">Linha de Pesquisa &#8211; &#8220;Sanidade Animal&#8221;<\/span><\/h4>\n<ul>\n<li><a href=\"http:\/\/lattes.cnpq.br\/4170215994870959\">Profa. Adriana Jardim de Almeida<\/a> &#8211; <a href=\"mailto:jardim@uenf.br\">jardim@uenf.br<\/a><\/li>\n<li><a href=\"http:\/\/lattes.cnpq.br\/8229898214637551\">Profa. Ana B\u00e1rbara Freitas Rodrigues\u00a0<\/a>&#8211; <a href=\"mailto:anaanatomiaanimal@gmail.com\">anaanatomiaanimal@gmail.com\u00a0<\/a><\/li>\n<li><a href=\"http:\/\/lattes.cnpq.br\/9641413249653748\">Prof. Andr\u00e9 Lacerda de Abreu Oliveira<\/a> &#8211; <a href=\"mailto:andrevet@uenf.br\">andrevet@uenf.br\u00a0<\/a><\/li>\n<li><a href=\"http:\/\/lattes.cnpq.br\/3253954711527053\">Prof. Carlos Eurico Pires Ferreira Travassos<\/a> &#8211; <a href=\"mailto:cakatrav@uenf.br\">cakatrav@uenf.br<\/a><\/li>\n<li><a href=\"http:\/\/lattes.cnpq.br\/3167591609809163\">Prof. Cl\u00f3vis de Paula Santos &#8211; <\/a><a href=\"mailto:cps@uenf.br\">cps@uenf.br\u00a0<\/a><\/li>\n<li><a href=\"http:\/\/lattes.cnpq.br\/3970635682513329\">Prof. Edwards Fraz\u00e3o Teixeira<\/a> &#8211;\u00a0<a href=\"mailto:efrazao@uenf.br\">efrazao@uenf.br<\/a><\/li>\n<li><a href=\"http:\/\/lattes.cnpq.br\/5680938499038691\">Prof. Eul\u00f3gio Carlos Queir\u00f3z de Carvalho<\/a> &#8211;\u00a0<a href=\"mailto:eulogiocqcarvalho@gmail.com\">eulogiocqcarvalho@gmail.com\u00a0<\/a><\/li>\n<li><a href=\"http:\/\/lattes.cnpq.br\/9233444889122634\">Profa. Fernanda Antunes<\/a> &#8211;\u00a0<a href=\"mailto:fernandaanest@uenf.br\">fernandaanest@uenf.br\u00a0<\/a><\/li>\n<li><a href=\"http:\/\/lattes.cnpq.br\/7401298092141167\">Prof. Francisco Carlos Rodrigues de Oliveira<\/a> &#8211;\u00a0<a href=\"mailto:foliveira@uenf.br\">foliveira@uenf.br<\/a><\/li>\n<li><a href=\"http:\/\/lattes.cnpq.br\/3495523222990119\">Prof. Leonardo Serafim da Silveira<\/a> &#8211;\u00a0<a href=\"mailto:leoseraf@uenf.br\">leoseraf@uenf.br\u00a0<\/a><\/li>\n<li><a href=\"https:\/\/buscatextual.cnpq.br\/buscatextual\/visualizacv.do?id=K4785618P7\" target=\"_blank\" rel=\"noopener\">Profa. Marinete Pinheiro Carrera<\/a> &#8211;\u00a0<a href=\"mailto:marinete@uenf.br\">marinete@uenf.br\u00a0<\/a><\/li>\n<li><a href=\"http:\/\/lattes.cnpq.br\/5325753251589251\">Prof. Milton Masahiko Kanashiro<\/a> &#8211;\u00a0<a href=\"mailto:kmilton@uenf.br\">kmilton@uenf.br<\/a><\/li>\n<li><a href=\"https:\/\/buscatextual.cnpq.br\/buscatextual\/visualizacv.do?id=K4707762P6\" target=\"_blank\" rel=\"noopener\">Prof. Olney Vieira da Motta<\/a> &#8211;\u00a0<a href=\"mailto:olney@uenf.br\">olney@uenf.br<\/a><\/li>\n<li><a href=\"https:\/\/buscatextual.cnpq.br\/buscatextual\/visualizacv.do?id=K4766268H9\" target=\"_blank\" rel=\"noopener\">Profa. Paula Alessandra Di Filippo<\/a> &#8211;\u00a0<a href=\"mailto:pdf@uenf.br\">pdf@uenf.br<\/a><\/li>\n<li><a href=\"https:\/\/buscatextual.cnpq.br\/buscatextual\/visualizacv.do?id=K4796538U5\" target=\"_blank\" rel=\"noopener\">Profa. Rosemary Bastos<\/a> &#8211; <a href=\"mailto:rosebast@uenf.br\">rosebast@uenf.br<\/a><\/li>\n<li><a href=\"http:\/\/lattes.cnpq.br\/7697473878019105\" target=\"_blank\" rel=\"noopener\">Profa. Samira Salim Mello Gallo<\/a> &#8211;\u00a0<a href=\"samiragallo@yahoo.com.br\">samiragallo@yahoo.com.br<\/a><\/li>\n<\/ul>\n","protected":false},"excerpt":{"rendered":"<p>\u00c1rea de Concentra\u00e7\u00e3o Medicina Veterin\u00e1ria Linha de Pesquisa &#8211; &#8220;Produ\u00e7\u00e3o e Reprodu\u00e7\u00e3o Animal&#8221; Angelo Jos\u00e9 Burla Dias &#8211;\u00a0angeloburlauenf@gmaCil.com\u00a0 Celia Raquel&#8230;<\/p>\n","protected":false},"author":61,"featured_media":0,"parent":0,"menu_order":4,"comment_status":"closed","ping_status":"closed","template":"","meta":{"_seopress_robots_primary_cat":"","_seopress_titles_title":"","_seopress_titles_desc":"","_seopress_robots_index":"","footnotes":""},"class_list":["post-349","page","type-page","status-publish"],"_links":{"self":[{"href":"https:\/\/uenf.br\/posgraduacao\/medicina-veterinaria\/wp-json\/wp\/v2\/pages\/349","targetHints":{"allow":["GET"]}}],"collection":[{"href":"https:\/\/uenf.br\/posgraduacao\/medicina-veterinaria\/wp-json\/wp\/v2\/pages"}],"about":[{"href":"https:\/\/uenf.br\/posgraduacao\/medicina-veterinaria\/wp-json\/wp\/v2\/types\/page"}],"author":[{"embeddable":true,"href":"https:\/\/uenf.br\/posgraduacao\/medicina-veterinaria\/wp-json\/wp\/v2\/users\/61"}],"replies":[{"embeddable":true,"href":"https:\/\/uenf.br\/posgraduacao\/medicina-veterinaria\/wp-json\/wp\/v2\/comments?post=349"}],"version-history":[{"count":0,"href":"https:\/\/uenf.br\/posgraduacao\/medicina-veterinaria\/wp-json\/wp\/v2\/pages\/349\/revisions"}],"wp:attachment":[{"href":"https:\/\/uenf.br\/posgraduacao\/medicina-veterinaria\/wp-json\/wp\/v2\/media?parent=349"}],"curies":[{"name":"wp","href":"https:\/\/api.w.org\/{rel}","templated":true}]}}