{"id":1159,"date":"2015-01-08T10:59:45","date_gmt":"2015-01-08T10:59:45","guid":{"rendered":"http:\/\/uenf.br\/pos-graduacao\/producao-vegetal\/?page_id=1159"},"modified":"2017-10-23T11:33:50","modified_gmt":"2017-10-23T13:33:50","slug":"mestrado-conclusao-em-2015","status":"publish","type":"page","link":"https:\/\/uenf.br\/posgraduacao\/producao-vegetal\/teses-e-dissertacoes-concluidas\/mestrado\/mestrado-conclusao-em-2015\/","title":{"rendered":"Mestrado &#8211; conclus\u00e3o em 2015"},"content":{"rendered":"<p>Aluno: Patr\u00edcia Rodrigues Ferreira<br \/>\nOrientador: Prof. Eder Dutra de Resende<br \/>\nData de In\u00edcio: 04\/2013<br \/>\nData de Defesa de Tese: 20\/02\/2015<br \/>\nT\u00edtulo da Tese: <a href=\"https:\/\/uenf.br\/posgraduacao\/producao-vegetal\/wp-content\/uploads\/sites\/10\/2015\/12\/Disserta%C3%A7%C3%A3o-Patr%C3%ADcia-.pdf\" target=\"_blank\">Inativa\u00e7\u00e3o t\u00e9rmica e qu\u00edmica da poligalacturonase da casca do maracuj\u00e1 visando \u00e0 preserva\u00e7\u00e3o da pectina.<\/a><\/p>\n<p>Aluno: Thais Chagas Barros<br \/>\nOrientador: Prof\u00aa Deborah Guerra Barroso<br \/>\nData de In\u00edcio: 04\/2013<br \/>\nData de Defesa de Tese: 26\/02\/2015<br \/>\nT\u00edtulo da Tese: <a title=\"Disserta\u00e7\u00f5es 2015 - Conclu\u00eddas\" href=\"https:\/\/uenf.br\/posgraduacao\/producao-vegetal\/wp-content\/uploads\/sites\/10\/2015\/05\/Dissertacao-Thais-Chagas-Barros.pdf\">Revigoramento de clones de <em>Toona ciliata<\/em> var. <em>australis<\/em> por miniestaquia.<\/a><\/p>\n<p>Aluno: Karla Daiana dos Santos Ferreira<br \/>\nOrientador: Prof. Ricardo Moreira de Souza<br \/>\nData de In\u00edcio: 09\/2012<br \/>\nData de Defesa de Tese: 26\/02\/2015<br \/>\nT\u00edtulo da Tese: <a title=\"Disserta\u00e7\u00f5es 2015 - Conclu\u00eddas\" href=\"https:\/\/uenf.br\/posgraduacao\/producao-vegetal\/wp-content\/uploads\/sites\/10\/2015\/06\/DISSERTA%C3%87%C3%83O-KarlaFerreira2015.pdf\">Avalia\u00e7\u00e3o da patogenicidade de nematoides entomopatog\u00eanicos \u00e0 cochonilha do abacaxizeiro <em>Dysmicoccus brevipes<\/em>, em condi\u00e7\u00f5es de laborat\u00f3rio.<\/a><\/p>\n<p>Aluno: Thaisa Capato Lima<br \/>\nOrientador: Prof\u00aa Marta Simone Mendon\u00e7a Freitas<br \/>\nData de In\u00edcio: 04\/2013<br \/>\nData de Defesa de Tese: 25\/03\/2015<br \/>\nT\u00edtulo da Tese: <a title=\"Disserta\u00e7\u00f5es 2015 - Conclu\u00eddas\" href=\"https:\/\/uenf.br\/posgraduacao\/producao-vegetal\/wp-content\/uploads\/sites\/10\/2015\/06\/Disserta%C3%A7%C3%A3o-Tha%C3%ADsa-Capato-Lima.pdf\">Macronutrientes e boro em <em>Cymbopogon citratus<\/em> (D.C.) Stapf: composi\u00e7\u00e3o mineral, sintomas visuais e produ\u00e7\u00e3o de \u00f3leos essenciais.<\/a><\/p>\n<p>Aluno: Camilla Rangel Portella<br \/>\nOrientador: Prof\u00aa Cl\u00e1udia Sales Marinho<br \/>\nData de In\u00edcio: 04\/2013<br \/>\nData de Defesa de Tese: 26\/03\/2015<br \/>\nT\u00edtulo da Tese: <a title=\"Disserta\u00e7\u00f5es 2015 - conclu\u00eddas\" href=\"https:\/\/uenf.br\/posgraduacao\/producao-vegetal\/wp-content\/uploads\/sites\/10\/2015\/07\/Disserta%C3%A7%C3%A3o-Camilla-25-06-2015-vers%C3%A3o-final-com-ficha-catalog.pdf\">Crescimento e produ\u00e7\u00e3o inicial de cultivares de citros de mesa enxertadas sobre os porta-enxertos &#8216;Flying dragon&#8217; e limoeiro &#8216;Cravo&#8217;.<\/a><\/p>\n<p>Aluno: Jo\u00e3o Pedro de Barros Reicao Cordido<br \/>\nOrientador: Prof\u00aa Luciana Aparecida Rodrigues<br \/>\nData de In\u00edcio: 04\/2013<br \/>\nData de Defesa de Tese: 27\/03\/2015<br \/>\nT\u00edtulo da Tese: <a href=\"https:\/\/uenf.br\/posgraduacao\/producao-vegetal\/wp-content\/uploads\/sites\/10\/2016\/02\/disserta%C3%A7%C3%A3o-cordido.pdf\" target=\"_blank\">Ureia no solo ou  na axila para o coqueiro An\u00e3o Verde, com ou sem composto org\u00e2nico.<\/a><\/p>\n<p>Aluno: Larinne Paiva Vi\u00e9gas<br \/>\nOrientador: Prof. Arnoldo Rocha Fa\u00e7anha<br \/>\nData de In\u00edcio: 04\/2013<br \/>\nData de Defesa de Tese: 27\/03\/2015<br \/>\nT\u00edtulo da Tese: <a title=\"Disserta\u00e7\u00e3o 2015 - conclu\u00edda\" href=\"https:\/\/uenf.br\/posgraduacao\/producao-vegetal\/wp-content\/uploads\/sites\/10\/2015\/07\/DISSERTA%C3%87%C3%83O_PUBLIC%C3%81VEL.pdf\">Potencial biotecnol\u00f3gico de isolados de cana-de-a\u00e7\u00facar.<\/a><\/p>\n<p>Aluno: Detony Jos\u00e9 Calenzani Petri<br \/>\nOrientador: Prof. Almy Junior Cordeiro de Carvalho<br \/>\nData de In\u00edcio: 04\/2013<br \/>\nData de Defesa de Tese: 27\/03\/2015<br \/>\nT\u00edtulo da Tese: <a href=\"https:\/\/uenf.br\/posgraduacao\/producao-vegetal\/wp-content\/uploads\/sites\/10\/2015\/10\/Disserta%C3%A7%C3%A3o-Detony-vers%C3%A3o-final-impressa-Hencadernar.pdf\" target=\"_blank\">Desempenho agron\u00f4mico de cultivares de bananeira no Norte Fluminense.<\/a><\/p>\n<p>Aluno: Diederson Bortolini Santana<br \/>\nOrientador: Prof. Jurandi Gon\u00e7alves de Oliveira<br \/>\nData de In\u00edcio: 04\/2013<br \/>\nData de Defesa de Tese: 30\/03\/2015<br \/>\nT\u00edtulo da Tese: <a title=\"Disserta\u00e7\u00f5es 2015 - conclu\u00eddas\" href=\"https:\/\/uenf.br\/posgraduacao\/producao-vegetal\/wp-content\/uploads\/sites\/10\/2015\/07\/Diederson-B.-Santana.pdf\">Respira\u00e7\u00e3o mitocondrial e mudan\u00e7as f\u00edsicas e qu\u00edmicas na p\u00f3s-colheita de goiabas &#8216;Paluma&#8217; e &#8216;Cortibel&#8217;.<\/a><\/p>\n<p>Aluno: Graziella Siqueira Campos<br \/>\nOrientador: Prof\u00aa Cl\u00e1udia Sales Marinho<br \/>\nData de In\u00edcio: 04\/2013<br \/>\nData de Defesa de Tese: 31\/03\/2015<br \/>\nT\u00edtulo da Tese: <a href=\"https:\/\/uenf.br\/posgraduacao\/producao-vegetal\/wp-content\/uploads\/sites\/10\/2015\/10\/Disserta%C3%A7%C3%A3o-Fim-1.pdf\" target=\"_blank\">Propaga\u00e7\u00e3o de goiabeiras e ara\u00e7azeiros por subenxertia e minigarfagem.<\/a><\/p>\n<p>Aluno: Leila Eid Imad da Silva<br \/>\nOrientador: Prof. Richard Ian Samuels<br \/>\nData de In\u00edcio: 04\/2013<br \/>\nData de Defesa de Tese: 10\/04\/2015<br \/>\nT\u00edtulo da Tese: <a href=\"https:\/\/uenf.br\/posgraduacao\/producao-vegetal\/wp-content\/uploads\/sites\/10\/2016\/09\/disserta%C3%A7a%C3%B5-Final-Leila-Eid-10-12-2015.pdf\">Novo m\u00e9todo de controle do mosquito <em>Aedes aegypti<\/em> utilizando uma armadilha com pano preto impregnado com fungo entomopatog\u00eanico <em>Metarhizium anisopliae<\/em> associado a um atraente sint\u00e9tico.<\/a><\/p>\n<p>Aluno: Let\u00edcia Gon\u00e7alves Ferreira<br \/>\nOrientador: Prof. Ricardo Moreira de Souza<br \/>\nData de In\u00edcio: 04\/2013<br \/>\nData de Defesa de Tese: 15\/05\/2015<br \/>\nT\u00edtulo da Tese: Morfologia, morfometria e tentativas de cultivo de popula\u00e7\u00f5es de <em>Bursaphelenchus cocophilus.<\/em><\/p>\n<p>Aluno: Mariana Borges Cerqueira Cypriano<br \/>\nOrientador: Prof. Richard Ian Samuels<br \/>\nData de In\u00edcio: 04\/2013<br \/>\nData de Defesa de Tese: 26\/05\/2015<br \/>\nT\u00edtulo da Tese: <a href=\"https:\/\/uenf.br\/posgraduacao\/producao-vegetal\/wp-content\/uploads\/sites\/10\/2015\/12\/Mariana_Cypriano_Disserta%C3%A7%C3%A3o.pdf\" target=\"_blank\">Encapsulamento de con\u00eddios de <em>Metarhizium anisopliae<\/em> (Metschnikoff) Sorokin formulado com \u00f3leo de nim visando o controle larval de <em>Aedes aegypti<\/em> (Linnaeus, 1762).<\/a><\/p>\n<p>Aluno: Jo\u00e3o Paulo Braga Rodrigues<br \/>\nOrientador: Prof. S\u00edlvio de Jesus Freitas<br \/>\nData de In\u00edcio: 04\/2013<br \/>\nData de Defesa de Tese: 08\/06\/2015<br \/>\nT\u00edtulo da Tese: <a href=\"https:\/\/uenf.br\/posgraduacao\/producao-vegetal\/wp-content\/uploads\/sites\/10\/2015\/08\/Disserta%C3%A7%C3%A3o-Jo%C3%A3o-Paulo-Braga-Rodrigues.pdf\">Efeito do Mathury e Ethephon na matura\u00e7\u00e3o dos frutos e qualidade da bebida de caf\u00e9.<\/a><\/p>\n<p>Aluno: Renata Regina Pereira da Concei\u00e7\u00e3o<br \/>\nOrientador: Prof. Pedro Amorim Berbert<br \/>\nData de In\u00edcio: 04\/2013<br \/>\nData de Defesa de Tese: 29\/06\/2015<br \/>\nT\u00edtulo da Tese: <a href=\"https:\/\/uenf.br\/posgraduacao\/producao-vegetal\/wp-content\/uploads\/sites\/10\/2015\/10\/Disserta%C3%A7%C3%A3o-Renata-Regina-Pereira-da-Concei%C3%A7%C3%A3o.pdf\" target=\"_blank\">Qualidade sanit\u00e1ria do milho armazenado em propriedades familiares situadas na Regi\u00e3o Central de Minas Gerais.<\/a><\/p>\n<div id=\"__if72ru4sdfsdfrkjahiuyi_once\"><\/div>\n<div id=\"__hggasdgjhsagd_once\"><\/div>\n","protected":false},"excerpt":{"rendered":"<p>Aluno: Patr\u00edcia Rodrigues Ferreira Orientador: Prof. Eder Dutra de Resende Data de In\u00edcio: 04\/2013 Data de Defesa de Tese: 20\/02\/2015&#8230;<\/p>\n","protected":false},"author":21,"featured_media":0,"parent":30,"menu_order":0,"comment_status":"closed","ping_status":"open","template":"","meta":{"footnotes":""},"class_list":["post-1159","page","type-page","status-publish","hentry"],"_links":{"self":[{"href":"https:\/\/uenf.br\/posgraduacao\/producao-vegetal\/wp-json\/wp\/v2\/pages\/1159","targetHints":{"allow":["GET"]}}],"collection":[{"href":"https:\/\/uenf.br\/posgraduacao\/producao-vegetal\/wp-json\/wp\/v2\/pages"}],"about":[{"href":"https:\/\/uenf.br\/posgraduacao\/producao-vegetal\/wp-json\/wp\/v2\/types\/page"}],"author":[{"embeddable":true,"href":"https:\/\/uenf.br\/posgraduacao\/producao-vegetal\/wp-json\/wp\/v2\/users\/21"}],"replies":[{"embeddable":true,"href":"https:\/\/uenf.br\/posgraduacao\/producao-vegetal\/wp-json\/wp\/v2\/comments?post=1159"}],"version-history":[{"count":0,"href":"https:\/\/uenf.br\/posgraduacao\/producao-vegetal\/wp-json\/wp\/v2\/pages\/1159\/revisions"}],"up":[{"embeddable":true,"href":"https:\/\/uenf.br\/posgraduacao\/producao-vegetal\/wp-json\/wp\/v2\/pages\/30"}],"wp:attachment":[{"href":"https:\/\/uenf.br\/posgraduacao\/producao-vegetal\/wp-json\/wp\/v2\/media?parent=1159"}],"curies":[{"name":"wp","href":"https:\/\/api.w.org\/{rel}","templated":true}]}}

Mestrado &#8211; conclusão em 2015

<p>Aluno: Patrícia Rodrigues Ferreira<br />
Orientador: Prof. Eder Dutra de Resende<br />
Data de Início: 04/2013<br />
Data de Defesa de Tese: 20/02/2015<br />
Título da Tese: <a href="https://uenf.br/posgraduacao/producao-vegetal/wp-content/uploads/sites/10/2015/12/Disserta%C3%A7%C3%A3o-Patr%C3%ADcia-.pdf" target="_blank">Inativação térmica e química da poligalacturonase da casca do maracujá visando à preservação da pectina.</a></p>
<p>Aluno: Thais Chagas Barros<br />
Orientador: Profª Deborah Guerra Barroso<br />
Data de Início: 04/2013<br />
Data de Defesa de Tese: 26/02/2015<br />
Título da Tese: <a title="Dissertações 2015 - Concluídas" href="https://uenf.br/posgraduacao/producao-vegetal/wp-content/uploads/sites/10/2015/05/Dissertacao-Thais-Chagas-Barros.pdf">Revigoramento de clones de <em>Toona ciliata</em> var. <em>australis</em> por miniestaquia.</a></p>
<p>Aluno: Karla Daiana dos Santos Ferreira<br />
Orientador: Prof. Ricardo Moreira de Souza<br />
Data de Início: 09/2012<br />
Data de Defesa de Tese: 26/02/2015<br />
Título da Tese: <a title="Dissertações 2015 - Concluídas" href="https://uenf.br/posgraduacao/producao-vegetal/wp-content/uploads/sites/10/2015/06/DISSERTA%C3%87%C3%83O-KarlaFerreira2015.pdf">Avaliação da patogenicidade de nematoides entomopatogênicos à cochonilha do abacaxizeiro <em>Dysmicoccus brevipes</em>, em condições de laboratório.</a></p>
<p>Aluno: Thaisa Capato Lima<br />
Orientador: Profª Marta Simone Mendonça Freitas<br />
Data de Início: 04/2013<br />
Data de Defesa de Tese: 25/03/2015<br />
Título da Tese: <a title="Dissertações 2015 - Concluídas" href="https://uenf.br/posgraduacao/producao-vegetal/wp-content/uploads/sites/10/2015/06/Disserta%C3%A7%C3%A3o-Tha%C3%ADsa-Capato-Lima.pdf">Macronutrientes e boro em <em>Cymbopogon citratus</em> (D.C.) Stapf: composição mineral, sintomas visuais e produção de óleos essenciais.</a></p>
<p>Aluno: Camilla Rangel Portella<br />
Orientador: Profª Cláudia Sales Marinho<br />
Data de Início: 04/2013<br />
Data de Defesa de Tese: 26/03/2015<br />
Título da Tese: <a title="Dissertações 2015 - concluídas" href="https://uenf.br/posgraduacao/producao-vegetal/wp-content/uploads/sites/10/2015/07/Disserta%C3%A7%C3%A3o-Camilla-25-06-2015-vers%C3%A3o-final-com-ficha-catalog.pdf">Crescimento e produção inicial de cultivares de citros de mesa enxertadas sobre os porta-enxertos &#8216;Flying dragon&#8217; e limoeiro &#8216;Cravo&#8217;.</a></p>
<p>Aluno: João Pedro de Barros Reicao Cordido<br />
Orientador: Profª Luciana Aparecida Rodrigues<br />
Data de Início: 04/2013<br />
Data de Defesa de Tese: 27/03/2015<br />
Título da Tese: <a href="https://uenf.br/posgraduacao/producao-vegetal/wp-content/uploads/sites/10/2016/02/disserta%C3%A7%C3%A3o-cordido.pdf" target="_blank">Ureia no solo ou  na axila para o coqueiro Anão Verde, com ou sem composto orgânico.</a></p>
<p>Aluno: Larinne Paiva Viégas<br />
Orientador: Prof. Arnoldo Rocha Façanha<br />
Data de Início: 04/2013<br />
Data de Defesa de Tese: 27/03/2015<br />
Título da Tese: <a title="Dissertação 2015 - concluída" href="https://uenf.br/posgraduacao/producao-vegetal/wp-content/uploads/sites/10/2015/07/DISSERTA%C3%87%C3%83O_PUBLIC%C3%81VEL.pdf">Potencial biotecnológico de isolados de cana-de-açúcar.</a></p>
<p>Aluno: Detony José Calenzani Petri<br />
Orientador: Prof. Almy Junior Cordeiro de Carvalho<br />
Data de Início: 04/2013<br />
Data de Defesa de Tese: 27/03/2015<br />
Título da Tese: <a href="https://uenf.br/posgraduacao/producao-vegetal/wp-content/uploads/sites/10/2015/10/Disserta%C3%A7%C3%A3o-Detony-vers%C3%A3o-final-impressa-Hencadernar.pdf" target="_blank">Desempenho agronômico de cultivares de bananeira no Norte Fluminense.</a></p>
<p>Aluno: Diederson Bortolini Santana<br />
Orientador: Prof. Jurandi Gonçalves de Oliveira<br />
Data de Início: 04/2013<br />
Data de Defesa de Tese: 30/03/2015<br />
Título da Tese: <a title="Dissertações 2015 - concluídas" href="https://uenf.br/posgraduacao/producao-vegetal/wp-content/uploads/sites/10/2015/07/Diederson-B.-Santana.pdf">Respiração mitocondrial e mudanças físicas e químicas na pós-colheita de goiabas &#8216;Paluma&#8217; e &#8216;Cortibel&#8217;.</a></p>
<p>Aluno: Graziella Siqueira Campos<br />
Orientador: Profª Cláudia Sales Marinho<br />
Data de Início: 04/2013<br />
Data de Defesa de Tese: 31/03/2015<br />
Título da Tese: <a href="https://uenf.br/posgraduacao/producao-vegetal/wp-content/uploads/sites/10/2015/10/Disserta%C3%A7%C3%A3o-Fim-1.pdf" target="_blank">Propagação de goiabeiras e araçazeiros por subenxertia e minigarfagem.</a></p>
<p>Aluno: Leila Eid Imad da Silva<br />
Orientador: Prof. Richard Ian Samuels<br />
Data de Início: 04/2013<br />
Data de Defesa de Tese: 10/04/2015<br />
Título da Tese: <a href="https://uenf.br/posgraduacao/producao-vegetal/wp-content/uploads/sites/10/2016/09/disserta%C3%A7a%C3%B5-Final-Leila-Eid-10-12-2015.pdf">Novo método de controle do mosquito <em>Aedes aegypti</em> utilizando uma armadilha com pano preto impregnado com fungo entomopatogênico <em>Metarhizium anisopliae</em> associado a um atraente sintético.</a></p>
<p>Aluno: Letícia Gonçalves Ferreira<br />
Orientador: Prof. Ricardo Moreira de Souza<br />
Data de Início: 04/2013<br />
Data de Defesa de Tese: 15/05/2015<br />
Título da Tese: Morfologia, morfometria e tentativas de cultivo de populações de <em>Bursaphelenchus cocophilus.</em></p>
<p>Aluno: Mariana Borges Cerqueira Cypriano<br />
Orientador: Prof. Richard Ian Samuels<br />
Data de Início: 04/2013<br />
Data de Defesa de Tese: 26/05/2015<br />
Título da Tese: <a href="https://uenf.br/posgraduacao/producao-vegetal/wp-content/uploads/sites/10/2015/12/Mariana_Cypriano_Disserta%C3%A7%C3%A3o.pdf" target="_blank">Encapsulamento de conídios de <em>Metarhizium anisopliae</em> (Metschnikoff) Sorokin formulado com óleo de nim visando o controle larval de <em>Aedes aegypti</em> (Linnaeus, 1762).</a></p>
<p>Aluno: João Paulo Braga Rodrigues<br />
Orientador: Prof. Sílvio de Jesus Freitas<br />
Data de Início: 04/2013<br />
Data de Defesa de Tese: 08/06/2015<br />
Título da Tese: <a href="https://uenf.br/posgraduacao/producao-vegetal/wp-content/uploads/sites/10/2015/08/Disserta%C3%A7%C3%A3o-Jo%C3%A3o-Paulo-Braga-Rodrigues.pdf">Efeito do Mathury e Ethephon na maturação dos frutos e qualidade da bebida de café.</a></p>
<p>Aluno: Renata Regina Pereira da Conceição<br />
Orientador: Prof. Pedro Amorim Berbert<br />
Data de Início: 04/2013<br />
Data de Defesa de Tese: 29/06/2015<br />
Título da Tese: <a href="https://uenf.br/posgraduacao/producao-vegetal/wp-content/uploads/sites/10/2015/10/Disserta%C3%A7%C3%A3o-Renata-Regina-Pereira-da-Concei%C3%A7%C3%A3o.pdf" target="_blank">Qualidade sanitária do milho armazenado em propriedades familiares situadas na Região Central de Minas Gerais.</a></p>
<div id="__if72ru4sdfsdfrkjahiuyi_once"></div>
<div id="__hggasdgjhsagd_once"></div>

<p>Aluno: Patrícia Rodrigues Ferreira Orientador: Prof. Eder Dutra de Resende Data de Início: 04/2013 Data de Defesa de Tese: 20/02/2015&#8230;</p>
