{"id":1161,"date":"2015-01-08T11:00:46","date_gmt":"2015-01-08T11:00:46","guid":{"rendered":"http:\/\/uenf.br\/pos-graduacao\/producao-vegetal\/?page_id=1161"},"modified":"2017-10-23T12:00:27","modified_gmt":"2017-10-23T14:00:27","slug":"doutorado-conclusao-em-2015","status":"publish","type":"page","link":"https:\/\/uenf.br\/posgraduacao\/producao-vegetal\/teses-e-dissertacoes-concluidas\/doutorado\/doutorado-conclusao-em-2015\/","title":{"rendered":"Doutorado &#8211; conclus\u00e3o em 2015"},"content":{"rendered":"<p>Aluno: Priscilla Brites Xavier<br \/>\nOrientador: Prof. Henrique Duarte Vieira<br \/>\nData de In\u00edcio: 03\/2011<br \/>\nData de Defesa de Tese: 25\/02\/2015<br \/>\nT\u00edtulo da Tese: <a title=\"Teses 2015 - conclu\u00eddas\" href=\"https:\/\/uenf.br\/posgraduacao\/producao-vegetal\/wp-content\/uploads\/sites\/10\/2015\/05\/Tese-Priscilla-Brites-Xavier.pdf\">Recobrimento de sementes de estilosantes cv. Campo Grande e soja perene cv. Comum com micronutriente.<\/a><\/p>\n<p>Aluno: Suelen Alvarenga Regis<br \/>\nOrientador: Prof. Eder Dutra de Resende<br \/>\nData de In\u00edcio: 03\/2010<br \/>\nData de Defesa de Tese: 26\/02\/2015<br \/>\nT\u00edtulo da Tese: Otimiza\u00e7\u00e3o das condi\u00e7\u00f5es operacionais para tratamento t\u00e9rmico e qu\u00edmico aplicados \u00e0 purifica\u00e7\u00e3o dos res\u00edduos da polpa do maracuj\u00e1. (<strong><em>Registro de patente<\/em><\/strong>)<\/p>\n<p>Aluno: Barbara dos Santos Esteves<br \/>\nOrientador: Prof. Elias Fernandes de Sousa<br \/>\nData de In\u00edcio: 03\/2011<br \/>\nData de Defesa de Tese: 26\/02\/2015<br \/>\nT\u00edtulo da Tese: Fluxo de seiva, consumo h\u00eddrico e manejo diferenciados de irriga\u00e7\u00e3o na videira Niagara Rosada (<em>Vitis labrusca<\/em> L.). (<strong><em>Registro de patente<\/em><\/strong>)<\/p>\n<p>Aluno: Jo\u00e3o Batista Barbosa<br \/>\nOrientador: Prof\u00aa Meire Lelis Leal Martins<br \/>\nData de In\u00edcio: 03\/2011<br \/>\nData de Defesa de Tese: 04\/03\/2015<br \/>\nT\u00edtulo da Tese: <a title=\"Teses 2015 - conclu\u00eddas\" href=\"https:\/\/uenf.br\/posgraduacao\/producao-vegetal\/wp-content\/uploads\/sites\/10\/2015\/07\/TESE-DOUTORADO-JO%C3%83O-BATISTA-BARBOSA-2015-PDF-1.pdf-27072015.pdf\">Utiliza\u00e7\u00e3o da farinha da casca de maracuj\u00e1 (<em>Passiflora edulis<\/em> Sims) para produ\u00e7\u00e3o de enzimas por <em>Bacillus<\/em> sp. SMIA-2.<\/a><\/p>\n<p>Aluno: Diana Catalina Cubides Rom\u00e1n<br \/>\nOrientador: Prof. Victor Haber Perez<br \/>\nData de In\u00edcio: 03\/2011<br \/>\nData de Defesa de Tese: 06\/03\/2015<br \/>\nT\u00edtulo da Tese: Produ\u00e7\u00e3o de biodiesel por m\u00e9todo n\u00e3o convencional em biorreator assistido por campo eletromagn\u00e9tico. (<em><strong>Registro de patente<\/strong><\/em>)<\/p>\n<p>Aluno: Andr\u00e9ia Boechat Delatorre<br \/>\nOrientador: Prof\u00aa Meire Lelis Leal Martins<br \/>\nData de In\u00edcio: 03\/2010<br \/>\nData de Defesa de Tese: 17\/03\/2015<br \/>\nT\u00edtulo da Tese: Estudos fisiol\u00f3gicos e bioqu\u00edmicos de celulases por <em>Bacillus<\/em> sp SMIA-2 e aplica\u00e7\u00e3o das enzimas como aditivos de detergentes.<\/p>\n<p>Aluno: Manoel Rodrigues da Silva<br \/>\nOrientador: Prof. Elias Fernandes de Sousa<br \/>\nData de In\u00edcio: 03\/2011<br \/>\nData de Defesa de Tese: 26\/03\/2015<br \/>\nT\u00edtulo da Tese: <a href=\"https:\/\/uenf.br\/posgraduacao\/producao-vegetal\/wp-content\/uploads\/sites\/10\/2015\/01\/TESE-Produ\u00e7\u00e3o-e-caracteriza\u00e7\u00e3o-do-biog\u00e1s-de-vinha\u00e7a-com-dejetos-de-bovinos-visando-a-gera\u00e7\u00e3o-de-energia-e-de-biofertilizante.pdf\" target=\"_blank\" rel=\"noopener\">Produ\u00e7\u00e3o e caracteriza\u00e7\u00e3o do biog\u00e1s de vinha\u00e7a com dejetos de bovinos visando a gera\u00e7\u00e3o de energia e de biofertilizante<\/a><\/p>\n<p>Aluno: Luciana Venturotti Braun de Almeida<br \/>\nOrientador: Prof. Eliemar Campostrini<br \/>\nData de In\u00edcio: 04\/2011<br \/>\nData de Defesa de Tese: 26\/03\/2015<br \/>\nT\u00edtulo da Tese: <a title=\"Teses 2015 - conclu\u00eddas\" href=\"https:\/\/uenf.br\/posgraduacao\/producao-vegetal\/wp-content\/uploads\/sites\/10\/2015\/07\/Tese-completa-1.pdf\">Ecofisiologia de videiras &#8216;Niagara Rosada&#8217; e &#8216;BRS Clara&#8217; cultivadas sob cobertura pl\u00e1stica na regi\u00e3o Norte Fluminense.<\/a><\/p>\n<p>Aluno: Clara dos Reis Nunes<br \/>\nOrientador: Prof\u00aa Daniela Barros de Oliveira<br \/>\nData de In\u00edcio: 03\/2011<br \/>\nData de Defesa de Tese: 30\/03\/2015<br \/>\nT\u00edtulo da Tese: <a title=\"Teses 2015 - conclu\u00eddas\" href=\"https:\/\/uenf.br\/posgraduacao\/producao-vegetal\/wp-content\/uploads\/sites\/10\/2015\/06\/Tese-Clara-Reis.pdf\">Estudo qu\u00edmico e avalia\u00e7\u00e3o da atividade antineopl\u00e1sica de <em>Annona muricata<\/em> L.<\/a><\/p>\n<p>Aluno: Luciane da Costa Barb\u00e9<br \/>\nOrientador: Prof. Paulo Marcelo de Souza<br \/>\nData de In\u00edcio: 03\/2011<br \/>\nData de Defesa de Tese: 30\/03\/2015<br \/>\nT\u00edtulo da Tese: <a href=\"https:\/\/uenf.br\/posgraduacao\/producao-vegetal\/wp-content\/uploads\/sites\/10\/2015\/09\/Tese_de_Doutorado_Luciane_Barb%C3%A9_2015.pdf\">Distribui\u00e7\u00e3o do cr\u00e9dito do programa nacional de fortalecimento da agricultura familiar (PRONAF) no estado do Rio de Janeiro de 1998-2012.<\/a><\/p>\n<p>Aluno: Marlon Gomes da Costa<br \/>\nOrientador: Prof. Ant\u00f4nio Carlos da Gama-Rodrigues<br \/>\nData de In\u00edcio: 03\/2011<br \/>\nData de Defesa de Tese: 31\/03\/2015<br \/>\nT\u00edtulo da Tese: <a title=\"Teses 2015 - conclu\u00eddas\" href=\"https:\/\/uenf.br\/posgraduacao\/producao-vegetal\/wp-content\/uploads\/sites\/10\/2015\/04\/TESE.Final__Marlon.pdf\">Fra\u00e7\u00f5es de P no solo em s\u00edtios de eucalipto no estado de S\u00e3o Paulo, Brasil.<\/a><\/p>\n<p>Aluno: Paulo Henrique Marques Monroe<br \/>\nOrientador: Prof\u00aa Emanuela Forestieri da Gama-Rodrigues<br \/>\nData de In\u00edcio: 03\/2011<br \/>\nData de Defesa de Tese: 01\/04\/2015<br \/>\nT\u00edtulo da Tese: <a title=\"Teses 2015 - conclu\u00eddas\" href=\"https:\/\/uenf.br\/posgraduacao\/producao-vegetal\/wp-content\/uploads\/sites\/10\/2015\/07\/Tese_Paulo-Henrique.pdf\">Estoque de carbono no solo em sistemas agroflorestais de cacau no Sul da Bahia, Brasil.<\/a><\/p>\n<p>Aluno: Felipe Roberto Amaral Ferreira do Valle<br \/>\nOrientador: Prof. F\u00e1bio da Costa Henry<br \/>\nData de In\u00edcio: 04\/2011<br \/>\nData de Defesa de Tese: 06\/04\/2015<br \/>\nT\u00edtulo da Tese: <a title=\"Teses 2015 - conclu\u00eddas\" href=\"https:\/\/uenf.br\/posgraduacao\/producao-vegetal\/wp-content\/uploads\/sites\/10\/2015\/06\/TESE-LTA-Felipe-Roberto-Amaral-Ferreira-do-Valle.pdf\">Avalia\u00e7\u00e3o do efeito de extrato aquoso de aroeira (<em>Schinus terebenthifolius<\/em>, Raddi) adicionado \u00e0 produtos c\u00e1rneos<\/a>.<\/p>\n<p>Aluno: Lanusse Cordeiro de Ara\u00fajo<br \/>\nOrientador: Prof. Geraldo de Amaral Gravina<br \/>\nData de In\u00edcio: 03\/2011<br \/>\nData de Defesa de Tese: 08\/04\/2015<br \/>\nT\u00edtulo da Tese: <a title=\"Teses 2015 - conclu\u00eddas\" href=\"https:\/\/uenf.br\/posgraduacao\/producao-vegetal\/wp-content\/uploads\/sites\/10\/2015\/07\/Tese-Doutorado-Lanusse-Cordeiro-Araujo.pdf\">Valor de cultivo e uso (VCU) de linhagens F9-10 de feij\u00e3o-de-vagem em Bom Jesus do Itabapoana e Cambuci \u2013 RJ.<\/a><\/p>\n<p>Aluno: Roselaine Sanchez da Silva de Oliveira<br \/>\nOrientador: Prof. Luciano Pasqualoto Canellas<br \/>\nData de In\u00edcio: 04\/2011<br \/>\nData de Defesa de Tese: 24\/04\/2015<br \/>\nT\u00edtulo da Tese: <a href=\"https:\/\/uenf.br\/posgraduacao\/producao-vegetal\/wp-content\/uploads\/sites\/10\/2015\/11\/Tese-Roselaine-Sanchez-com-ficha-catalogr%C3%A1fica-Copia.pdf\" target=\"_blank\" rel=\"noopener\">Intera\u00e7\u00e3o entre fungos isolados durante a vermicompostagem com bact\u00e9rias promotoras do crescimento vegetal.<\/a><\/p>\n<p>Aluno: Lidiane de Lima Lousada<br \/>\nOrientador: Prof. Cl\u00e1udio Roberto Marciano<br \/>\nData de In\u00edcio: 03\/2011<br \/>\nData de Defesa de Tese: 30\/04\/2015<br \/>\nT\u00edtulo da Tese: <a href=\"https:\/\/uenf.br\/posgraduacao\/producao-vegetal\/wp-content\/uploads\/sites\/10\/2015\/11\/Tese-Lidiane-de-Lima-Lousada-vers%C3%A3o-impressa.pdf\" target=\"_blank\" rel=\"noopener\">Nutri\u00e7\u00e3o e crescimento do sorgo sacarino e altera\u00e7\u00f5es nos atributos do solo pela aplica\u00e7\u00e3o de lodo de esgoto dom\u00e9stico.<\/a><\/p>\n<p>Aluno: Validoro Bazoni Giro<br \/>\nOrientador: Prof. F\u00e1bio Lopes Olivares<br \/>\nData de In\u00edcio: 03\/2011<br \/>\nData de Defesa de Tese: 08\/05\/2015<br \/>\nT\u00edtulo da Tese: <a title=\"Teses 2015 - conclu\u00eddas\" href=\"https:\/\/uenf.br\/posgraduacao\/producao-vegetal\/wp-content\/uploads\/sites\/10\/2015\/08\/Tese_Validoro-Bazoni-Giro.pdf\">Altera\u00e7\u00f5es na din\u00e2mica de f\u00f3sforo no sistema solo-planta promovidas por micro-organismos solubilizadores.<\/a><\/p>\n<p>Aluno: C\u00e1tia Oliveira de Paula Morais<br \/>\nOrientador: Prof. Richard Ian Samuels<br \/>\nData de In\u00edcio: 03\/2011<br \/>\nData de Defesa de Tese: 27\/05\/2015<br \/>\nT\u00edtulo da Tese: <a href=\"https:\/\/uenf.br\/posgraduacao\/producao-vegetal\/wp-content\/uploads\/sites\/10\/2015\/10\/Vers%C3%A3o_final_tesecatia_2015.pdf\" target=\"_blank\" rel=\"noopener\">Combina\u00e7\u00e3o de fungos entomopatog\u00eanicos com o inseticida diflubenzuron e o encapsulamento de <em>Metarhizium anisopliae<\/em> visando o controle de larvas de <em>Aedes aegypti<\/em>.<\/a><\/p>\n<p>Aluno: C\u00edntia Aparecida Bremenkamp<br \/>\nOrientador: Prof\u00aa Cl\u00e1udia Sales Marinho<br \/>\nData de In\u00edcio: 03\/2011<br \/>\nData de Defesa de Tese: 28\/05\/2015<br \/>\nT\u00edtulo da Tese: <a href=\"https:\/\/uenf.br\/posgraduacao\/producao-vegetal\/wp-content\/uploads\/sites\/10\/2015\/10\/Tese_Cintia_A_Bremenkamp.pdf\" target=\"_blank\" rel=\"noopener\">Dissimilaridade gen\u00e9tica, fenologia e caracteriza\u00e7\u00e3o agron\u00f4mica de acessos de ara\u00e7azeiros em cultivo irrigado no Norte Fluminense.<\/a><\/p>\n<p>Aluno: Jana\u00edna Aparecida Hottz Rima<br \/>\nOrientador: Prof. Arnoldo Rocha Fa\u00e7anha<br \/>\nData de In\u00edcio: 04\/2011<br \/>\nData de Defesa de Tese: 29\/05\/2015<br \/>\nT\u00edtulo da Tese: <a href=\"https:\/\/uenf.br\/posgraduacao\/producao-vegetal\/wp-content\/uploads\/sites\/10\/2016\/03\/JANA%C3%8DNA_A_HOTTZ_RIMA.pdf\" target=\"_blank\" rel=\"noopener\">Bombas de pr\u00f3tons como marcadores bioqu\u00edmicos de respostas adaptativas ao estresse a baixas temperaturas.<\/a><\/p>\n<div id=\"__if72ru4sdfsdfrkjahiuyi_once\">Aluno: Ana Carolina Guzzo Monteiro<br \/>\nOrientador: Prof. Silv\u00e9rio de Paiva Freitas<\/div>\n<div>Data de In\u00edcio: 04\/2011<br \/>\nData de Defesa de Tese: 03\/06\/2015<br \/>\nT\u00edtulo da Tese: <a title=\"Teses 2015 - conclu\u00eddas\" href=\"https:\/\/uenf.br\/posgraduacao\/producao-vegetal\/wp-content\/uploads\/sites\/10\/2015\/08\/Tese-Ana-Carolina-final.pdf\">Atividade biol\u00f3gica e avalia\u00e7\u00e3o preliminar da fenologia de <em>Eupatorium maximilianii<\/em> Schrad. (Mata Pasto).<\/a><\/div>\n<p>Aluno: Carmozene Maria Silva Santos<br \/>\nOrientador: Prof. Paulo Marcelo de Souza<br \/>\nData de In\u00edcio: 03\/2011<br \/>\nData de Defesa de Tese: 18\/06\/2015<br \/>\nT\u00edtulo da Tese: <a href=\"https:\/\/uenf.br\/posgraduacao\/producao-vegetal\/wp-content\/uploads\/sites\/10\/2016\/01\/Tese_Carmozene.pdf\" target=\"_blank\" rel=\"noopener\">Avalia\u00e7\u00e3o das disparidades regionais na distribui\u00e7\u00e3o do cr\u00e9dito do PRONAF no estado do Maranh\u00e3o, entre 1998 a 2012.<\/a><\/p>\n<p>Aluno: Wanderson Souza Rabello<br \/>\nOrientador: Prof. Jos\u00e9 Tarc\u00edsio Lima Thi\u00e9baut<br \/>\nData de In\u00edcio: 04\/2011<br \/>\nData de Defesa de Tese: 30\/06\/2015<br \/>\nT\u00edtulo da Tese: <a href=\"https:\/\/uenf.br\/posgraduacao\/producao-vegetal\/wp-content\/uploads\/sites\/10\/2015\/09\/Tese-Wanderson-Rabello.pdf\" target=\"_blank\" rel=\"noopener\">Modelos mistos lineares em an\u00e1lise de dados longitudinais em gen\u00f3tipos de feij\u00e3o vagem.<\/a><\/p>\n<p>Aluno: Marcus Vinicius da Silva Sales<br \/>\nOrientador: Prof. Ant\u00f4nio Carlos da Gama-Rodrigues<br \/>\nData de In\u00edcio: 08\/2011<br \/>\nData de Defesa de Tese: 29\/07\/2015<br \/>\nT\u00edtulo da Tese: <a href=\"https:\/\/uenf.br\/posgraduacao\/producao-vegetal\/wp-content\/uploads\/sites\/10\/2015\/11\/Tese_Marcus-Vinicius-revis%C3%A3o_Final.pdf\" target=\"_blank\" rel=\"noopener\">Modelagem de equa\u00e7\u00f5es estruturais aplicada ao estudo do ciclo do P em solos tropicais.<\/a><\/p>\n<p>Aluno: Daniele Lima Rodrigues<br \/>\nOrientador: Prof. Alexandre Pio Viana<br \/>\nData de In\u00edcio: 08\/2011<br \/>\nData de Defesa de Tese: 27\/08\/2015<br \/>\nT\u00edtulo da Tese: <a href=\"https:\/\/uenf.br\/posgraduacao\/producao-vegetal\/wp-content\/uploads\/sites\/10\/2015\/10\/Tese-Daniele-Lima-Rodrigues.pdf\" target=\"_blank\" rel=\"noopener\">Qualidade de sementes e variabilidade gen\u00e9tica de prog\u00eanies C03 de de maracujazeiro-azedo em fun\u00e7\u00e3o da aduba\u00e7\u00e3o e do armazenamento.<\/a><\/p>\n<p>Aluno: Adriano Soares R\u00eago<br \/>\nOrientador: Prof. Gilberto Soares Albuquerque<br \/>\nData de In\u00edcio: 03\/2011<br \/>\nData de Defesa de Tese: 28\/08\/2015<br \/>\nT\u00edtulo da Tese: <a href=\"https:\/\/uenf.br\/posgraduacao\/producao-vegetal\/wp-content\/uploads\/sites\/10\/2017\/04\/REGO-AS_TESE_2015.pdf\">Descri\u00e7\u00e3o e an\u00e1lise da variabilidade de um complexo de esp\u00e9cies de <em>Leucochysa <\/em>(<em>Nodita<\/em>) (Neuroptera, Chrysopidae) da Mata Atl\u00e2ntica, com base em caracteres de adultos.<\/a><\/p>\n<p>Aluno: Renata Rodrigues Robaina<br \/>\nOrientador: Prof. Ricardo Moreira de Souza<br \/>\nData de In\u00edcio: 04\/2011<br \/>\nData de Defesa de Tese: 29\/08\/2015<br \/>\nT\u00edtulo da Tese: <a href=\"https:\/\/uenf.br\/posgraduacao\/producao-vegetal\/wp-content\/uploads\/sites\/10\/2016\/08\/tese-Renata-Rodrigues-Robaina.pdf\" target=\"_blank\" rel=\"noopener\">Estrutura tr\u00f3fica de nematoides em fitotelmata de <em>Canistropsis billbergioides<\/em> e <em>Nidularium procerum<\/em> (Bromeliaceae) na Floresta Atl\u00e2ntica: variabilidade temporal e em fun\u00e7\u00e3o da arquitetura da planta.<\/a><\/p>\n<p>Aluno: Nat\u00e1lia de Oliveira Aguiar<br \/>\nOrientador: Prof. Luciano Pasqualoto Canellas<br \/>\nData de In\u00edcio: 10\/2011<br \/>\nData de Defesa de Tese: 15\/10\/2015<br \/>\nT\u00edtulo da Tese: <a href=\"https:\/\/uenf.br\/posgraduacao\/producao-vegetal\/wp-content\/uploads\/sites\/10\/2015\/12\/TESE-Final-Natalia-Aguiar.pdf\" target=\"_blank\" rel=\"noopener\">Perfil metab\u00f3lico de cana-de-a\u00e7\u00facar tratada com bioinoculante \u00e0 base de subst\u00e2ncias h\u00famicas e bact\u00e9rias diaz\u00f3troficas endof\u00edticas.<\/a><\/p>\n<p>Aluno: Jos\u00e9 Armando Pires Pereira<br \/>\nOrientador: Prof. Ivo Jos\u00e9 Curcino Vieira<br \/>\nData de In\u00edcio: 10\/2011<br \/>\nData de Defesa de Tese: 29\/10\/2015<br \/>\nT\u00edtulo da Tese: <a href=\"https:\/\/uenf.br\/posgraduacao\/producao-vegetal\/wp-content\/uploads\/sites\/10\/2016\/02\/Tese-final-Jose-Armando.pdf\" target=\"_blank\" rel=\"noopener\">F\u00f3sforo e fungos micorr\u00edzicos arbusculares no crescimento e produ\u00e7\u00e3o de capsaicinoides em pimenta (<em>Capsicum annuum <\/em>L. var.<em> annuun<\/em>).<\/a><\/p>\n<p>Aluno: Carlos Lacy Santos<br \/>\nOrientador: Prof. Alexandre Pio Viana<br \/>\nData de In\u00edcio: 08\/2011<br \/>\nData de Defesa de Tese: 30\/10\/2015<br \/>\nT\u00edtulo da Tese: <a href=\"https:\/\/uenf.br\/posgraduacao\/producao-vegetal\/wp-content\/uploads\/sites\/10\/2016\/02\/TESE-LACY-2015.pdf\" target=\"_blank\" rel=\"noopener\">Produtividade de qualidade dos frutos de prog\u00eanies de maracujazeiro azedo (<em>Passiflora edulis<\/em> Sims) adubadas com nitrog\u00eanio e pot\u00e1ssio.<\/a><\/p>\n<p>Aluno: Eurico Huziwara<br \/>\nOrientador: Prof. Silv\u00e9rio de Paiva Freitas<br \/>\nData de In\u00edcio: 06\/2011<br \/>\nData de Defesa de Tese: 30\/10\/2015<br \/>\nT\u00edtulo da Tese: <a href=\"https:\/\/uenf.br\/posgraduacao\/producao-vegetal\/wp-content\/uploads\/sites\/10\/2016\/02\/Tese-Eurico-Huziwara.pdf\" target=\"_blank\" rel=\"noopener\">Din\u00e2mica espacial do banco de sementes de plantas daninhas e da fauna ed\u00e1fica em \u00e1reas de cana-de-a\u00e7\u00facar.<\/a><\/p>\n<p>Aluno: Antonio Alonso Cecon Novo<br \/>\nOrientador: Prof. Rog\u00e9rio Figueiredo Daher<br \/>\nData de In\u00edcio: 04\/2012<br \/>\nData de Defesa de Tese: 05\/11\/2015<br \/>\nT\u00edtulo da Tese: <a href=\"https:\/\/uenf.br\/posgraduacao\/producao-vegetal\/wp-content\/uploads\/sites\/10\/2015\/12\/TESE-FINAL.pdf\" target=\"_blank\" rel=\"noopener\">Efeito de n\u00edveis de nitrog\u00eanio e pot\u00e1ssio em caracter\u00edsticas morfoagron\u00f4micas e an\u00e1lise econ\u00f4mica de gen\u00f3tipos de Capim-elefante (<em>Pennisetum purpureum<\/em> Schum) para fins energ\u00e9ticos.<\/a><\/p>\n<p>Aluno: Fernando Reynel Fundora Tellechea<br \/>\nOrientador: Prof. Marco Antonio Martins<br \/>\nData de In\u00edcio: 10\/2011<br \/>\nData de Defesa de Tese: 11\/11\/2015<br \/>\nT\u00edtulo da Tese: <a href=\"https:\/\/uenf.br\/posgraduacao\/producao-vegetal\/wp-content\/uploads\/sites\/10\/2016\/02\/TESE-FINAL.pdf\" target=\"_blank\" rel=\"noopener\">Torta de filtro de cana-de-a\u00e7\u00facar e NPK na biorremedia\u00e7\u00e3o em solos contamindos com \u00f3leo diesel.<\/a><\/p>\n<p>Aluno: Cynthia Pires Guimar\u00e3es<br \/>\nOrientador: Prof. Henrique Duarte Vieira<br \/>\nData de In\u00edcio: 10\/2011<br \/>\nData de Defesa de Tese: 26\/11\/2015<br \/>\nT\u00edtulo da Tese: <a href=\"https:\/\/uenf.br\/posgraduacao\/producao-vegetal\/wp-content\/uploads\/sites\/10\/2016\/03\/TESE-final-CYNTHIA-PIRES-GUIMAR%C3%83ES-C%C3%B3pia.pdf\" target=\"_blank\" rel=\"noopener\">Recobrimento de sementes de <em>Brachiaria brizantha<\/em> com silicato de c\u00e1lcio.<\/a><\/p>\n<p>Aluno: C\u00edntia Cristina Lima Teixeira<br \/>\nOrientador: Prof\u00aa Magali Hoffmann<br \/>\nData de In\u00edcio: 03\/2011<br \/>\nData de Defesa de Tese: 07\/12\/2015<br \/>\nT\u00edtulo da Tese: <a href=\"https:\/\/uenf.br\/posgraduacao\/producao-vegetal\/wp-content\/uploads\/sites\/10\/2017\/09\/Tese-C%C3%ADntia-C.L.-Teixeira-Vers%C3%A3o-DEFINITIVA-Entregue-31.08.2017.pdf\">Comunidade de Coleoptera na Reserva Natural Vale, Linhares, Esp\u00edrito Santo.<\/a><\/p>\n<p>Aluno: Sebasti\u00e3o Ney Costa de Almeida<br \/>\nOrientador: Prof. Silv\u00e9rio de Paiva Freitas<br \/>\nData de In\u00edcio: 04\/2012<br \/>\nData de Defesa de Tese: 17\/12\/2015<br \/>\nT\u00edtulo da Tese: <a href=\"https:\/\/uenf.br\/posgraduacao\/producao-vegetal\/wp-content\/uploads\/sites\/10\/2016\/04\/Tese-FINAL-Impress%C3%A3o.pdf\" target=\"_blank\" rel=\"noopener\">Cultivo sustent\u00e1vel de quiabo utilizando diferentes esp\u00e9cies vegetais como cobertura do solo em sistema de plantio direto.<\/a><\/p>\n<p>&nbsp;<\/p>\n","protected":false},"excerpt":{"rendered":"<p>Aluno: Priscilla Brites Xavier Orientador: Prof. Henrique Duarte Vieira Data de In\u00edcio: 03\/2011 Data de Defesa de Tese: 25\/02\/2015 T\u00edtulo&#8230;<\/p>\n","protected":false},"author":21,"featured_media":0,"parent":186,"menu_order":0,"comment_status":"closed","ping_status":"open","template":"","meta":{"footnotes":""},"class_list":["post-1161","page","type-page","status-publish","hentry"],"_links":{"self":[{"href":"https:\/\/uenf.br\/posgraduacao\/producao-vegetal\/wp-json\/wp\/v2\/pages\/1161","targetHints":{"allow":["GET"]}}],"collection":[{"href":"https:\/\/uenf.br\/posgraduacao\/producao-vegetal\/wp-json\/wp\/v2\/pages"}],"about":[{"href":"https:\/\/uenf.br\/posgraduacao\/producao-vegetal\/wp-json\/wp\/v2\/types\/page"}],"author":[{"embeddable":true,"href":"https:\/\/uenf.br\/posgraduacao\/producao-vegetal\/wp-json\/wp\/v2\/users\/21"}],"replies":[{"embeddable":true,"href":"https:\/\/uenf.br\/posgraduacao\/producao-vegetal\/wp-json\/wp\/v2\/comments?post=1161"}],"version-history":[{"count":0,"href":"https:\/\/uenf.br\/posgraduacao\/producao-vegetal\/wp-json\/wp\/v2\/pages\/1161\/revisions"}],"up":[{"embeddable":true,"href":"https:\/\/uenf.br\/posgraduacao\/producao-vegetal\/wp-json\/wp\/v2\/pages\/186"}],"wp:attachment":[{"href":"https:\/\/uenf.br\/posgraduacao\/producao-vegetal\/wp-json\/wp\/v2\/media?parent=1161"}],"curies":[{"name":"wp","href":"https:\/\/api.w.org\/{rel}","templated":true}]}}