{"id":133,"date":"2014-01-27T12:49:53","date_gmt":"2014-01-27T12:49:53","guid":{"rendered":"http:\/\/uenf.br\/pos-graduacao\/producao-vegetal\/?page_id=133"},"modified":"2024-08-13T11:13:25","modified_gmt":"2024-08-13T14:13:25","slug":"horarios-i2014","status":"publish","type":"page","link":"https:\/\/uenf.br\/posgraduacao\/producao-vegetal\/disciplinas\/horarios-i2014\/","title":{"rendered":"Hor\u00e1rios"},"content":{"rendered":"<p>Clique abaixo para visualizar o hor\u00e1rio das disciplinas.<\/p>\n<p><strong>ATEN\u00c7\u00c3O: ESTE HOR\u00c1RIO PODER\u00c1, EM CASOS EXCEPCIONAIS,\u00a0SOFRER MODIFICA\u00c7\u00d5ES.<\/strong><\/p>\n<ul>\n<li><a href=\"https:\/\/uenf.br\/posgraduacao\/producao-vegetal\/wp-content\/uploads\/sites\/10\/2024\/03\/HORARIO-2024-1-1.pdf\">Hor\u00e1rio &#8211; 1\/2024<\/a><\/li>\n<li><a href=\"https:\/\/uenf.br\/posgraduacao\/producao-vegetal\/wp-content\/uploads\/sites\/10\/2024\/08\/Horario-2024-2.pdf\">Hor\u00e1rio &#8211; 2\/2024<\/a><\/li>\n<\/ul>\n","protected":false},"excerpt":{"rendered":"<p>Clique abaixo para visualizar o hor\u00e1rio das disciplinas. ATEN\u00c7\u00c3O: ESTE HOR\u00c1RIO PODER\u00c1, EM CASOS EXCEPCIONAIS,\u00a0SOFRER MODIFICA\u00c7\u00d5ES. Hor\u00e1rio &#8211; 1\/2024 Hor\u00e1rio&#8230;<\/p>\n","protected":false},"author":21,"featured_media":0,"parent":17,"menu_order":2,"comment_status":"closed","ping_status":"open","template":"","meta":{"footnotes":""},"class_list":["post-133","page","type-page","status-publish","hentry"],"_links":{"self":[{"href":"https:\/\/uenf.br\/posgraduacao\/producao-vegetal\/wp-json\/wp\/v2\/pages\/133","targetHints":{"allow":["GET"]}}],"collection":[{"href":"https:\/\/uenf.br\/posgraduacao\/producao-vegetal\/wp-json\/wp\/v2\/pages"}],"about":[{"href":"https:\/\/uenf.br\/posgraduacao\/producao-vegetal\/wp-json\/wp\/v2\/types\/page"}],"author":[{"embeddable":true,"href":"https:\/\/uenf.br\/posgraduacao\/producao-vegetal\/wp-json\/wp\/v2\/users\/21"}],"replies":[{"embeddable":true,"href":"https:\/\/uenf.br\/posgraduacao\/producao-vegetal\/wp-json\/wp\/v2\/comments?post=133"}],"version-history":[{"count":0,"href":"https:\/\/uenf.br\/posgraduacao\/producao-vegetal\/wp-json\/wp\/v2\/pages\/133\/revisions"}],"up":[{"embeddable":true,"href":"https:\/\/uenf.br\/posgraduacao\/producao-vegetal\/wp-json\/wp\/v2\/pages\/17"}],"wp:attachment":[{"href":"https:\/\/uenf.br\/posgraduacao\/producao-vegetal\/wp-json\/wp\/v2\/media?parent=133"}],"curies":[{"name":"wp","href":"https:\/\/api.w.org\/{rel}","templated":true}]}}