{"id":140,"date":"2014-01-27T13:08:00","date_gmt":"2014-01-27T13:08:00","guid":{"rendered":"http:\/\/uenf.br\/pos-graduacao\/producao-vegetal\/?page_id=140"},"modified":"2021-10-07T18:45:49","modified_gmt":"2021-10-07T21:45:49","slug":"discentes","status":"publish","type":"page","link":"https:\/\/uenf.br\/posgraduacao\/producao-vegetal\/discentes\/","title":{"rendered":"Discentes"},"content":{"rendered":"<div align=\"center\"><b>EXIG\u00caNCIAS ACAD\u00caMICAS PARA <i>TODOS<\/i> OS P\u00d3S-GRADUANDOS DO PROGRAMA<\/b><\/div>\n<div><b>\u00a0<\/b><\/div>\n<div><b>\u00a0<\/b><\/div>\n<div><b>**** DURANTE O CURSO<\/b><\/div>\n<div><b>\u00a0<\/b><\/div>\n<div><b>&#8211; Mestrado <\/b><\/div>\n<div><b>\u00a0<\/b><\/div>\n<div><b>1.<\/b> <b>Profici\u00eancia na L\u00edngua Inglesa<\/b>: Condi\u00e7\u00e3o obrigat\u00f3ria para solicita\u00e7\u00e3o da Defesa de Disserta\u00e7\u00e3o.<br \/>\n<b>2.<\/b> <b>Defesa de Projeto de Disserta\u00e7\u00e3o<\/b>: at\u00e9 12 meses ap\u00f3s o ingresso no Programa<br \/>\n<b>3.<\/b> <b>Relat\u00f3rio Anual<\/b>: final de cada ano cursado.<br \/>\n<b>4.<\/b> <b>Semin\u00e1rio de tese<\/b>: Condi\u00e7\u00e3o obrigat\u00f3ria para solicita\u00e7\u00e3o da Defesa de Disserta\u00e7\u00e3o.<br \/>\n<b>5.<\/b> <b>Defesa da Disserta\u00e7\u00e3o<\/b>: at\u00e9 24 meses ap\u00f3s o ingresso no Programa.<\/div>\n<div><b>6.<\/b> <b>Curr\u00edculo Lattes<\/b>: Preenchimento e atualiza\u00e7\u00e3o do <i>Cv-lattes<\/i> durante o per\u00edodo do curso.<\/div>\n<div><b>7.<\/b> Observar <b>outras exig\u00eancias<\/b> espec\u00edficas para: <a href=\"http:\/\/uenf.br\/posgraduacao\/producao-vegetal\/wp-content\/uploads\/sites\/10\/2014\/01\/EXIG\u00caNCIAS-cnpq-1.pdf\">Bolsista CNPq<\/a>, <a href=\"http:\/\/uenf.br\/posgraduacao\/producao-vegetal\/wp-content\/uploads\/sites\/10\/2014\/01\/EXIG\u00caNCIAS-CAPES-1.pdf\">Bolsista CAPES<\/a>, <a href=\"http:\/\/uenf.br\/posgraduacao\/producao-vegetal\/wp-content\/uploads\/sites\/10\/2014\/01\/EXIG\u00caNCIAS-faperj-1.pdf\">Bolsista FAPERJ<\/a>, <a href=\"http:\/\/uenf.br\/posgraduacao\/producao-vegetal\/wp-content\/uploads\/sites\/10\/2014\/01\/EXIG\u00caNCIAS-UENF-1.pdf\">Bolsista UENF<\/a> e <a href=\"http:\/\/uenf.br\/posgraduacao\/producao-vegetal\/wp-content\/uploads\/sites\/10\/2014\/01\/EXIG\u00caNCIAS-sem-bolsa-1.pdf\">SEM BOLSA<\/a>.<\/div>\n<div>\n<hr \/>\n<\/div>\n<div>&#8211; <b>Doutorado <\/b><\/div>\n<div><b>\u00a0<\/b><\/div>\n<div><b>1. Profici\u00eancia na L\u00edngua Inglesa<\/b>: Condi\u00e7\u00e3o obrigat\u00f3ria para solicita\u00e7\u00e3o da Defesa de Tese.<br \/>\n<b>2. Defesa de Projeto de Tese<\/b>: at\u00e9 12 meses ap\u00f3s o ingresso no Programa<br \/>\n<b>3. Relat\u00f3rio anual<\/b>: final de cada ano cursado.<\/div>\n<div><b>4. Exame de Qualifica\u00e7\u00e3o<\/b>: dever\u00e1 ser conclu\u00eddo at\u00e9 o t\u00e9rmino do sexto per\u00edodo letivo do Doutorando (vide Resolu\u00e7\u00e3o 001\/2014)<br \/>\n<b>5. Semin\u00e1rio de tese:<\/b> Condi\u00e7\u00e3o obrigat\u00f3ria para solicita\u00e7\u00e3o da Defesa de Tese.<br \/>\n<b>6. Defesa da Tese:<\/b> at\u00e9 48 meses ap\u00f3s o ingresso no Programa.<br \/>\n<b>7. Curr\u00edculo Lattes:<\/b> Preenchimento e atualiza\u00e7\u00e3o do <i>Cv-lattes<\/i> durante o per\u00edodo do curso.<\/div>\n<p><b>8.<\/b>\u00a0Observar <b>outras exig\u00eancias<\/b> espec\u00edficas para: <a href=\"http:\/\/uenf.br\/posgraduacao\/producao-vegetal\/wp-content\/uploads\/sites\/10\/2014\/01\/EXIG\u00caNCIAS-cnpq-1.pdf\">Bolsista CNPq<\/a>, <a href=\"http:\/\/uenf.br\/posgraduacao\/producao-vegetal\/wp-content\/uploads\/sites\/10\/2014\/01\/EXIG\u00caNCIAS-CAPES-1.pdf\">Bolsista CAPES<\/a>, <a href=\"http:\/\/uenf.br\/posgraduacao\/producao-vegetal\/wp-content\/uploads\/sites\/10\/2014\/01\/EXIG\u00caNCIAS-faperj-1.pdf\">Bolsista FAPERJ<\/a>, <a href=\"http:\/\/uenf.br\/posgraduacao\/producao-vegetal\/wp-content\/uploads\/sites\/10\/2014\/01\/EXIG\u00caNCIAS-UENF-1.pdf\">Bolsista UENF<\/a> e <a href=\"http:\/\/uenf.br\/posgraduacao\/producao-vegetal\/wp-content\/uploads\/sites\/10\/2014\/01\/EXIG\u00caNCIAS-sem-bolsa-1.pdf\">SEM BOLSA<\/a>.<\/p>\n","protected":false},"excerpt":{"rendered":"<p>EXIG\u00caNCIAS ACAD\u00caMICAS PARA TODOS OS P\u00d3S-GRADUANDOS DO PROGRAMA \u00a0 \u00a0 **** DURANTE O CURSO \u00a0 &#8211; Mestrado \u00a0 1. Profici\u00eancia&#8230;<\/p>\n","protected":false},"author":21,"featured_media":0,"parent":0,"menu_order":13,"comment_status":"closed","ping_status":"open","template":"","meta":{"footnotes":""},"class_list":["post-140","page","type-page","status-publish","hentry"],"_links":{"self":[{"href":"https:\/\/uenf.br\/posgraduacao\/producao-vegetal\/wp-json\/wp\/v2\/pages\/140","targetHints":{"allow":["GET"]}}],"collection":[{"href":"https:\/\/uenf.br\/posgraduacao\/producao-vegetal\/wp-json\/wp\/v2\/pages"}],"about":[{"href":"https:\/\/uenf.br\/posgraduacao\/producao-vegetal\/wp-json\/wp\/v2\/types\/page"}],"author":[{"embeddable":true,"href":"https:\/\/uenf.br\/posgraduacao\/producao-vegetal\/wp-json\/wp\/v2\/users\/21"}],"replies":[{"embeddable":true,"href":"https:\/\/uenf.br\/posgraduacao\/producao-vegetal\/wp-json\/wp\/v2\/comments?post=140"}],"version-history":[{"count":0,"href":"https:\/\/uenf.br\/posgraduacao\/producao-vegetal\/wp-json\/wp\/v2\/pages\/140\/revisions"}],"wp:attachment":[{"href":"https:\/\/uenf.br\/posgraduacao\/producao-vegetal\/wp-json\/wp\/v2\/media?parent=140"}],"curies":[{"name":"wp","href":"https:\/\/api.w.org\/{rel}","templated":true}]}}