{"id":148,"date":"2014-01-27T16:26:35","date_gmt":"2014-01-27T16:26:35","guid":{"rendered":"http:\/\/uenf.br\/pos-graduacao\/producao-vegetal\/?page_id=148"},"modified":"2017-10-23T11:36:14","modified_gmt":"2017-10-23T13:36:14","slug":"mestrado-conclusao-em-2014","status":"publish","type":"page","link":"https:\/\/uenf.br\/posgraduacao\/producao-vegetal\/teses-e-dissertacoes-concluidas\/mestrado\/mestrado-conclusao-em-2014\/","title":{"rendered":"Mestrado &#8211; conclus\u00e3o em 2014"},"content":{"rendered":"<p>Aluno: Manuela de Souza Brito Siqueira<br \/>\nOrientador: Prof. Eder Dutra de Resende<br \/>\nData de In\u00edcio: 03\/2011<br \/>\nData de Defesa de Tese: 21\/01\/2014<br \/>\nT\u00edtulo da Tese: <a title=\"Disserta\u00e7\u00f5es 2014 - Conclu\u00eddas\" href=\"https:\/\/uenf.br\/posgraduacao\/producao-vegetal\/wp-content\/uploads\/sites\/10\/2014\/08\/Disserta%C3%A7%C3%A3o_Manuela.pdf\">Caracteriza\u00e7\u00e3o da qualidade de banana Prata-An\u00e3 armazenada em diferentes condi\u00e7\u00f5es de atmosfera controlada.<\/a><\/p>\n<p>Aluno: Willian Batista Silva<br \/>\nOrientador: Prof. Jurandi Gon\u00e7alves de Oliveira<br \/>\nData de In\u00edcio: 04\/2012<br \/>\nData de Defesa de Tese: 28\/01\/2014<br \/>\nT\u00edtulo da Tese: <a title=\"Disserta\u00e7\u00f5es 2014 - Conclu\u00eddas\" href=\"https:\/\/uenf.br\/posgraduacao\/producao-vegetal\/wp-content\/uploads\/sites\/10\/2014\/05\/Disserta%C3%A7%C3%A3o-final-Willian-Batista-Silva.pdf\">Efeito do cloreto de c\u00e1lcio e do uso de cobertura comest\u00edvel a base de quitosana na conserva\u00e7\u00e3o p\u00f3s-colheita do mam\u00e3o UENF\/Caliman01.<\/a><\/p>\n<p>Aluno: Samyra Imad da Silva Boeno<br \/>\nOrientador: Prof. Ricardo Enrique Bressan-Smith<br \/>\nData de In\u00edcio: 08\/2011<br \/>\nData de Defesa de Tese: 31\/01\/2014<br \/>\nT\u00edtulo da Tese: <a title=\"Disserta\u00e7\u00f5es 2014 - Conclu\u00eddas\" href=\"https:\/\/uenf.br\/posgraduacao\/producao-vegetal\/wp-content\/uploads\/sites\/10\/2015\/03\/Dissertac%CC%A7a%CC%83o-Samyra-Boeno.pdf\">Influ\u00eancia da temperatura sobre atividade da catalase, taxa respirat\u00f3ria e libera\u00e7\u00e3o da dorm\u00eancia em gemas de videira cultivadas em clima tropical.<\/a><\/p>\n<p>Aluno: Luciene Souza Ferreira<br \/>\nOrientador: Prof\u00aa Virginia Silva Carvalho<br \/>\nData de In\u00edcio: 04\/2012<br \/>\nData de Defesa de Tese: 03\/02\/2014<br \/>\nT\u00edtulo da Tese: <a title=\"Disserta\u00e7\u00f5es 2014 - Conclu\u00eddas\" href=\"https:\/\/uenf.br\/posgraduacao\/producao-vegetal\/wp-content\/uploads\/sites\/10\/2014\/05\/Disserta%C3%A7%C3%A3o_final-I_-_Luciene_.pdf\">Cultivo <em>in vitro<\/em> de orqu\u00eddeas em dois ambientes (sala de crescimento e casa de vegeta\u00e7\u00e3o): crescimento e capacidade fotossint\u00e9tica.<\/a><\/p>\n<p>Aluno: Monique Rodrigues Pereira<br \/>\nOrientador: Prof\u00aa Virginia Silva Carvalho<br \/>\nData de In\u00edcio: 04\/2012<br \/>\nData de Defesa de Tese: 05\/02\/2014<br \/>\nT\u00edtulo da Tese: <a title=\"Disserta\u00e7\u00f5es 2014 - Conclu\u00eddas\" href=\"https:\/\/uenf.br\/posgraduacao\/producao-vegetal\/wp-content\/uploads\/sites\/10\/2014\/05\/Disserta%C3%A7%C3%A3o_Monique.pdf\">Fontes alternativas de minerais e sacarose na micropropaga\u00e7\u00e3o da bananeira cv.Williams.<\/a><\/p>\n<p>Aluno: Ant\u00f3nio da Piedade Melo<br \/>\nOrientador: Prof. Luciano Pasqualoto Canellas<br \/>\nData de In\u00edcio: 04\/2012<br \/>\nData de Defesa de Tese: 11\/02\/2014<br \/>\nT\u00edtulo da Tese: <a title=\"Disserta\u00e7\u00f5es 2014 - Conclu\u00eddas\" href=\"https:\/\/uenf.br\/posgraduacao\/producao-vegetal\/wp-content\/uploads\/sites\/10\/2014\/03\/Disserta%C3%A7%C3%A3o_Ant%C3%B3nio-Melo_2014.pdf\">Avalia\u00e7\u00e3o da toler\u00e2ncia \u00e0 seca em feijoeiro inoculado com riz\u00f3bio e bact\u00e9rias diazotr\u00f3ficas endof\u00edticas na presen\u00e7a de \u00e1cidos h\u00famicos.<\/a><\/p>\n<p>Aluno: Janieli Maganha Silva Vivas<br \/>\nOrientador: Prof. Silvaldo Felipe da Silveira<br \/>\nData de In\u00edcio: 04\/2012<br \/>\nData de Defesa de Tese: 11\/02\/2014<br \/>\nT\u00edtulo da Tese: <a title=\"Disserta\u00e7\u00f5es 2014 - Conclu\u00eddas\" href=\"https:\/\/uenf.br\/posgraduacao\/producao-vegetal\/wp-content\/uploads\/sites\/10\/2014\/05\/Disserta%C3%A7%C3%A3o-Janieli-Maganha-Silva-Vivas.pdf\">Identifica\u00e7\u00e3o e caracteriza\u00e7\u00e3o de fungos hiperparaitas de <em>Asperisporium caricae<\/em>.<\/a><\/p>\n<p>Aluno: Lidiana Santana dos Santos de Oliveira<br \/>\nOrientador: Prof. Ivo Jos\u00e9 Curcino Vieira<br \/>\nData de In\u00edcio: 08\/2011<br \/>\nData de Defesa de Tese: 14\/02\/2014<br \/>\nT\u00edtulo da Tese: <a title=\"Disserta\u00e7\u00f5es 2014 - Conclu\u00eddas\" href=\"https:\/\/uenf.br\/posgraduacao\/producao-vegetal\/wp-content\/uploads\/sites\/10\/2014\/06\/DISSERTACAO_FINAL_COM_FOLHA_DE_APROVACAO_ASSINADA.pdf\">Constituintes qu\u00edmicos de <em>Conchocarpus cyrtanthus<\/em> (Rutaceae).<\/a><\/p>\n<p>Aluno: Seldon Aleixo<br \/>\nOrientador: Prof. Antonio Carlos da Gama-Rodrigues<br \/>\nData de In\u00edcio: 04\/2012<br \/>\nData de Defesa de Tese: 17\/02\/2014<br \/>\nT\u00edtulo da Tese: <a title=\"Disserta\u00e7\u00f5es 2014 - Conclu\u00eddas\" href=\"https:\/\/uenf.br\/posgraduacao\/producao-vegetal\/wp-content\/uploads\/sites\/10\/2015\/03\/Disserta%C3%A7%C3%A3o_com_Ficha_Seldon_Aleixo.pdf\">Transforma\u00e7\u00f5es das fra\u00e7\u00f5es de f\u00f3sforo em solos de agroflorestas de cacau e seringueira no estado da Bahia, Brasil.<\/a><\/p>\n<p>Aluno: Ja\u00eddson Gon\u00e7alves da Rocha<br \/>\nOrientador: Prof. Gilberto Soares Albuquerque<br \/>\nData de In\u00edcio: 04\/2011<br \/>\nData de Defesa de Tese: 19\/02\/2014<br \/>\nT\u00edtulo da Tese: <a title=\"Disserta\u00e7\u00f5es 2014 - Conclu\u00eddas\" href=\"https:\/\/uenf.br\/posgraduacao\/producao-vegetal\/wp-content\/uploads\/sites\/10\/2015\/01\/Disserta%C3%A7%C3%A3o-Vers%C3%A3o-Final-Jaidson-20150105.pdf\">Constitui\u00e7\u00e3o do pacote de lixo e do casulo das larvas de Chrysopidae (insecta, neuroptera) e rela\u00e7\u00e3o com suas presas em goiabeiras.<\/a><\/p>\n<p>Aluno: Lara Poses Mussi<br \/>\nOrientador: Prof\u00aa N\u00e1dia Rosa Pereira<br \/>\nData de In\u00edcio: 04\/2012<br \/>\nData de Defesa de Tese: 20\/02\/2014<br \/>\nT\u00edtulo da Tese: <a title=\"Disserta\u00e7\u00f5es 2014 - Conclu\u00eddas\" href=\"https:\/\/uenf.br\/posgraduacao\/producao-vegetal\/wp-content\/uploads\/sites\/10\/2014\/08\/Disserata%C3%A7%C3%A3o_Lara_Poses_Mussi_2014_entregue.pdf\">Secagem do res\u00edduo de jambol\u00e3o em leito de jorro.<\/a><\/p>\n<p>Aluno: Maria Lorraine Fonseca Oliveira<br \/>\nOrientador: Prof. Rog\u00e9rio Figueiredo Daher<br \/>\nData de In\u00edcio: 04\/2012<br \/>\nData de Defesa de Tese: 21\/02\/2014<br \/>\nT\u00edtulo da Tese: <a title=\"Disserta\u00e7\u00f5es 2014 - Conclu\u00eddas\" href=\"https:\/\/uenf.br\/posgraduacao\/producao-vegetal\/wp-content\/uploads\/sites\/10\/2015\/02\/Disserta%C3%A7%C3%A3o-Lorraine.pdf\">Avalia\u00e7\u00e3o Uni e Multivariada de caracter\u00edsticas morfoagron\u00f4micas para fins energ\u00e9ticos e estudo da diversidade gen\u00e9tica do capim-elefante com base em caracter\u00edsticas quantitativas e multicateg\u00f3ricas.<\/a><\/p>\n<p>Aluno: Jefferson Rangel da Silva<br \/>\nOrientador: Prof. Eliemar Campostrini<br \/>\nData de In\u00edcio: 04\/2012<br \/>\nData de Defesa de Tese: 21\/02\/2014<br \/>\nT\u00edtulo da Tese: <a title=\"Disserta\u00e7\u00f5es 2014 - Conclu\u00eddas\" href=\"https:\/\/uenf.br\/posgraduacao\/producao-vegetal\/wp-content\/uploads\/sites\/10\/2014\/05\/vers%C3%A3o-final.pdf\">An\u00e1lise de mudas de abacaxizeiro &#8216;Vit\u00f3ria&#8217; inoculado com bact\u00e9rias promotoras do crescimento vegetal submetidas a estresse h\u00eddrico durante aclimatiza\u00e7\u00e3o.<\/a><\/p>\n<p>Aluno: L\u00e1zaro Oliveira Prates<br \/>\nOrientador: Prof\u00aa Karla Silva Ferreira<br \/>\nData de In\u00edcio: 04\/2012<br \/>\nData de Defesa de Tese: 21\/02\/2014<br \/>\nT\u00edtulo da Tese: <a title=\"Disserta\u00e7\u00f5es 2014 - Conclu\u00eddas\" href=\"https:\/\/uenf.br\/posgraduacao\/producao-vegetal\/wp-content\/uploads\/sites\/10\/2014\/10\/disserta%C3%A7%C3%A3o-mestrado_-corre%C3%A7%C3%A3o-da-revisora.pdf\">Cadeia produtiva de abacaxi em S\u00e3o Francisco de Itabapoana, RJ, e efeito do Etefon na qualidade do abacaxi Jupi.<\/a><\/p>\n<p>Aluno: Ana S\u00edlvia Boroni de Oliveira<br \/>\nOrientador: Prof\u00aa N\u00e1dia Rosa Pereira<br \/>\nData de In\u00edcio: 04\/2012<br \/>\nData de Defesa de Tese: 21\/02\/2014<br \/>\nT\u00edtulo da Tese: <a title=\"Disserta\u00e7\u00f5es 2014 - Conclu\u00eddas\" href=\"https:\/\/uenf.br\/posgraduacao\/producao-vegetal\/wp-content\/uploads\/sites\/10\/2015\/01\/Disserta%C3%A7%C3%A3o-Vers%C3%A3o-Final-Ana-Silvia-Boroni-de-Oliveira-20150105.pdf\">Estudo da secagem de casca de abacaxi visando desenvolvimento de ch\u00e1 a partir do produto seco.<\/a><\/p>\n<p>Aluno: Mari\u00e1 Moraes Amorim<br \/>\nOrientador: Prof. Henrique Duarte Vieira<br \/>\nData de In\u00edcio: 04\/2012<br \/>\nData de Defesa de Tese: 21\/02\/2014<br \/>\nT\u00edtulo da Tese: <a title=\"Disserta\u00e7\u00f5es 2014 - Conclu\u00eddas\" href=\"https:\/\/uenf.br\/posgraduacao\/producao-vegetal\/wp-content\/uploads\/sites\/10\/2014\/06\/Disserta%C3%A7%C3%A3o-Mari%C3%A1-Moraes-Amorim.pdf\">Respostas fisiol\u00f3gicas de sementes de <em>Brachiaria brizantha<\/em> cv. MG5 ao tratamento com \u00e1cido h\u00famico.<\/a><\/p>\n<p>Aluno: Larissa Zambe Pinheiro<br \/>\nOrientador: Prof\u00aa Daniela Barros de Oliveira<br \/>\nData de In\u00edcio: 04\/2012<br \/>\nData de Defesa de Tese: 27\/02\/2014<br \/>\nT\u00edtulo da Tese: <a title=\"Disserta\u00e7\u00f5es 2014 - Conclu\u00eddas\" href=\"https:\/\/uenf.br\/posgraduacao\/producao-vegetal\/wp-content\/uploads\/sites\/10\/2015\/03\/Disserta%C3%A7%C3%A3o-Mestrado-Larissa-Zambe-Pinheiro-pdf.pdf\">Avalia\u00e7\u00e3o do perfil qu\u00edmico e quantifica\u00e7\u00e3o do potencial antioxidante e antibacteriano da esp\u00e9cie amea\u00e7ada de extin\u00e7\u00e3o <em>Paratecoma peroba<\/em> (Record e Mell) Kuhlm (peroba do campo).<\/a><\/p>\n<p>Aluno: Bruna Corr\u00eaa da Silva de Deus<br \/>\nOrientador: Prof. Eliemar Campostrini<br \/>\nData de In\u00edcio: 04\/2012<br \/>\nData de Defesa de Tese: 10\/03\/2014<br \/>\nT\u00edtulo da Tese: <a title=\"Disserta\u00e7\u00f5es 2014 - Conclu\u00eddas\" href=\"https:\/\/uenf.br\/posgraduacao\/producao-vegetal\/wp-content\/uploads\/sites\/10\/2014\/06\/Bruna-Corr%C3%AAa_disserta%C3%A7%C3%A3o.pdf\">Capacidade fotossint\u00e9tica e ontogenia foliar da videira &#8216;Niagara Rosada&#8217; cultivada sob cobertura pl\u00e1stica no Norte Fluminense.<\/a><\/p>\n<p>Aluno: An\u00e1lia Ar\u00eades<br \/>\nOrientador: Prof\u00aa Claudia de Melo Dolinski<br \/>\nData de In\u00edcio: 04\/2012<br \/>\nData de Defesa de Tese: 10\/03\/2014<br \/>\nT\u00edtulo da Tese: <a title=\"Disserta\u00e7\u00f5es 2014 - Conclu\u00eddas\" href=\"https:\/\/uenf.br\/posgraduacao\/producao-vegetal\/wp-content\/uploads\/sites\/10\/2014\/06\/Disserta%C3%A7%C3%A3o-com-ficha-catalogr%C3%A1fica.pdf\">Intera\u00e7\u00f5es de fungos nemat\u00f3fagos com os nematoides entomopatog\u00eanicos <em>Steinernema carpocapsae<\/em> NCALL e <em>Hetrorhabditis indica<\/em> LPP30 (Rhabditida).<\/a><\/p>\n<p>Aluno: Kariane Rodrigues de Sousa<br \/>\nOrientador: Prof\u00aa Claudete Santa Catarina<br \/>\nData de In\u00edcio: 04\/2012<br \/>\nData de Defesa de Tese: 13\/03\/2014<br \/>\nT\u00edtulo da Tese: <a title=\"Disserta\u00e7\u00f5es 2014 - Conclu\u00eddas\" href=\"https:\/\/uenf.br\/posgraduacao\/producao-vegetal\/wp-content\/uploads\/sites\/10\/2014\/07\/Dissertacao-Kariane-FINAL-completa.pdf\">Altera\u00e7\u00f5es fisiol\u00f3gicas e bioqu\u00edmicas durante o armazenamento de sementes de esp\u00e9cies nativas da Mata Atl\u00e2ntica amea\u00e7adas de extin\u00e7\u00e3o.<\/a><\/p>\n<p>Aluno: Karina de Jesus Soares<br \/>\nOrientador: Prof. Pedro Amorim Berbert<br \/>\nData de In\u00edcio: 04\/2012<br \/>\nData de Defesa de Tese: 14\/03\/2014<br \/>\nT\u00edtulo da Tese: <a title=\"Disserta\u00e7\u00f5es 2014 - Conclu\u00eddas\" href=\"https:\/\/uenf.br\/posgraduacao\/producao-vegetal\/wp-content\/uploads\/sites\/10\/2014\/07\/Disserta%C3%A7%C3%A3o-corrigida-p%C3%B3s-defesa-Karina-.pdf\">Propriedades diel\u00e9tricas de sementes de mam\u00e3o.<\/a><\/p>\n<p>Aluno: Lucas Luis Faustino<br \/>\nOrientador: Prof\u00aa Emanuela Forestieri da Gama-Rodrigues<br \/>\nData de In\u00edcio: 04\/2012<br \/>\nData de Defesa de Tese: 20\/03\/2014<br \/>\nT\u00edtulo da Tese: <a title=\"Disserta\u00e7\u00f5es 2014 - Conclu\u00eddas\" href=\"https:\/\/uenf.br\/posgraduacao\/producao-vegetal\/wp-content\/uploads\/sites\/10\/2014\/09\/Lucas_DISSERTA%C3%87%C3%83O_FINAL-GRAVAR-NO-CD.pdf\">Fra\u00e7\u00f5es do carbono oxid\u00e1vel em solos sob diferentes leguminosas florestais no Norte Fluminense.<\/a><\/p>\n<p>Aluno: R\u00e9gis Josu\u00e9 de Andrade Reis<br \/>\nOrientador: Prof. F\u00e1bio Lopes Olivares<br \/>\nData de In\u00edcio: 04\/2012<br \/>\nData de Defesa de Tese: 20\/03\/2014<br \/>\nT\u00edtulo da Tese: <a title=\"Disserta\u00e7\u00f5es 2014 - Conclu\u00eddas\" href=\"https:\/\/uenf.br\/posgraduacao\/producao-vegetal\/wp-content\/uploads\/sites\/10\/2014\/12\/Disserta%C3%A7%C3%A3o-R%C3%A9gis-Vers%C3%A3o-Final-20141512.pdf\">Din\u00e2mica populacional de bact\u00e9rias cultur\u00e1veis durante a vermicompostagem e avalia\u00e7\u00e3o do potencial bioinoculante dos isolados bacterianos.<\/a><\/p>\n<p>Aluno: Tiago Jos\u00e9 Freitas de Oliveira<br \/>\nOrientador: Prof\u00aa Deborah Guerra Barroso<br \/>\nData de In\u00edcio: 04\/2012<br \/>\nData de Defesa de Tese: 20\/03\/2014<br \/>\nT\u00edtulo da Tese: <a title=\"Disserta\u00e7\u00f5es 2014 - Conclu\u00eddas\" href=\"https:\/\/uenf.br\/posgraduacao\/producao-vegetal\/wp-content\/uploads\/sites\/10\/2014\/07\/Tiago-Jos%C3%A9-Freitas-de-Oliveira.pdf\">T\u00e9cnicas para recupera\u00e7\u00e3o de mata ciliar do rio Para\u00edba do Sul, na Regi\u00e3o Noroeste Fluminense.<\/a><\/p>\n<p>Aluno: L\u00edvia da Silva Lima<br \/>\nOrientador: Prof. Luciano Pasqualoto Canellas<br \/>\nData de In\u00edcio: 04\/2012<br \/>\nData de Defesa de Tese: 20\/03\/2014<br \/>\nT\u00edtulo da Tese: <a title=\"Disserta\u00e7\u00f5es 2014 - Conclu\u00eddas\" href=\"https:\/\/uenf.br\/posgraduacao\/producao-vegetal\/wp-content\/uploads\/sites\/10\/2014\/08\/Disserta%C3%A7%C3%A3o-vers%C3%A3o-final_final.pdf\">Altera\u00e7\u00e3o no perfil de exsuda\u00e7\u00e3o em pl\u00e2ntulas de milho tratadas com \u00e1cidos h\u00famicos e bact\u00e9rias promotoras do crescimento vegetal.<\/a><\/p>\n<p>Aluno: Felipe da Silva Costa<br \/>\nOrientador: Prof\u00aa Claudia de Melo Dolinski<br \/>\nData de In\u00edcio: 04\/2012<br \/>\nData de Defesa de Tese: 31\/03\/2014<br \/>\nT\u00edtulo da Tese: <a title=\"Disserta\u00e7\u00f5es 2014 - Conclu\u00eddas\" href=\"https:\/\/uenf.br\/posgraduacao\/producao-vegetal\/wp-content\/uploads\/sites\/10\/2014\/09\/Disserta%C3%A7%C3%A3o-final-completa-com-ficha-catalogr%C3%A1fica-PDF.pdf\">Isolamento e caracteriza\u00e7\u00e3o biol\u00f3gica de nematoides entomopatog\u00eanicos (Rhabditida) do manguezal do estu\u00e1rio do Rio Para\u00edba do Sul, RJ.<\/a><\/p>\n<p>Aluno: Maria Lucy Vieira de Assis<br \/>\nOrientador: Prof\u00aa Daniela Barros de Oliveira<br \/>\nData de In\u00edcio: 04\/2012<br \/>\nData de Defesa de Tese: 03\/04\/2014<br \/>\nT\u00edtulo da Tese: <a title=\"Disserta\u00e7\u00f5es 2014 - Conclu\u00eddas\" href=\"https:\/\/uenf.br\/posgraduacao\/producao-vegetal\/wp-content\/uploads\/sites\/10\/2014\/07\/Disserta%C3%A7%C3%A3o-Final-CD-Lucy.pdf\">Determina\u00e7\u00e3o do potencial antioxidante e quantifica\u00e7\u00e3o de compostos fen\u00f3licos por CLAE em acessos de <em>Capsicum baccatum var. pendulum<\/em>.<\/a><\/p>\n<p>Aluno: Pollyane Gomes Corr\u00eaa<br \/>\nOrientador: Prof\u00aa N\u00e1dia Rosa Pereira<br \/>\nData de In\u00edcio: 04\/2012<br \/>\nData de Defesa de Tese: 14\/04\/2014<br \/>\nT\u00edtulo da Tese: <a title=\"Disserta\u00e7\u00f5es 2014 - Conclu\u00eddas\" href=\"https:\/\/uenf.br\/posgraduacao\/producao-vegetal\/wp-content\/uploads\/sites\/10\/2015\/03\/Pollyane-Gomes-Corr%C3%AAa-Disserta%C3%A7%C3%A3o.pdf\">Secagem convectiva de abacaxi combinada com aplica\u00e7\u00e3o de pot\u00eancia de micro-ondas vari\u00e1vel.<\/a><\/p>\n<p>Aluno: Douglas Vianna Bahiense<br \/>\nOrientador: Prof. Paulo Marcelo de Souza<br \/>\nData de In\u00edcio: 04\/2012<br \/>\nData de Defesa de Tese: 25\/04\/2014<br \/>\nT\u00edtulo da Tese: <a title=\"Disserta\u00e7\u00f5es 2014 - Conclu\u00eddas\" href=\"https:\/\/uenf.br\/posgraduacao\/producao-vegetal\/wp-content\/uploads\/sites\/10\/2014\/07\/Douglas-Vianna-Bahiense-Disserta%C3%A7%C3%A3o-UENF-Vers%C3%A3o-Definitiva.pdf\">An\u00e1lise do desenvolvimento da fruticultura e seus efeitos sobre a produ\u00e7\u00e3o agr\u00edcola no estado do Rio de Janeiro.<\/a><\/p>\n<p>Aluno: Jos\u00e9 Carlos de Oliveira J\u00fanior<br \/>\nOrientador: Prof. Jos\u00e9 Tarc\u00edsio Lima Thi\u00e9baut<br \/>\nData de In\u00edcio: 04\/2012<br \/>\nData de Defesa de Tese: 29\/05\/2014<br \/>\nT\u00edtulo da Tese: <a title=\"Disserta\u00e7\u00f5es 2014 - Conclu\u00eddas\" href=\"https:\/\/uenf.br\/posgraduacao\/producao-vegetal\/wp-content\/uploads\/sites\/10\/2014\/07\/tese-jose-carlos-final.pdf\">Compara\u00e7\u00e3o de gen\u00f3tipos de feij\u00e3o-de-vagem por meio de curvas de crescimento, utilizando identidade de modelos lineares de regress\u00e3o.<\/a><\/p>\n<p>Aluno: Carla Roberta Ferraz Carvalho<br \/>\nOrientador: Prof. Niraldo Jos\u00e9 Ponciano<br \/>\nData de In\u00edcio: 04\/2012<br \/>\nData de Defesa de Tese: 30\/05\/2014<br \/>\nT\u00edtulo da Tese: <a title=\"Disserta\u00e7\u00f5es 2014 - Conclu\u00eddas\" href=\"https:\/\/uenf.br\/posgraduacao\/producao-vegetal\/wp-content\/uploads\/sites\/10\/2014\/11\/Disserta%C3%A7%C3%A3o-CARLA-ROBERTA-FERRAZ-CARVALHO-MAT-1121302433.pdf\">Sustentabilidade e an\u00e1lise econ\u00f4mica da tomaticultura de Cambuci-RJ.<\/a><\/p>\n<p>Aluno: Nath\u00e1lia Eccard Manh\u00e3es<br \/>\nOrientador: Prof\u00aa Janie Mendes Jasmim<br \/>\nData de In\u00edcio: 04\/2012<br \/>\nData de Defesa de Tese: 05\/06\/2014<br \/>\nT\u00edtulo da Tese: <a title=\"Disserta\u00e7\u00f5es 2014 - Conclu\u00eddas\" href=\"https:\/\/uenf.br\/posgraduacao\/producao-vegetal\/wp-content\/uploads\/sites\/10\/2014\/10\/Bact%C3%A9rias-Promotoras-do-Crescimento-Vegetal-e-Substratos-em-Bromeliaceae-e-Cactaceae-Nath%C3%A1lia-Eccard-Manh%C3%A3es.pdf\">Bact\u00e9rias promotoras do crescimento vegetal e substratos em Bromeliaceae e Cactaceae.<\/a><\/p>\n<p>Aluno: Rosana Teixeira Lelis<br \/>\nOrientador: Prof. Silv\u00e9rio de Paiva Freitas<br \/>\nData de In\u00edcio: 04\/2012<br \/>\nData de Defesa de Tese: 18\/06\/2014<br \/>\nT\u00edtulo da Tese: <a title=\"Disserta\u00e7\u00f5es 2014 - Conclu\u00eddas\" href=\"https:\/\/uenf.br\/posgraduacao\/producao-vegetal\/wp-content\/uploads\/sites\/10\/2014\/12\/Rosana-Teixeira-Lelis.pdf\">Efeito de diferentes per\u00edodos de estresse h\u00eddrico sobre a capacidade fotossint\u00e9tica, crescimento e o teor de \u00f3leo essencial em <em>Cymbopogon citratus<\/em> (Poaceae).<\/a><\/p>\n<p>Aluno: Gabriella Almeida Nogueira Linhares<br \/>\nOrientador: Prof. Claudio Roberto Marciano<br \/>\nData de In\u00edcio: 04\/2012<br \/>\nData de Defesa de Tese: 31\/07\/2014<br \/>\nT\u00edtulo da Tese: <a title=\"Disserta\u00e7\u00f5es 2014 - Conclu\u00eddas\" href=\"https:\/\/uenf.br\/posgraduacao\/producao-vegetal\/wp-content\/uploads\/sites\/10\/2014\/11\/Disserta%C3%A7%C3%A3o_Gabriella.pdf\">Distribui\u00e7\u00e3o do sistema radicular da laranjeira &#8216;Folha Murcha&#8217; enxertada sobre o limoeiro &#8216;Cravo&#8217; em um Argissolo Vermelho-Amarelo em resposta \u00e0 irriga\u00e7\u00e3o localizada.<\/a><\/p>\n<p>Aluno: Natiele Oliveira Gentil<br \/>\nOrientador: Prof\u00aa Meire Lelis Leal Martins<br \/>\nData de In\u00edcio: 04\/2012<br \/>\nData de Defesa de Tese: 07\/08\/2014<br \/>\nT\u00edtulo da Tese: <a title=\"Disserta\u00e7\u00f5es 2014 - Conclu\u00eddas\" href=\"https:\/\/uenf.br\/posgraduacao\/producao-vegetal\/wp-content\/uploads\/sites\/10\/2015\/04\/Disserta%C3%A7%C3%A3o-Natiele-Oliveira-Gentil.pdf\">Purifica\u00e7\u00e3o parcial de proteases termorresistentes secretadas por <em>Bacillus<\/em> sp SMIA-2 em culturas submersas contendo substratos de baixo custo.<\/a><\/p>\n<p>Aluno: J\u00e9ssica da Gl\u00f3ria Sant&#8217;Ana<br \/>\nOrientador: Prof\u00aa Emanuela Forestieri da Gama-Rodrigues<br \/>\nData de In\u00edcio: 04\/2012<br \/>\nData de Defesa de Tese: 12\/08\/2014<br \/>\nT\u00edtulo da Tese: <a title=\"Disserta\u00e7\u00f5es 2014 - Conclu\u00eddas\" href=\"https:\/\/uenf.br\/posgraduacao\/producao-vegetal\/wp-content\/uploads\/sites\/10\/2015\/03\/J%C3%A9ssica-2015-corre%C3%A7%C3%A3o-portugues-FINAL.pdf\">Qualidade da mat\u00e9ria org\u00e2nica pela espectroscopia de infravermelho de solos sob plantios florestais e pastos no Norte Fluminense &#8211; RJ.<\/a><\/p>\n<p>Aluno: Kleberson Cordeiro Ara\u00fajo<br \/>\nOrientador: Prof. Geraldo de Amaral Gravina<br \/>\nData de In\u00edcio: 04\/2012<br \/>\nData de Defesa de Tese: 14\/08\/2014<br \/>\nT\u00edtulo da Tese: <a title=\"Disserta\u00e7\u00f5es 2014 - Conclu\u00eddas\" href=\"https:\/\/uenf.br\/posgraduacao\/producao-vegetal\/wp-content\/uploads\/sites\/10\/2015\/01\/TESE-SECR%C3%89TARIA-KLEBERSON-2014.pdf\">Avalia\u00e7\u00e3o de linhagens promissoras de feij\u00e3o vagem (<em>Phaseolus vulgaris<\/em> L.) em Cambuci &#8211; RJ para estudo de valor de cultivo e uso.<\/a><\/p>\n<p>Aluno: Vanessa Vicente Vieira Andrade<br \/>\nOrientador: Prof\u00aa Meire Lelis Leal Martins<br \/>\nData de In\u00edcio: 06\/2011<br \/>\nData de Defesa de Tese: 15\/08\/2014<br \/>\nT\u00edtulo da Tese: Influ\u00eancia da secagem por atomiza\u00e7\u00e3o e liofiliza\u00e7\u00e3o na atividade de proteases e amilase de <em>Bacillus<\/em> sp SMIA-2. (divulga\u00e7\u00e3o n\u00e3o autorizada)<\/p>\n<p>Aluno: Denise de Oliveira Cardoso<br \/>\nOrientador: Prof\u00aa Claudia de Melo Dolinski<br \/>\nData de In\u00edcio: 09\/2012<br \/>\nData de Defesa de Tese: 13\/10\/2014<br \/>\nT\u00edtulo da Tese: <a title=\"Disserta\u00e7\u00f5es 2014 - Conclu\u00eddas\" href=\"https:\/\/uenf.br\/posgraduacao\/producao-vegetal\/wp-content\/uploads\/sites\/10\/2015\/03\/Disserta%C3%A7%C3%A3o-Denise-de-Oliveira-Cardoso-Final.pdf\">Potencial e caracteriza\u00e7\u00e3o do isolado de nematoide entomopatog\u00eanico LPP35 como agente no controle de formas imaturas de <em>Aedes aegypti<\/em>.<\/a><\/p>\n<p>Aluno: Mois\u00e9s Savedra Omena<br \/>\nOrientador: Prof. Elias Fernandes de Sousa<br \/>\nData de In\u00edcio: 04\/2012<br \/>\nData de Defesa de Tese: 05\/11\/2014<br \/>\nT\u00edtulo da Tese: <a title=\"Disserta\u00e7\u00f5es 2014 - Conclu\u00eddas\" href=\"https:\/\/uenf.br\/posgraduacao\/producao-vegetal\/wp-content\/uploads\/sites\/10\/2015\/02\/Completa-Dissertacao-Moises-Omena_ComFichaCatalografica_Color_Min.pdf\">Conjunto de ferramentas computacionais para an\u00e1lises agroclim\u00e1ticas.<\/a><\/p>\n<div id=\"__if72ru4rkjahiuyi_once\">Aluno: Alexander Soares Carvalho Silva<br \/>\nOrientador: Prof. Ricardo enrique Bressan-Smith<br \/>\nData de In\u00edcio: 04\/2012<br \/>\nData de Defesa de Tese: 28\/11\/2014<br \/>\nT\u00edtulo da Tese: <a href=\"https:\/\/uenf.br\/posgraduacao\/producao-vegetal\/wp-content\/uploads\/sites\/10\/2016\/04\/Disserta%C3%A7%C3%A3o-alexander-soares.pdf\" target=\"_blank\">Estimativa da produ\u00e7\u00e3o em &#8216;Niagara Rosada&#8217; (<em>Vitis labrusca<\/em> L.) a partir de um estudo sazonal da fenologia.<\/a><\/div>\n<div id=\"__if72ru4rkjahiuyi_once\"><\/div>\n","protected":false},"excerpt":{"rendered":"<p>Aluno: Manuela de Souza Brito Siqueira Orientador: Prof. Eder Dutra de Resende Data de In\u00edcio: 03\/2011 Data de Defesa de&#8230;<\/p>\n","protected":false},"author":21,"featured_media":0,"parent":30,"menu_order":0,"comment_status":"closed","ping_status":"open","template":"","meta":{"footnotes":""},"class_list":["post-148","page","type-page","status-publish","hentry"],"_links":{"self":[{"href":"https:\/\/uenf.br\/posgraduacao\/producao-vegetal\/wp-json\/wp\/v2\/pages\/148","targetHints":{"allow":["GET"]}}],"collection":[{"href":"https:\/\/uenf.br\/posgraduacao\/producao-vegetal\/wp-json\/wp\/v2\/pages"}],"about":[{"href":"https:\/\/uenf.br\/posgraduacao\/producao-vegetal\/wp-json\/wp\/v2\/types\/page"}],"author":[{"embeddable":true,"href":"https:\/\/uenf.br\/posgraduacao\/producao-vegetal\/wp-json\/wp\/v2\/users\/21"}],"replies":[{"embeddable":true,"href":"https:\/\/uenf.br\/posgraduacao\/producao-vegetal\/wp-json\/wp\/v2\/comments?post=148"}],"version-history":[{"count":0,"href":"https:\/\/uenf.br\/posgraduacao\/producao-vegetal\/wp-json\/wp\/v2\/pages\/148\/revisions"}],"up":[{"embeddable":true,"href":"https:\/\/uenf.br\/posgraduacao\/producao-vegetal\/wp-json\/wp\/v2\/pages\/30"}],"wp:attachment":[{"href":"https:\/\/uenf.br\/posgraduacao\/producao-vegetal\/wp-json\/wp\/v2\/media?parent=148"}],"curies":[{"name":"wp","href":"https:\/\/api.w.org\/{rel}","templated":true}]}}