{"id":1593,"date":"2016-01-14T13:51:22","date_gmt":"2016-01-14T13:51:22","guid":{"rendered":"http:\/\/uenf.br\/pos-graduacao\/producao-vegetal\/?page_id=1593"},"modified":"2023-05-17T10:17:28","modified_gmt":"2023-05-17T13:17:28","slug":"exame-de-qualificacao-3","status":"publish","type":"page","link":"https:\/\/uenf.br\/posgraduacao\/producao-vegetal\/exame-de-qualificacao-3\/","title":{"rendered":"Exame de Qualifica\u00e7\u00e3o"},"content":{"rendered":"<h1 style=\"text-align: center\"><span style=\"color: #0000ff\">ATEN\u00c7\u00c3O!!!<\/span><\/h1>\n<p>A Comiss\u00e3o Coordenadora do Programa de P\u00f3s-Gradua\u00e7\u00e3o em Produ\u00e7\u00e3o Vegetal aprovou, com validade a partir de 01 de janeiro de 2015, novas Normas para a realiza\u00e7\u00e3o do EXAME DE QUALIFICA\u00c7\u00c3O, por parte dos doutorandos vinculados ao Programa. \u00a0Alem disso, importante destacar algumas normas vigentes, vinculadas ao <a href=\"https:\/\/uenf.br\/reitoria\/secacad\/files\/2012\/08\/REGIMENTO-GERAL-DA-P%c3%93S-GRADUA%c3%87%c3%83O-RESOLU%c3%87%c3%83O-CONSUNI-N%c2%ba-02-DE-25.02.2011-PUBLICADA-DOERJ-DE-08.09.2011.pdf\"><span style=\"color: #0000ff\">Regimento Geral da P\u00f3s-Gradua\u00e7\u00e3o da UENF<\/span><\/a>, que organizam as regras do Exame de Qualifica\u00e7\u00e3o, sendo elas:<\/p>\n<p>Art. 15 &#8211; \u00c0 Comiss\u00e3o Coordenadora do Programa compete:<\/p>\n<p>IX &#8211; aprovar a constitui\u00e7\u00e3o de bancas de exame de projeto de disserta\u00e7\u00e3o ou de tese, de exame de qualifica\u00e7\u00e3o e defesa de disserta\u00e7\u00e3o ou de tese;<\/p>\n<p>Art. 42 &#8211; Ser\u00e1 desligado pela Coordena\u00e7\u00e3o do Programa o estudante que se enquadrar em uma ou mais, das seguintes situa\u00e7\u00f5es:<\/p>\n<p>VII &#8211; for reprovado pela 2\u00aa vez no Exame de Qualifica\u00e7\u00e3o, conforme art. 66, deste Regimento;<\/p>\n<p>&nbsp;<\/p>\n<p style=\"text-align: left\">CAP\u00cdTULO XII<br \/>\nDO EXAME DE QUALIFICA\u00c7\u00c3O<br \/>\nArt. 61 &#8211; Todo estudante candidato ao T\u00edtulo de Doutor em Ci\u00eancia dever\u00e1 prestar Exame de Qualifica\u00e7\u00e3o, regulamentado pela Coordena\u00e7\u00e3o do Programa.<br \/>\n\u00a7 1\u00ba &#8211; Somente poder\u00e1 prestar Exame de Qualifica\u00e7\u00e3o o estudante que tiver obedecido \u00e0s normas definidas pela regulamenta\u00e7\u00e3o do Programa.<br \/>\n\u00a7 2\u00ba &#8211; O Exame de Qualifica\u00e7\u00e3o dever\u00e1 ser realizado at\u00e9 o prazo m\u00e1ximo de 06 (seis) meses ap\u00f3s os estudantes terem integralizado os cr\u00e9ditos previstos em seu plano de estudo.<\/p>\n<p>Art. 62 &#8211; O Pedido de Exame de Qualifica\u00e7\u00e3o, assinado pelo estudante e com a recomenda\u00e7\u00e3o do orientador, ser\u00e1 encaminhado \u00e0 Comiss\u00e3o Coordenadora do Programa, para aprecia\u00e7\u00e3o e nomea\u00e7\u00e3o da Banca Examinadora.<br \/>\nPar\u00e1grafo \u00danico &#8211; A Banca Examinadora, constitu\u00edda de 04 (quatro) membros, incluindo o orientador como seu Presidente sem direito a voto, ser\u00e1 formada por Especialistas portadores do T\u00edtulo de Doutor ou equivalente, podendo o Presidente ter participa\u00e7\u00e3o facultativa na arg\u00fci\u00e7\u00e3o do candidato.<br \/>\nArt. 63 &#8211; O Exame de Qualifica\u00e7\u00e3o constar\u00e1 de avalia\u00e7\u00f5es de mat\u00e9rias consideradas pertinentes \u00e0 cada \u00c1rea de Concentra\u00e7\u00e3o, definidas como tais pela Comiss\u00e3o Coordenadora do Programa.<br \/>\nPar\u00e1grafo \u00danico &#8211; Os procedimentos dos Exames de Qualifica\u00e7\u00e3o ser\u00e3o definidos pelas Comiss\u00f5es Coordenadoras dos Programas, que dar\u00e3o pr\u00e9vio conhecimento \u00e0 CPPG.<br \/>\nArt. 64 &#8211; Ser\u00e1 considerado Aprovado o estudante que obtiver a indica\u00e7\u00e3o favor\u00e1vel da maioria dos membros da Banca Examinadora.<br \/>\nArt. 65 &#8211; O resultado do exame dever\u00e1 ser comunicado pela Comiss\u00e3o Coordenadora do Programa \u00e0 SECACAD, em formul\u00e1rio pr\u00f3prio, at\u00e9 20 (vinte) dias ap\u00f3s sua realiza\u00e7\u00e3o.<br \/>\nArt. 66 &#8211; Ao estudante n\u00e3o aprovado no exame poder\u00e1 ser concedida mais uma oportunidade, a crit\u00e9rio da Comiss\u00e3o Coordenadora do Programa, decorrido um prazo m\u00ednimo de 03 (tr\u00eas) e m\u00e1ximo de 06 (seis) meses, a contar da data de sua realiza\u00e7\u00e3o.<br \/>\nPar\u00e1grafo \u00danico &#8211; Para a sua decis\u00e3o a Comiss\u00e3o Coordenadora dever\u00e1 basear-se em parecer consubstanciado preparado pela Banca do primeiro exame e de parecer do orientador.<\/p>\n<ul>\n<li><strong>Normas Para o Exame de Qualifica\u00e7\u00e3o &#8211; Produ\u00e7\u00e3o Vegetal<\/strong> &#8211; \u00a0<span style=\"text-decoration: underline\"><span style=\"color: #0000ff;text-decoration: underline\"><a style=\"color: #0000ff;text-decoration: underline\" href=\"http:\/\/uenf.br\/posgraduacao\/producao-vegetal\/wp-content\/uploads\/sites\/10\/2016\/01\/Normas-Qualifica\u00e7\u00e3o-vers\u00e3o-final.pdf\" target=\"_blank\" rel=\"noopener\">vers\u00e3o final<\/a>\u00a0<\/span><\/span><\/li>\n<li><strong>Formul\u00e1rio para Solicita\u00e7\u00e3o de Exame de Qualifica\u00e7\u00e3o<\/strong> &#8211; <span style=\"text-decoration: underline\"><span style=\"color: #0000ff\"><a style=\"color: #0000ff;text-decoration: underline\" href=\"http:\/\/uenf.br\/posgraduacao\/producao-vegetal\/wp-content\/uploads\/sites\/10\/2016\/01\/Formul\u00e1rio-para-Exame-de-Qualifica\u00e7\u00e3o.doc\" target=\"_blank\" rel=\"noopener\">vers\u00e3o final<\/a><\/span><\/span><\/li>\n<li><strong><a href=\"https:\/\/uenf.br\/posgraduacao\/producao-vegetal\/wp-content\/uploads\/sites\/10\/2023\/05\/FORMULARIO-PRORROGACAO-DE-EXAME-DE-QUALIFICACAO.docx\">Formul\u00e1rio para extens\u00e3o do Exame de Qualifica\u00e7\u00e3o<\/a><\/strong><\/li>\n<\/ul>\n","protected":false},"excerpt":{"rendered":"<p>ATEN\u00c7\u00c3O!!! A Comiss\u00e3o Coordenadora do Programa de P\u00f3s-Gradua\u00e7\u00e3o em Produ\u00e7\u00e3o Vegetal aprovou, com validade a partir de 01 de janeiro&#8230;<\/p>\n","protected":false},"author":21,"featured_media":0,"parent":0,"menu_order":16,"comment_status":"closed","ping_status":"closed","template":"","meta":{"footnotes":""},"class_list":["post-1593","page","type-page","status-publish","hentry"],"_links":{"self":[{"href":"https:\/\/uenf.br\/posgraduacao\/producao-vegetal\/wp-json\/wp\/v2\/pages\/1593","targetHints":{"allow":["GET"]}}],"collection":[{"href":"https:\/\/uenf.br\/posgraduacao\/producao-vegetal\/wp-json\/wp\/v2\/pages"}],"about":[{"href":"https:\/\/uenf.br\/posgraduacao\/producao-vegetal\/wp-json\/wp\/v2\/types\/page"}],"author":[{"embeddable":true,"href":"https:\/\/uenf.br\/posgraduacao\/producao-vegetal\/wp-json\/wp\/v2\/users\/21"}],"replies":[{"embeddable":true,"href":"https:\/\/uenf.br\/posgraduacao\/producao-vegetal\/wp-json\/wp\/v2\/comments?post=1593"}],"version-history":[{"count":0,"href":"https:\/\/uenf.br\/posgraduacao\/producao-vegetal\/wp-json\/wp\/v2\/pages\/1593\/revisions"}],"wp:attachment":[{"href":"https:\/\/uenf.br\/posgraduacao\/producao-vegetal\/wp-json\/wp\/v2\/media?parent=1593"}],"curies":[{"name":"wp","href":"https:\/\/api.w.org\/{rel}","templated":true}]}}