{"id":167,"date":"2014-01-27T17:37:03","date_gmt":"2014-01-27T17:37:03","guid":{"rendered":"http:\/\/uenf.br\/pos-graduacao\/producao-vegetal\/?page_id=167"},"modified":"2017-11-23T11:42:48","modified_gmt":"2017-11-23T13:42:48","slug":"mestrado-conclusao-em-2006","status":"publish","type":"page","link":"https:\/\/uenf.br\/posgraduacao\/producao-vegetal\/teses-e-dissertacoes-concluidas\/mestrado\/mestrado-conclusao-em-2006\/","title":{"rendered":"Mestrado &#8211; conclus\u00e3o em 2006"},"content":{"rendered":"<p>Aluno: Elaine Cristina de Ponte<br \/>\nOrientador: Prof. Silvaldo Felipe da Silveira<br \/>\nData de In\u00edcio: 03\/2003<br \/>\nData de Defesa de Tese: 25\/01\/2006<br \/>\nT\u00edtulo da Tese: <a href=\"https:\/\/uenf.br\/posgraduacao\/producao-vegetal\/wp-content\/uploads\/sites\/10\/2017\/11\/Elaine-Ponte.pdf\">Incid\u00eancia de <em>Leifsonia xyli<\/em> subsp. <em>xyli<\/em> em \u00e1reas de multiplica\u00e7\u00e3o de cana-de-a\u00e7\u00facar no Esp\u00edrito Santo, Sul da Bahia e Oeste Mineiro e determina\u00e7\u00e3o do tamanho\u00a0da amostra para detec\u00e7\u00e3o sorol\u00f3gica.<\/a><\/p>\n<hr \/>\n<p>&nbsp;<\/p>\n<p>Aluno: Rog\u00e9rio Freire de Carvalho Valen\u00e7a<br \/>\nOrientador: Prof\u00aa Emanuela Forestieri da Gama-Rodrigues<br \/>\nData de In\u00edcio: 10\/2003<br \/>\nData de Defesa de Tese: 01\/02\/2006<br \/>\nT\u00edtulo da Tese: Caracteriza\u00e7\u00e3o de atributos microbiol\u00f3gicos e qu\u00edmicos do solo e da serapilheira sob diferentes coberturas vegetais, em projeto de recupera\u00e7\u00e3o de terras degradadas em Concei\u00e7\u00e3o de Macabu \u2013 RJ.<\/p>\n<hr \/>\n<p>&nbsp;<\/p>\n<p>Aluno: Marcelo Andrade Pereira<br \/>\nOrientador: Prof. Pedro Henrique Monnerat<br \/>\nData de In\u00edcio: 03\/2004<br \/>\nData de Defesa de Tese: 07\/02\/2006<br \/>\nT\u00edtulo da Tese:<a href=\"https:\/\/uenf.br\/posgraduacao\/producao-vegetal\/wp-content\/uploads\/sites\/10\/2017\/11\/Marcelo-Pereira.pdf\"> Recupera\u00e7\u00e3o de coqueiral an\u00e3o verde (<em>Cocos nucifera<\/em> L) utilizando adubos qu\u00edmicos e org\u00e2nicos,\u00a0cobertura morta e irriga\u00e7\u00e3o\u00a0no Norte Fluminense.<\/a><\/p>\n<hr \/>\n<p>&nbsp;<\/p>\n<p>Aluno: Maria Kellen da Silva Mo\u00e7o<br \/>\nOrientador: Prof\u00aa Emanuela Forestieri da Gama-Rodrigues<br \/>\nData de In\u00edcio: 03\/2004<br \/>\nData de Defesa de Tese: 15\/02\/2006<br \/>\nT\u00edtulo da Tese: <a href=\"https:\/\/uenf.br\/posgraduacao\/producao-vegetal\/wp-content\/uploads\/sites\/10\/2017\/11\/Maria-Kellen.pdf\">Fauna do solo em diferentes agrossistemas de cacau no sul da Bahia.\u00a0<\/a><\/p>\n<hr \/>\n<p>&nbsp;<\/p>\n<p>Aluno: Daniel Bas\u00edlio Zandonadi<br \/>\nOrientador: Prof. Luciano Pasqualoto Canellas<br \/>\nData de In\u00edcio: 03\/2004<br \/>\nData de Defesa de Tese: 17\/02\/2006<br \/>\nT\u00edtulo da Tese: <a href=\"https:\/\/uenf.br\/posgraduacao\/producao-vegetal\/wp-content\/uploads\/sites\/10\/2017\/11\/Daniel-zandonadi.pdf\">Bioatividade de subst\u00e2ncias h\u00famicas: promo\u00e7\u00e3o do desenvolvimento radicular e ativa\u00e7\u00e3o das bombas de H+.\u00a0<\/a><\/p>\n<hr \/>\n<p>&nbsp;<\/p>\n<p>Aluno: Ana Paula C\u00e2ndido Gabriel<br \/>\nOrientador: Prof. Messias Gonzaga Pereira<br \/>\nData de In\u00edcio: 03\/2004<br \/>\nData de Defesa de Tese: 09\/03\/2006<br \/>\nT\u00edtulo da Tese: <a href=\"https:\/\/uenf.br\/posgraduacao\/producao-vegetal\/wp-content\/uploads\/sites\/10\/2017\/11\/Ana-Paula-Gabriel.pdf\">Sele\u00e7\u00e3o recorrente rec\u00edproca em fam\u00edlias de irm\u00e3os completos em milho (Zea mays L.) assistida por marcadores moleculares<\/a><\/p>\n<hr \/>\n<p>&nbsp;<\/p>\n<p>Aluno: Roberto Batista Marques J\u00fanior<br \/>\nOrientador: Prof. Luciano Pasqualoto Canellas<br \/>\nData de In\u00edcio: 03\/2004<br \/>\nData de Defesa de Tese: 23\/03\/2006<br \/>\nT\u00edtulo da Tese: Potencial do uso combinado de subst\u00e2ncias h\u00famicas e bact\u00e9rias diazotr\u00f3ficas endof\u00edticas para bioestimula\u00e7\u00e3o de plantas.<\/p>\n<hr \/>\n<p>&nbsp;<\/p>\n<p>Aluno: Camila Rocha da Silva<br \/>\nOrientador: Prof\u00aa Meire L\u00e9lis Leal Martins<br \/>\nData de In\u00edcio: 03\/2004<br \/>\nData de Defesa de Tese: 05\/04\/2006<br \/>\nT\u00edtulo da Tese: <a href=\"https:\/\/uenf.br\/posgraduacao\/producao-vegetal\/wp-content\/uploads\/sites\/10\/2017\/11\/Camila-Silva.pdf\">Otimiza\u00e7\u00e3o do meio de cultura a base de soro de leite e \u00e1gua de macera\u00e7\u00e3o de milho para\u00a0produ\u00e7\u00e3o de proteases por <em>Bacillus<\/em> sp SMIA-2.\u00a0<\/a><\/p>\n<hr \/>\n<p>&nbsp;<\/p>\n<p>Aluno: Ramon Macedo Rangel<br \/>\nOrientador: Prof. Antonio Teixeira do Amaral J\u00fanior<br \/>\nData de In\u00edcio: 03\/2004<br \/>\nData de Defesa de Tese: 23\/03\/2006<br \/>\nT\u00edtulo da Tese: <a href=\"https:\/\/uenf.br\/posgraduacao\/producao-vegetal\/wp-content\/uploads\/sites\/10\/2017\/11\/Ramon-Rangel.pdf\">Dialelo circulante na avalia\u00e7\u00e3o de h\u00edbridos e na identifica\u00e7\u00e3o de compostos superiores de milho pipoca. <\/a><\/p>\n<hr \/>\n<p>&nbsp;<\/p>\n<p>Aluno: Eliane Souza Brito<br \/>\nOrientador: Prof. Richard Ian Samuels<br \/>\nData de In\u00edcio: 03\/2004<br \/>\nData de Defesa de Tese: 06\/04\/2006<br \/>\nT\u00edtulo da Tese: <a href=\"https:\/\/uenf.br\/posgraduacao\/producao-vegetal\/wp-content\/uploads\/sites\/10\/2017\/11\/Elaine-Brito.pdf\">Controle microbiano de <em>Corythaica<\/em> sp. e <em>Conotrachelus psidii<\/em> na cultura da\u00a0goiabeira: formula\u00e7\u00f5es para incrementar a efici\u00eancia de <em>Beauveria bassiana<\/em> e <em>Metarhizium anisopliae<\/em>.<\/a><\/p>\n<hr \/>\n<p>&nbsp;<\/p>\n<p>Aluno: Luciana Ribeiro Coutinho de Oliveira Mansur<br \/>\nOrientador: Prof\u00aa Meire L\u00e9lis Leal Martins<br \/>\nData de In\u00edcio: 08\/2004<br \/>\nData de Defesa de Tese: 06\/04\/2006<br \/>\nT\u00edtulo da Tese: <a href=\"https:\/\/uenf.br\/posgraduacao\/producao-vegetal\/wp-content\/uploads\/sites\/10\/2017\/11\/Luciana-Mansur.pdf\">Utiliza\u00e7\u00e3o de soro de leite para a produ\u00e7\u00e3o de amilases por <em>Bacillus<\/em> sp SMIA-2.<\/a><\/p>\n<hr \/>\n<p>&nbsp;<\/p>\n<p>Aluno: S\u00e1vio da Silva Berilli<br \/>\nOrientador: Prof. Jurandi Gon\u00e7alves de Oliveira<br \/>\nData de In\u00edcio: 03\/2004<br \/>\nData de Defesa de Tese: 06\/04\/2006<br \/>\nT\u00edtulo da Tese: <a href=\"https:\/\/uenf.br\/posgraduacao\/producao-vegetal\/wp-content\/uploads\/sites\/10\/2017\/11\/S%C3%A1vio.pdf\">Atributos qualitativos de frutos de mamoeiro h\u00edbrido \u2013 UENF\/CALIMAN 01 \u2013 sob l\u00e2minas de irriga\u00e7\u00e3o e doses de nitrog\u00eanio e pot\u00e1ssio.<\/a><\/p>\n<hr \/>\n<p>&nbsp;<\/p>\n<p>Aluno: Matheus Vicente Lima<br \/>\nOrientador: Prof. Henrique Duarte Vieira<br \/>\nData de In\u00edcio: 03\/2004<br \/>\nData de Defesa de Tese: 19\/04\/2006<br \/>\nT\u00edtulo da Tese: <a href=\"https:\/\/uenf.br\/posgraduacao\/producao-vegetal\/wp-content\/uploads\/sites\/10\/2017\/11\/Matheus.pdf\">Propriedades f\u00edsico-qu\u00edmicas do caf\u00e9 (<em>Coffea arabica<\/em> L.) submetido a diferentes m\u00e9todos de preparo p\u00f3s-colheita.\u00a0<\/a><\/p>\n<hr \/>\n<p>&nbsp;<\/p>\n<p>Aluno: Anselmo de Deus Santos<br \/>\nOrientador: Prof. Silv\u00e9rio de Paiva Freitas<br \/>\nData de In\u00edcio: 03\/2004<br \/>\nData de Defesa de Tese: 04\/05\/2006<br \/>\nT\u00edtulo da Tese: <a href=\"https:\/\/uenf.br\/posgraduacao\/producao-vegetal\/wp-content\/uploads\/sites\/10\/2017\/11\/Anselmo-Santos.pdf\">Efeito dos manejos org\u00e2nico e convencional sobre biomassa e \u00f3leo essencial de capim lim\u00e3o (<em>Cymbopogon citratus<\/em> (DC) Stapf).<\/a><\/p>\n<hr \/>\n<p>&nbsp;<\/p>\n<p>Aluno: Gisele Azevedo Pican\u00e7o Dutra<br \/>\nOrientador: Prof. Almy Junior Cordeiro de Carvalho<br \/>\nData de In\u00edcio: 03\/2004<br \/>\nData de Defesa de Tese: 16\/05\/2006<br \/>\nT\u00edtulo da Tese: <a href=\"https:\/\/uenf.br\/posgraduacao\/producao-vegetal\/wp-content\/uploads\/sites\/10\/2017\/11\/Gisele.pdf\">Aplica\u00e7\u00e3o de ur\u00e9ia na presen\u00e7a e na aus\u00eancia de esterco bovino na produ\u00e7\u00e3o, qualidade dos frutos e extra\u00e7\u00e3o de nutrientes do maracujazeiro doce.\u00a0<\/a><\/p>\n<hr \/>\n<p>&nbsp;<\/p>\n<p>,Aluno: Inga Gon\u00e7alves de Azevedo<br \/>\nOrientador: Prof. Jurandi Gon\u00e7alves de Oliveira<br \/>\nData de In\u00edcio: 03\/2004<br \/>\nData de Defesa de Tese: 17\/07\/2006<br \/>\nT\u00edtulo da Tese: <a href=\"https:\/\/uenf.br\/posgraduacao\/producao-vegetal\/wp-content\/uploads\/sites\/10\/2017\/11\/Inga.pdf\">Caracteriza\u00e7\u00e3o das bombas de pr\u00f3tons da polpa de frutos de mam\u00e3o (<em>Carica papaya<\/em> L.) e rela\u00e7\u00e3o com a ocorr\u00eancia do dist\u00farbio da gelifica\u00e7\u00e3o. <\/a><\/p>\n<hr \/>\n<p>&nbsp;<\/p>\n<p>Aluno: Rodolfo Molin\u00e1rio de Souza<br \/>\nOrientador: Prof\u00aa Ana Maria Matoso Viana-Bailez<br \/>\nData de In\u00edcio: 03\/2004<br \/>\nData de Defesa de Tese: 21\/07\/2006<br \/>\nT\u00edtulo da Tese: <a href=\"https:\/\/uenf.br\/posgraduacao\/producao-vegetal\/wp-content\/uploads\/sites\/10\/2017\/11\/Rodolfo.pdf\">Sinais envolvidos na comunica\u00e7\u00e3o de <em>Amerrhinus ynca<\/em> Sahlberg, 1823 (Coleoptera: Curculionidae). <\/a><\/p>\n<hr \/>\n<p>&nbsp;<\/p>\n<p>&nbsp;<\/p>\n<p>Aluno: Edenilson Cremonini Ronqueti<br \/>\nOrientador: Prof\u00aa Luciana Aparecida Rodrigues<br \/>\nData de In\u00edcio: 08\/2004<br \/>\nData de Defesa de Tese: 08\/08\/2006<br \/>\nT\u00edtulo da Tese: <a href=\"https:\/\/uenf.br\/posgraduacao\/producao-vegetal\/wp-content\/uploads\/sites\/10\/2017\/11\/Edenilson.pdf\">Aduba\u00e7\u00e3o pot\u00e1ssica e org\u00e2nica na forma\u00e7\u00e3o da goiabeira no Norte Fluminense. <\/a><\/p>\n<hr \/>\n<p>&nbsp;<\/p>\n<p>&nbsp;<\/p>\n<p>Aluno: Jalille Amim Alto\u00e9<br \/>\nOrientador: Prof\u00aa Cl\u00e1udia Sales Marinho<br \/>\nData de In\u00edcio: 08\/2004<br \/>\nData de Defesa de Tese: 11\/08\/2006<br \/>\nT\u00edtulo da Tese: <a href=\"https:\/\/uenf.br\/posgraduacao\/producao-vegetal\/wp-content\/uploads\/sites\/10\/2017\/11\/Jalille.pdf\">Tangerineira \u2018Cle\u00f3patra\u2019 submetida \u00e0 micorriza\u00e7\u00e3o e a um an\u00e1logo de brassinoster\u00f3ide. <\/a><\/p>\n<hr \/>\n<p>Aluno: Victor Chaves Cretton<br \/>\nOrientador: Prof\u00aa Luciana Aparecida Rodrigues<br \/>\nData de In\u00edcio: 03\/2004<br \/>\nData de Defesa de Tese: 21\/08\/2006<br \/>\nT\u00edtulo da Tese: <a href=\"https:\/\/uenf.br\/posgraduacao\/producao-vegetal\/wp-content\/uploads\/sites\/10\/2017\/11\/Victor-Cretton.pdf\">Aduba\u00e7\u00e3o pot\u00e1ssica para a goiabeira (<em>Psidium guajava<\/em> L.) em forma\u00e7\u00e3o na regi\u00e3o Norte Fluminense. <\/a><\/p>\n<hr \/>\n<p>&nbsp;<\/p>\n<p>Aluno: Qu\u00edssila Renata Batista<br \/>\nOrientador: Prof. Marco Antonio Martins<br \/>\nData de In\u00edcio: 03\/2004<br \/>\nData de Defesa de Tese: 05\/09\/2006<br \/>\nT\u00edtulo da Tese: <a href=\"https:\/\/uenf.br\/posgraduacao\/producao-vegetal\/wp-content\/uploads\/sites\/10\/2017\/11\/Qu%C3%ADssila.pdf\">Qualidade qu\u00edmica e biol\u00f3gica de uma \u00e1rea degradada pela extra\u00e7\u00e3o de argila, revegetada com <em>Eucalyptus<\/em> spp. e sabi\u00e1 em plantios puros e consorciados. <\/a><\/p>\n<hr \/>\n<p>&nbsp;<\/p>\n<p>Aluno: Ana Raquel Ribeiro e Souza<br \/>\nOrientador: Prof. Messias Gonzaga Pereira<br \/>\nData de In\u00edcio: 08\/2005<br \/>\nData de Defesa de Tese: 22\/09\/2006<br \/>\nT\u00edtulo da Tese: <a href=\"https:\/\/uenf.br\/posgraduacao\/producao-vegetal\/wp-content\/uploads\/sites\/10\/2017\/11\/Ana-Raquel-Souza.pdf\">Potencial de ganho gen\u00e9tico em ra\u00e7a local de milho-branco.<\/a><\/p>\n<hr \/>\n<p>&nbsp;<\/p>\n<p>Aluno: Leonardo Barros Dobbss<br \/>\nOrientador: Prof. Luciano Pasqualoto Canellas<br \/>\nData de In\u00edcio: 08\/2004<br \/>\nData de Defesa de Tese: 28\/09\/2006<br \/>\nT\u00edtulo da Tese: <a href=\"https:\/\/uenf.br\/posgraduacao\/producao-vegetal\/wp-content\/uploads\/sites\/10\/2017\/11\/Leonardo-Dobbss.pdf\">Eletroqu\u00edmica do horizonte superficial de latossolos e caracteriza\u00e7\u00e3o de suas subst\u00e2ncias h\u00famicas.<\/a><a href=\"http:\/\/www.uenf.br\/Uenf\/Downloads\/PRODVEGETAL_3434_1189459281.pdf\"><br \/>\n<\/a><\/p>\n<hr \/>\n<p>&nbsp;<\/p>\n<p>Aluno: Juan Carlos Lara Gonz\u00e1lez<br \/>\nOrientador: Prof\u00aa Cl\u00e1udia de Melo Dolinski<br \/>\nData de In\u00edcio: 03\/2005<br \/>\nData de Defesa de Tese: 09\/10\/2006<br \/>\nT\u00edtulo da Tese: <a href=\"https:\/\/uenf.br\/posgraduacao\/producao-vegetal\/wp-content\/uploads\/sites\/10\/2017\/11\/Juan-Carlos-Gonz%C3%A1lez.pdf\">Avalia\u00e7\u00e3o de aspectos biol\u00f3gicos de <em>Heterorhabditis baujardi<\/em> LPP7 (Nematoda: Heterorhabditidae) visando a aplica\u00e7\u00e3o num sistema de irriga\u00e7\u00e3o por microaspers\u00e3o. <\/a><\/p>\n","protected":false},"excerpt":{"rendered":"<p>Aluno: Elaine Cristina de Ponte Orientador: Prof. Silvaldo Felipe da Silveira Data de In\u00edcio: 03\/2003 Data de Defesa de Tese:&#8230;<\/p>\n","protected":false},"author":21,"featured_media":0,"parent":30,"menu_order":8,"comment_status":"closed","ping_status":"open","template":"","meta":{"footnotes":""},"class_list":["post-167","page","type-page","status-publish","hentry"],"_links":{"self":[{"href":"https:\/\/uenf.br\/posgraduacao\/producao-vegetal\/wp-json\/wp\/v2\/pages\/167","targetHints":{"allow":["GET"]}}],"collection":[{"href":"https:\/\/uenf.br\/posgraduacao\/producao-vegetal\/wp-json\/wp\/v2\/pages"}],"about":[{"href":"https:\/\/uenf.br\/posgraduacao\/producao-vegetal\/wp-json\/wp\/v2\/types\/page"}],"author":[{"embeddable":true,"href":"https:\/\/uenf.br\/posgraduacao\/producao-vegetal\/wp-json\/wp\/v2\/users\/21"}],"replies":[{"embeddable":true,"href":"https:\/\/uenf.br\/posgraduacao\/producao-vegetal\/wp-json\/wp\/v2\/comments?post=167"}],"version-history":[{"count":0,"href":"https:\/\/uenf.br\/posgraduacao\/producao-vegetal\/wp-json\/wp\/v2\/pages\/167\/revisions"}],"up":[{"embeddable":true,"href":"https:\/\/uenf.br\/posgraduacao\/producao-vegetal\/wp-json\/wp\/v2\/pages\/30"}],"wp:attachment":[{"href":"https:\/\/uenf.br\/posgraduacao\/producao-vegetal\/wp-json\/wp\/v2\/media?parent=167"}],"curies":[{"name":"wp","href":"https:\/\/api.w.org\/{rel}","templated":true}]}}