{"id":1892,"date":"2016-10-11T11:46:28","date_gmt":"2016-10-11T14:46:28","guid":{"rendered":"http:\/\/uenf.br\/pos-graduacao\/producao-vegetal\/?page_id=1892"},"modified":"2021-06-06T19:39:36","modified_gmt":"2021-06-06T22:39:36","slug":"edital-dinter-uenf-ifes","status":"publish","type":"page","link":"https:\/\/uenf.br\/posgraduacao\/producao-vegetal\/processo-seletivo\/edital-dinter-uenf-ifes\/","title":{"rendered":"Edital DINTER UENF-IFES"},"content":{"rendered":"<h2 style=\"text-align: center\"><strong><span style=\"color: #0000ff\">EDITAL DE SELE\u00c7\u00c3O DE VAGAS DE DOUTORADO DO PROGRAMA DE P\u00d3S-GRADUA\u00c7\u00c3O EM PRODU\u00c7\u00c3O VEGETAL DA UENF PARA O DINTER COM O IFES<\/span><\/strong><\/h2>\n<h2 style=\"text-align: center\"><strong><span style=\"color: #0000ff\">RESULTADO FINAL<\/span><\/strong><\/h2>\n<p>O Programa de P\u00f3s-Gradua\u00e7\u00e3o em Produ\u00e7\u00e3o Vegetal, da Universidade Estadual do Norte Fluminense Darcy Ribeiro (UENF), DIVULGA, no dia 04\/06\/2021, o resultado final do processo seletivo de candidatos com v\u00ednculo efetivo junto ao Instituto Federal de Educa\u00e7\u00e3o, Ci\u00eancia e Tecnologia do Esp\u00edrito Santo (IFES) para preenchimento de vagas para cursar o DOUTORADO, na modalidade DINTER (Doutorado Interinstitucional, CAPES), em parceria entre a UENF e o IFES.<\/p>\n<h3>* Resultado final &#8211; <a href=\"https:\/\/uenf.br\/posgraduacao\/producao-vegetal\/wp-content\/uploads\/sites\/10\/2021\/06\/Resultado-Edital-PV-Dinter-2020-resultado-final.pdf\" target=\"_blank\" rel=\"noopener\">Clique aqui<\/a><\/h3>\n<h2>______________________________________________________________________________________<\/h2>\n<h2 style=\"text-align: center\"><strong><span style=\"color: #0000ff\">EDITAL DE SELE\u00c7\u00c3O DE VAGAS DE DOUTORADO DO PROGRAMA DE P\u00d3S-GRADUA\u00c7\u00c3O EM PRODU\u00c7\u00c3O VEGETAL DA UENF PARA O DINTER COM O IFES<\/span><\/strong><\/h2>\n<p style=\"text-align: center\"><strong>CRONOGRAMA DE ENTREVISTAS &#8211; SEGUNDA FASE<\/strong><\/p>\n<ul>\n<li>Cronograma &#8211; <a href=\"https:\/\/uenf.br\/posgraduacao\/producao-vegetal\/wp-content\/uploads\/sites\/10\/2021\/04\/Edital-DINTER-Producao-Vegetal-2021_1-Agendamento-De-Entrevistas.pdf\" target=\"_blank\" rel=\"noopener\">CLIQUE AQUI<\/a><\/li>\n<\/ul>\n<h2>___________________________________________<\/h2>\n<h2 style=\"text-align: center\"><strong><span style=\"color: #0000ff\">EDITAL DE SELE\u00c7\u00c3O DE VAGAS DE DOUTORADO DO PROGRAMA DE P\u00d3S-GRADUA\u00c7\u00c3O EM PRODU\u00c7\u00c3O VEGETAL DA UENF PARA O DINTER COM O IFES<\/span><\/strong><\/h2>\n<p style=\"text-align: center\"><strong>RESULTADO DOS PEDIDOS DE RECURSOS<\/strong><\/p>\n<ul>\n<li>Resultados &#8211; <a href=\"https:\/\/uenf.br\/posgraduacao\/producao-vegetal\/wp-content\/uploads\/sites\/10\/2021\/04\/Resultado-Edital-PV-Dinter-2020-RECURSOS.pdf\" target=\"_blank\" rel=\"noopener\">CLIQUE AQUI<\/a><\/li>\n<\/ul>\n<p>_____________________________________________________________________<\/p>\n<h2 style=\"text-align: center\"><strong><span style=\"color: #0000ff\">EDITAL DE SELE\u00c7\u00c3O DE VAGAS DE DOUTORADO DO PROGRAMA DE P\u00d3S-GRADUA\u00c7\u00c3O EM PRODU\u00c7\u00c3O VEGETAL DA UENF PARA O DINTER COM O IFES<\/span><\/strong><\/h2>\n<p style=\"text-align: center\"><strong>RESULTADO DA PRIMEIRA ETAPA<\/strong><\/p>\n<p>O Programa de P\u00f3s-Gradua\u00e7\u00e3o em Produ\u00e7\u00e3o Vegetal, da Universidade Estadual do Norte Fluminense Darcy Ribeiro (UENF),<strong> DIVULGA, as 8:00 horas do dia 06\/04\/2020<\/strong>, o resultado do processo seletivo de candidatos com v\u00ednculo efetivo junto ao Instituto Federal de Educa\u00e7\u00e3o, Ci\u00eancia e Tecnologia do Esp\u00edrito Santo (IFES) para preenchimento de vagas para cursar o DOUTORADO, na modalidade DINTER (Doutorado Interinstitucional, CAPES), em parceria entre a UENF e o IFES.<\/p>\n<ul>\n<li>Resultado da primeira etapa: <a href=\"https:\/\/uenf.br\/posgraduacao\/producao-vegetal\/wp-content\/uploads\/sites\/10\/2021\/04\/Resultado-Edital-PV-Dinter-2020-primeira-fase-com-correcao.pdf\" target=\"_blank\" rel=\"noopener\">CLIQUE AQUI<\/a><\/li>\n<\/ul>\n<p>________________________________________________________________________________________________________________________________________________<\/p>\n<h2 style=\"text-align: center\"><strong><span style=\"color: #0000ff\">EDITAL DE SELE\u00c7\u00c3O DE VAGAS DE DOUTORADO DO PROGRAMA DE P\u00d3S-GRADUA\u00c7\u00c3O EM PRODU\u00c7\u00c3O VEGETAL DA UENF PARA O DINTER COM O IFES<\/span><\/strong><\/h2>\n<p style=\"text-align: center\"><strong>Ingresso no 2\u00ba Semestre de 2021<\/strong><\/p>\n<p style=\"text-align: left\">O Programa de P\u00f3s-Gradua\u00e7\u00e3o em Produ\u00e7\u00e3o Vegetal, da Universidade Estadual do Norte Fluminense Darcy Ribeiro (UENF), tornam p\u00fablicas as seguintes diretrizes relativas a Inscri\u00e7\u00f5es de candidatos com v\u00ednculo efetivo junto ao Instituto Federal de Educa\u00e7\u00e3o, Ci\u00eancia e Tecnologia do Esp\u00edrito Santo (IFES) para preenchimento de <strong>25 vagas<\/strong> para cursar o DOUTORADO, na modalidade DINTER (Doutorado Interinstitucional, CAPES), em parceria entre a UENF e o IFES.\u00a0 As vagas dever\u00e3o ser preenchidas com <strong>ingresso no 2\u00ba Semestre de 2021<\/strong>.<\/p>\n<ol>\n<li><a href=\"https:\/\/uenf.br\/posgraduacao\/producao-vegetal\/wp-content\/uploads\/sites\/10\/2021\/01\/Edital-Dinter-versao-final-2021.pdf\" target=\"_blank\" rel=\"noopener\">Edital<\/a><\/li>\n<li><a href=\"https:\/\/uenf.br\/posgraduacao\/producao-vegetal\/wp-content\/uploads\/sites\/10\/2020\/10\/Anexo-I-Rquerimento-de-inscricao.doc\" target=\"_blank\" rel=\"noopener\">Anexo I<\/a><\/li>\n<li><a href=\"https:\/\/uenf.br\/posgraduacao\/producao-vegetal\/wp-content\/uploads\/sites\/10\/2020\/10\/Anexo-III-Ficha-de-produtividade-e-indicacao-de-area-Doutorado.doc\" target=\"_blank\" rel=\"noopener\">Anexo II<\/a><\/li>\n<li><a href=\"https:\/\/uenf.br\/posgraduacao\/producao-vegetal\/wp-content\/uploads\/sites\/10\/2021\/02\/Anexo-III-Edital-Producao-vegetal-UENF-Dinter-2020-1-Carta-de-apresentacao.doc\" target=\"_blank\" rel=\"noopener\">Anexo III<\/a><\/li>\n<li><a href=\"https:\/\/uenf.br\/posgraduacao\/producao-vegetal\/wp-content\/uploads\/sites\/10\/2021\/01\/Anexo-IV-Edital-Producao-Vegetal-UENF-2021-2-Memorial-descritivo-do-candidato.pdf\" target=\"_blank\" rel=\"noopener\">Anexo IV<\/a><\/li>\n<\/ol>\n<h2>______________________________________________________________________________________<\/h2>\n<h2><\/h2>\n<h2 style=\"text-align: center\"><strong><span style=\"color: #0000ff\">EDITAL DE SELE\u00c7\u00c3O DE DOUTORADO DO PROGRAMA DINTER UENF\/IFES<\/span><\/strong><\/h2>\n<h2 style=\"text-align: center\">RESULTADO FINAL<\/h2>\n<table width=\"662\">\n<tbody>\n<tr>\n<td style=\"text-align: center\" width=\"260\"><strong><span style=\"color: #0000ff\">CANDIDATO<\/span><\/strong><\/td>\n<td style=\"text-align: center\" width=\"182\"><strong><span style=\"color: #0000ff\">Campus<\/span><\/strong><\/td>\n<td style=\"text-align: center\" width=\"84\"><strong><span style=\"color: #0000ff\">Pontos<\/span><\/strong><\/td>\n<td style=\"text-align: center\" width=\"136\"><strong><span style=\"color: #0000ff\">Condi\u00e7\u00e3o<\/span><\/strong><\/td>\n<\/tr>\n<tr>\n<td width=\"260\">Andre Oliveira Souza<\/td>\n<td width=\"182\">Ifes Alegre<\/td>\n<td width=\"84\">81,70<\/td>\n<td>Classificado<\/td>\n<\/tr>\n<tr>\n<td width=\"260\">Francisco Braz Delaprane<\/td>\n<td width=\"182\">Ifes Santa Teresa<\/td>\n<td width=\"84\">81,10<\/td>\n<td>Classificado<\/td>\n<\/tr>\n<tr>\n<td width=\"260\">Paulo S\u00e9rgio C.de Andrade Jr<\/td>\n<td width=\"182\">Ifes Alegre<\/td>\n<td width=\"84\">80,60<\/td>\n<td>Classificado<\/td>\n<\/tr>\n<tr>\n<td width=\"260\">Thiago Lopes Rosado<\/td>\n<td width=\"182\">Ifes Santa Teresa<\/td>\n<td width=\"84\">79,50<\/td>\n<td>Classificado<\/td>\n<\/tr>\n<tr>\n<td>Selma Garcia Holtz<\/td>\n<td>Ifes Itapina<\/td>\n<td width=\"84\">75,00<\/td>\n<td>Classificado<\/td>\n<\/tr>\n<tr>\n<td width=\"260\">C\u00e9sar Otaviano Pena Junior<\/td>\n<td width=\"182\">Ifes Alegre<\/td>\n<td width=\"84\">73,80<\/td>\n<td>Classificado<\/td>\n<\/tr>\n<tr>\n<td width=\"260\">Flavio Eymard da Rocha Pena<\/td>\n<td width=\"182\">Ifes Ibatiba<\/td>\n<td width=\"84\">72,40<\/td>\n<td>Classificado<\/td>\n<\/tr>\n<tr>\n<td width=\"260\">Raphael Pires Bolzan<\/td>\n<td width=\"182\">Ifes Alegre<\/td>\n<td width=\"84\">71,50<\/td>\n<td>Classificado<\/td>\n<\/tr>\n<tr>\n<td width=\"260\">Ronaldo Luiz Rassele<\/td>\n<td width=\"182\">Ifes Santa Teresa<\/td>\n<td width=\"84\">71,20<\/td>\n<td>Classificado<\/td>\n<\/tr>\n<tr>\n<td width=\"260\">Eduardo Antonio Ferreira<\/td>\n<td width=\"182\">Ifes Santa Teresa<\/td>\n<td width=\"84\">69,70<\/td>\n<td>Classificado<\/td>\n<\/tr>\n<tr>\n<td width=\"260\">Fl\u00e1vio Pavesi Sim\u00e3o<\/td>\n<td width=\"182\">Ifes Alegre<\/td>\n<td width=\"84\">67,80<\/td>\n<td>Classificado<\/td>\n<\/tr>\n<tr>\n<td width=\"260\">Salom\u00e3o Martins de Carvalho Jr.<\/td>\n<td width=\"182\">Ifes Itapina<\/td>\n<td width=\"84\">65,40<\/td>\n<td>Classificado<\/td>\n<\/tr>\n<tr>\n<td>Deus\u00e9lio Bassini Fioresi<\/td>\n<td>Ifes Venda Nova<\/td>\n<td width=\"84\">64,90<\/td>\n<td>Classificado<\/td>\n<\/tr>\n<tr>\n<td width=\"260\">Adriano Posse Senhorelo<\/td>\n<td width=\"182\">Ifes Alegre<\/td>\n<td width=\"84\">64,40<\/td>\n<td>Classificado<\/td>\n<\/tr>\n<tr>\n<td width=\"260\">Silvio Jos\u00e9 Trindade Alvim<\/td>\n<td width=\"182\">Ifes Piuma<\/td>\n<td width=\"84\">61,90<\/td>\n<td>Classificado<\/td>\n<\/tr>\n<tr>\n<td width=\"260\">Priscilla Cortizo Costa Pierro<\/td>\n<td width=\"182\">Ifes Alegre<\/td>\n<td width=\"84\">60,80<\/td>\n<td>Classificado<\/td>\n<\/tr>\n<tr>\n<td width=\"260\">Luis Carlos Loss Lopes<\/td>\n<td width=\"182\">Ifes Santa Teresa<\/td>\n<td width=\"84\">59,80<\/td>\n<td>Classificado<\/td>\n<\/tr>\n<tr>\n<td width=\"260\">Andr\u00e9 dos Santos Sampaio<\/td>\n<td width=\"182\">Ifes Montanha<\/td>\n<td width=\"84\">58,40<\/td>\n<td>Classificado<\/td>\n<\/tr>\n<tr>\n<td width=\"260\">Luciano Bestete Oliveira<\/td>\n<td width=\"182\">Ifes Alegre<\/td>\n<td width=\"84\">57,70<\/td>\n<td>Classificado<\/td>\n<\/tr>\n<tr>\n<td width=\"260\">Maria Tereza Ferreira de Moraes<\/td>\n<td width=\"182\">Ifes Itapina<\/td>\n<td width=\"84\">57,20<\/td>\n<td>Classificado<\/td>\n<\/tr>\n<tr>\n<td width=\"260\">Paula Karolina Rangel Amorim<strong><span style=\"color: #ff0000\">*<\/span><\/strong><\/td>\n<td width=\"182\">Ifes Ibatiba<\/td>\n<td width=\"84\">65,70<\/td>\n<td>Suplente<\/td>\n<\/tr>\n<tr>\n<td width=\"260\">Frederico C\u00e9sar Ribeiro Marques<strong><span style=\"color: #ff0000\">*<\/span><\/strong><\/td>\n<td width=\"182\">Ifes Santa Teresa<\/td>\n<td width=\"84\">58,00<\/td>\n<td>Suplente<\/td>\n<\/tr>\n<tr>\n<td width=\"260\">Melina Barbosa Peixoto<\/td>\n<td width=\"182\">Ifes Vitoria<\/td>\n<td width=\"84\">55,80<\/td>\n<td>Suplente<\/td>\n<\/tr>\n<tr>\n<td width=\"260\">Ranata Gati Dala Bernardina<\/td>\n<td width=\"182\">Ifes Itapina<\/td>\n<td width=\"84\">53,30<\/td>\n<td>Suplente<\/td>\n<\/tr>\n<tr>\n<td width=\"260\">Carolinne Sim\u00f5es Favero<\/td>\n<td width=\"182\">IFES Vila Velha<\/td>\n<td width=\"84\">51,25<\/td>\n<td>Suplente<\/td>\n<\/tr>\n<tr>\n<td width=\"260\">Ramon Teodoro do Prado<\/td>\n<td width=\"182\">Ifes Alegre<\/td>\n<td width=\"84\">46,00<\/td>\n<td>Suplente<\/td>\n<\/tr>\n<tr>\n<td width=\"260\">Giovani Costa de Oliveira<\/td>\n<td width=\"182\">Ifes Alegre<\/td>\n<td width=\"84\">42,70<\/td>\n<td>Eliminado<\/td>\n<\/tr>\n<tr>\n<td width=\"260\">Renderson Albino Silva<\/td>\n<td width=\"182\">IFES Vila Velha<\/td>\n<td width=\"84\">38,30<\/td>\n<td>Eliminado<\/td>\n<\/tr>\n<tr>\n<td colspan=\"2\"><span style=\"color: #ff0000\">* Item 4.2. do Edital &#8211; limite de vagas por Campus<\/span><\/td>\n<td><\/td>\n<td><\/td>\n<\/tr>\n<\/tbody>\n<\/table>\n<h2 style=\"text-align: center\"><span style=\"color: #0000ff\">MATR\u00cdCULA DOS CLASSIFICADOS<\/span><\/h2>\n<p style=\"text-align: left\"><strong>Data da matr\u00edcula:<\/strong> \u00a0<strong><span style=\"color: #3366ff\">29\u00a0e 30\/11\/2016<\/span><\/strong><\/p>\n<p style=\"text-align: left\"><strong>Hor\u00e1rio:<\/strong> 09:00h as 12:00h e de 14:00 as 16:00<\/p>\n<p style=\"text-align: left\"><strong>Local da Matr\u00edcula: Coordena\u00e7\u00e3o do Programa de P\u00f3s-Gradua\u00e7\u00e3o em Produ\u00e7\u00e3o Vegetal da UENF<\/strong><\/p>\n<p style=\"text-align: left\">Documenta\u00e7\u00e3o Necess\u00e1ria:<\/p>\n<p>&#8211; Formul\u00e1rio de Inscri\u00e7\u00e3o (a ser preenchido na Coordena\u00e7\u00e3o);<br \/>\n&#8211; Requerimento de Matr\u00edcula (a ser preenchido na Coordena\u00e7\u00e3o), com assinatura do aluno, orientador\/coordenador<br \/>\n&#8211; Documentos pessoais (C\u00f3pia da Identidade, CPF, certid\u00e3o de nascimento ou casamento, certificado reservista (para homens), t\u00edtulo de eleitor e 02 (duas) fotos 3 X 4;<br \/>\n&#8211; Documentos Acad\u00eamicos (diploma de mestrado ou documento equivalente de conclus\u00e3o, hist\u00f3rico definitivo de mestrado).<\/p>\n<h2 style=\"text-align: center\"><strong><span style=\"color: #0000ff\">AULA INAUGURAL<\/span><\/strong><\/h2>\n<p>Data:<span style=\"color: #0000ff\">\u00a0<strong>30\/11\/2016<\/strong><\/span><\/p>\n<p>Local: Audit\u00f3rio do Pr\u00e9dio P4, CCTA\/UENF<\/p>\n<p>Hor\u00e1rio: 10:00 horas<\/p>\n<hr \/>\n<hr \/>\n<h2 style=\"text-align: center\"><strong><span style=\"color: #0000ff\">EDITAL DE SELE\u00c7\u00c3O DE VAGAS DE DOUTORADO DO PROGRAMA DE P\u00d3S-GRADUA\u00c7\u00c3O EM PRODU\u00c7\u00c3O VEGETAL DA UENF PARA O DINTER COM O IFES<\/span><\/strong><\/h2>\n<p>A Universidade Estadual do Norte Fluminense Darcy Ribeiro (UENF) torna p\u00fablicas as seguintes diretrizes relativas a inscri\u00e7\u00f5es de profissionais com v\u00ednculo efetivo junto ao \u00a0Instituto Federal de Educa\u00e7\u00e3o, Ci\u00eancia e Tecnologia do Esp\u00edrito Santo (IFES) para preenchimento de <strong>20 vagas<\/strong> para cursar o\u00a0 DOUTORADO aprovado pelo Programa de P\u00f3s-Gradua\u00e7\u00e3o em Produ\u00e7\u00e3o Vegetal, numa parceria entre as duas institui\u00e7\u00f5es, no Programa Doutorado Interinstitucional (DINTER) da CAPES.\u00a0 As vagas dever\u00e3o ser preenchidas com <strong>ingresso no 2\u00ba Semestre de 2016<\/strong>.<\/p>\n<ol>\n<li><strong>Per\u00edodo e cronograma de Inscri\u00e7\u00e3o:<\/strong><\/li>\n<\/ol>\n<p>&#8211; <strong>Per\u00edodo<\/strong>: <strong>De 10 A 28 de outubro de 2016.<\/strong><\/p>\n<p>&#8211; <strong>Hor\u00e1rio<\/strong>: das 9 \u00e0s 17 horas (exceto s\u00e1bados, domingos e feriados).<\/p>\n<p>&#8211; <strong>Local<\/strong>: \u00a0\u00a0\u00a0\u00a0\u00a0\u00a0\u00a0\u00a0\u00a0 Secretaria Geral da Pr\u00f3-reitoria de Pesquisa e P\u00f3s-Gradua\u00e7\u00e3o do IFES<\/p>\n<p>Av. Rio Branco, 50, Santa Lucia, Vitoria \u2013 ES<\/p>\n<p>Os processos de inscri\u00e7\u00e3o dever\u00e3o ser entregues, pela Pro-Reitoria de Pesquisa e P\u00f3s-Gradua\u00e7\u00e3o do IFES \u00e0 Coordena\u00e7\u00e3o do Programa de P\u00f3s-Gradua\u00e7\u00e3o em Produ\u00e7\u00e3o Vegetal da UENF at\u00e9 o dia 31 de outubro de 2016. N\u00e3o ser\u00e3o aceitas inscri\u00e7\u00f5es pelos Correios.<\/p>\n<p>&#8211; <strong>Fone de contato:<\/strong> \u00a0\u00a0 UENF &#8211; (22) 2748-6019 ou (22) 2748-6075 \u00a0e correio eletr\u00f4nico: <a href=\"mailto:posgpveg@uenf.br\">posgpveg@uenf.br<\/a>.<\/p>\n<p>IFES &#8211; \u00a0\u00a0(27) 3357-7538<\/p>\n<h2><span style=\"color: #0000ff\">Documentos necess\u00e1rios:<\/span><\/h2>\n<ol>\n<li><a href=\"https:\/\/uenf.br\/posgraduacao\/producao-vegetal\/wp-content\/uploads\/sites\/10\/2016\/10\/edital-producao-vegetal-2016-dinter-vers\u00e3o-final.pdf\">Edital<\/a><\/li>\n<li><a href=\"https:\/\/uenf.br\/posgraduacao\/producao-vegetal\/wp-content\/uploads\/sites\/10\/2016\/10\/Anexo-I-Edital-Dinter-2016.doc\">Anexo I<\/a><\/li>\n<li><a href=\"https:\/\/uenf.br\/posgraduacao\/producao-vegetal\/wp-content\/uploads\/sites\/10\/2016\/10\/Anexo-II-Edital-Dinter-2016.doc\">Anexo II<\/a><\/li>\n<li><a href=\"https:\/\/uenf.br\/posgraduacao\/producao-vegetal\/wp-content\/uploads\/sites\/10\/2016\/10\/Dinter-2016-Anexo-III.doc\">Anexo III<\/a><\/li>\n<li><a href=\"https:\/\/uenf.br\/posgraduacao\/producao-vegetal\/wp-content\/uploads\/sites\/10\/2016\/10\/Dinter-Carta-de-apresenta\u00e7\u00e3o.doc\">Carta de Apresenta\u00e7\u00e3o<\/a><\/li>\n<\/ol>\n","protected":false},"excerpt":{"rendered":"<p>EDITAL DE SELE\u00c7\u00c3O DE VAGAS DE DOUTORADO DO PROGRAMA DE P\u00d3S-GRADUA\u00c7\u00c3O EM PRODU\u00c7\u00c3O VEGETAL DA UENF PARA O DINTER COM&#8230;<\/p>\n","protected":false},"author":21,"featured_media":1598,"parent":232,"menu_order":0,"comment_status":"closed","ping_status":"closed","template":"","meta":{"footnotes":""},"class_list":["post-1892","page","type-page","status-publish","has-post-thumbnail","hentry"],"_links":{"self":[{"href":"https:\/\/uenf.br\/posgraduacao\/producao-vegetal\/wp-json\/wp\/v2\/pages\/1892","targetHints":{"allow":["GET"]}}],"collection":[{"href":"https:\/\/uenf.br\/posgraduacao\/producao-vegetal\/wp-json\/wp\/v2\/pages"}],"about":[{"href":"https:\/\/uenf.br\/posgraduacao\/producao-vegetal\/wp-json\/wp\/v2\/types\/page"}],"author":[{"embeddable":true,"href":"https:\/\/uenf.br\/posgraduacao\/producao-vegetal\/wp-json\/wp\/v2\/users\/21"}],"replies":[{"embeddable":true,"href":"https:\/\/uenf.br\/posgraduacao\/producao-vegetal\/wp-json\/wp\/v2\/comments?post=1892"}],"version-history":[{"count":0,"href":"https:\/\/uenf.br\/posgraduacao\/producao-vegetal\/wp-json\/wp\/v2\/pages\/1892\/revisions"}],"up":[{"embeddable":true,"href":"https:\/\/uenf.br\/posgraduacao\/producao-vegetal\/wp-json\/wp\/v2\/pages\/232"}],"wp:featuredmedia":[{"embeddable":true,"href":"https:\/\/uenf.br\/posgraduacao\/producao-vegetal\/wp-json\/wp\/v2\/media\/1598"}],"wp:attachment":[{"href":"https:\/\/uenf.br\/posgraduacao\/producao-vegetal\/wp-json\/wp\/v2\/media?parent=1892"}],"curies":[{"name":"wp","href":"https:\/\/api.w.org\/{rel}","templated":true}]}}