{"id":204,"date":"2014-01-28T12:49:32","date_gmt":"2014-01-28T12:49:32","guid":{"rendered":"http:\/\/uenf.br\/pos-graduacao\/producao-vegetal\/?page_id=204"},"modified":"2017-10-23T12:12:22","modified_gmt":"2017-10-23T14:12:22","slug":"doutorado-conclusao-em-2009","status":"publish","type":"page","link":"https:\/\/uenf.br\/posgraduacao\/producao-vegetal\/teses-e-dissertacoes-concluidas\/doutorado\/doutorado-conclusao-em-2009\/","title":{"rendered":"Doutorado &#8211; conclus\u00e3o em 2009"},"content":{"rendered":"<p>Aluno: Cristiane Figueira da Silva<br \/>\nOrientador: Prof. Marco Antonio Martins<br \/>\nData de In\u00edcio: 03\/2005<br \/>\nData de Defesa de Tese: 10\/02\/2009<br \/>\nT\u00edtulo da Tese: Atributos qu\u00edmicos e biol\u00f3gicos em cavas de extra\u00e7\u00e3o de argila revegetadas com leguminosas e eucalipto.<\/p>\n<p>&nbsp;<\/p>\n<p>&nbsp;<\/p>\n<hr \/>\n<p>&nbsp;<\/p>\n<p>Aluno: Andr\u00e9a Ferreira da Costa<br \/>\nOrientador: Prof. Nilton Rocha Leal<br \/>\nData de In\u00edcio: 03\/2004<br \/>\nData de Defesa de Tese: 17\/02\/2009<br \/>\nT\u00edtulo da Tese: <a title=\"Teses 2009 - conclu\u00eddas\" href=\"http:\/\/uenf.br\/posgraduacao\/producao-vegetal\/wp-content\/uploads\/sites\/10\/2014\/10\/Andr%C3%A9a-Costa.pdf\">Adaptabilidade, estabilidade e comportamento de cultivares de morangueiro em diferentes sistemas de manejo na regi\u00e3o Serrana do Esp\u00edrito Santo.<\/a><\/p>\n<hr \/>\n<p>&nbsp;<\/p>\n<p>&nbsp;<\/p>\n<p>&nbsp;<\/p>\n<p>Aluno: Francisco Costa Zaia<br \/>\nOrientador: Prof. Antonio Carlos da Gama-Rodrigues<br \/>\nData de In\u00edcio: 03\/2005<br \/>\nData de Defesa de Tese: 02\/03\/2009<br \/>\nT\u00edtulo da Tese: <a title=\"Teses 2009 - conclu\u00eddas\" href=\"http:\/\/uenf.br\/posgraduacao\/producao-vegetal\/wp-content\/uploads\/sites\/10\/2014\/10\/Francisco.pdf\">F\u00f3sforo org\u00e2nico do solo em sistemas agroflorestais de cacau no Sul da Bahia.<\/a><\/p>\n<p>&nbsp;<\/p>\n<hr \/>\n<p>&nbsp;<\/p>\n<p>&nbsp;<\/p>\n<p>Aluno: Cristiane Miranda Martins<br \/>\nOrientador: Prof. Almy Junior Cordeiro de Carvalho<br \/>\nData de In\u00edcio: 03\/2005<br \/>\nData de Defesa de Tese: 20\/03\/2009<br \/>\nT\u00edtulo da Tese: <a title=\"Teses 2009 - conclu\u00eddas\" href=\"http:\/\/uenf.br\/posgraduacao\/producao-vegetal\/wp-content\/uploads\/sites\/10\/2014\/10\/Cristiane-Martins.pdf\">Crescimento, nutrientes e teor de vitexina em Passifloraceas em fun\u00e7\u00e3o de fontes de aduba\u00e7\u00e3o nitrogenada.<\/a><\/p>\n<p>&nbsp;<\/p>\n<hr \/>\n<p>&nbsp;<\/p>\n<p>&nbsp;<\/p>\n<p>Aluno: Josimar de Souza Andrade<br \/>\nOrientador: Prof. Jos\u00e9 Oscar Gomes de Lima<br \/>\nData de In\u00edcio: 08\/2004<br \/>\nData de Defesa de Tese: 14\/05\/2009<br \/>\nT\u00edtulo da Tese: <a title=\"Teses 2009 - conclu\u00eddas\" href=\"http:\/\/uenf.br\/posgraduacao\/producao-vegetal\/wp-content\/uploads\/sites\/10\/2014\/10\/Josimar.pdf\">Acaricidas para o manejo de <em>Tetranychus urticae<\/em> em mamoeiro: toxicidade e resist\u00eancia no Norte do Esp\u00edrito Santo.<\/a><\/p>\n<p>&nbsp;<\/p>\n<p>&nbsp;<\/p>\n<hr \/>\n<p>&nbsp;<\/p>\n<p>Aluno: Vin\u00edcius de Oliveira Carlesso<br \/>\nOrientador: Prof. Pedro Amorim Berbert<br \/>\nData de In\u00edcio: 05\/2005<br \/>\nData de Defesa de Tese: 29\/05\/2009<br \/>\nT\u00edtulo da Tese: <a title=\"Teses 2009 - conclu\u00eddas\" href=\"http:\/\/uenf.br\/posgraduacao\/producao-vegetal\/wp-content\/uploads\/sites\/10\/2014\/10\/Vin%C3%ADcius-Carlesso.pdf\">Secagem e armazenamento de sementes de mam\u00e3o (<em>Carica papaya<\/em> L.).<\/a><\/p>\n<p>&nbsp;<\/p>\n<hr \/>\n<p>&nbsp;<\/p>\n<p>&nbsp;<\/p>\n<p>Aluno: Marcelo Geraldo de Morais Silva<br \/>\nOrientador: Prof. Alexandre Pio Viana<br \/>\nData de In\u00edcio: 08\/2005<br \/>\nData de Defesa de Tese: 10\/07\/2009<br \/>\nT\u00edtulo da Tese: <a title=\"Teses 2009 - conclu\u00eddas\" href=\"http:\/\/uenf.br\/posgraduacao\/producao-vegetal\/wp-content\/uploads\/sites\/10\/2014\/10\/Marcelo-Geraldo.pdf\">Sele\u00e7\u00e3o recorrente intrapopulacional no maracujazeiro amarelo (<em>Passiflora edulis<\/em> Sims). <\/a><\/p>\n<p>&nbsp;<\/p>\n<p>&nbsp;<\/p>\n<hr \/>\n<p>Aluno: Patr\u00edcia Anjos Bittencourt Barreto<br \/>\nOrientador: Prof\u00aa Emanuela Forestieri da Gama-Rodrigues<br \/>\nData de In\u00edcio: 08\/2004<br \/>\nData de Defesa de Tese: 16\/07\/2009<br \/>\nT\u00edtulo da Tese: <a title=\"Teses 2009 - conclu\u00eddas\" href=\"http:\/\/uenf.br\/posgraduacao\/producao-vegetal\/wp-content\/uploads\/sites\/10\/2014\/10\/Patr%C3%ADcia-Barreto.pdf\">Distribui\u00e7\u00e3o de fra\u00e7\u00f5es org\u00e2nicas e conte\u00fado de C e N em solos sob eucalipto de diferentes idades e sistemas agroflorestais de cacau. <\/a><\/p>\n<p>&nbsp;<\/p>\n<hr \/>\n<p>&nbsp;<\/p>\n<p>&nbsp;<\/p>\n<p>Aluno: Guilherme Eug\u00eanio Machado Lopes<br \/>\nOrientador: Prof. Henrique Duarte Vieira<br \/>\nData de In\u00edcio: 03\/2005<br \/>\nData de Defesa de Tese: 20\/07\/2009<br \/>\nT\u00edtulo da Tese: <a title=\"Teses 2009 - conclu\u00eddas\" href=\"http:\/\/uenf.br\/posgraduacao\/producao-vegetal\/wp-content\/uploads\/sites\/10\/2014\/10\/Guilherme-Eug%C3%AAnio.pdf\">Avalia\u00e7\u00e3o de gen\u00f3tipos de mamoneira em baixa altitude e utiliza\u00e7\u00e3o da casca do fruto como substrato vegetal.<\/a><\/p>\n<p>&nbsp;<\/p>\n<hr \/>\n<p>&nbsp;<\/p>\n<p>Aluno: Euzileni Mantoanelli<br \/>\nOrientador: Prof. Gilberto Soares Albuquerque<br \/>\nData de In\u00edcio: 08\/2004<br \/>\nData de Defesa de Tese: 21\/07\/2009<br \/>\nT\u00edtulo da Tese: Morfologia comparada das larvas de Leucochrysa spp. (Neuroptera: Chrysopidae) de agroecossistemas da regi\u00e3o Norte Fluminense.<\/p>\n<hr \/>\n<p>Aluno: Bruno Borges Deminicis<br \/>\nOrientador: Prof. Henrique Duarte Vieira<br \/>\nData de In\u00edcio: 03\/2006<br \/>\nData de Defesa de Tese: 27\/08\/2009<br \/>\nT\u00edtulo da Tese: <a title=\"Teses 2009 - conclu\u00eddas\" href=\"http:\/\/uenf.br\/posgraduacao\/producao-vegetal\/wp-content\/uploads\/sites\/10\/2014\/10\/Bruno.pdf\">Leguminosas forrageiras tropicais: potencial fisiol\u00f3gico de sementes para implanta\u00e7\u00e3o por bovinos em pastagens.<\/a><a href=\"http:\/\/www.uenf.br\/Uenf\/Downloads\/PRODVEGETAL_3434_1254764649.pdf\"><br \/>\n<\/a><\/p>\n<hr \/>\n<p>&nbsp;<\/p>\n<p>Aluno: Leandro Hespanhol Viana<br \/>\nOrientador: Prof. Ricardo Enrique Bressan-Smith<br \/>\nData de In\u00edcio: 03\/2005<br \/>\nData de Defesa de Tese: 27\/08\/2009<br \/>\nT\u00edtulo da Tese: <a title=\"Teses 2009 - conclu\u00eddas\" href=\"http:\/\/uenf.br\/posgraduacao\/producao-vegetal\/wp-content\/uploads\/sites\/10\/2014\/10\/Leandro-Viana.pdf\">Fenologia e quebra de dorm\u00eancia da videira Niagara Rosada cultivada na regi\u00e3o Norte Fluminense em diferentes \u00e9pocas de poda.<\/a><\/p>\n<p>&nbsp;<\/p>\n<p>&nbsp;<\/p>\n<hr \/>\n<p>Aluno: Jos\u00e9 Augusto Brunoro Costa<br \/>\nOrientador: Prof. Niraldo Jos\u00e9 Ponciano<br \/>\nData de In\u00edcio: 08\/2005<br \/>\nData de Defesa de Tese: 31\/08\/2009<br \/>\nT\u00edtulo da Tese: <a title=\"Teses 2009 - conclu\u00eddas\" href=\"http:\/\/uenf.br\/posgraduacao\/producao-vegetal\/wp-content\/uploads\/sites\/10\/2014\/10\/Jos%C3%A9-Augusto-Costa.pdf\">Competitividade da agroindustria canavieira na regi\u00e3o Norte Fluminense. <\/a><\/p>\n<p>&nbsp;<\/p>\n<hr \/>\n<p>&nbsp;<\/p>\n<p>&nbsp;<\/p>\n<p>Aluno: Liane Cristina da Silva Ferreira<br \/>\nOrientador: Prof. Arnoldo Rocha Fa\u00e7anha<br \/>\nData de In\u00edcio: 03\/2005<br \/>\nData de Defesa de Tese: 22\/09\/2009<br \/>\nT\u00edtulo da Tese: Estudo da bioenerg\u00e9tica de variedades eficientes de cana-de-a\u00e7\u00facar (Saccharum spp.).<\/p>\n<hr \/>\n<p>&nbsp;<\/p>\n<p>Aluno: Kelly Lana Ara\u00fajo<br \/>\nOrientador: Prof. Silvaldo Felipe da Silveira<br \/>\nData de In\u00edcio: 03\/2005<br \/>\nData de Defesa de Tese: 25\/09\/2009<br \/>\nT\u00edtulo da Tese: <a title=\"Teses 2009 - conclu\u00eddas\" href=\"http:\/\/uenf.br\/posgraduacao\/producao-vegetal\/wp-content\/uploads\/sites\/10\/2014\/10\/Kelly-Ara%C3%BAjo.pdf\">Coqueiro-an\u00e3o: anatomia dos fol\u00edolos, processo de coloniza\u00e7\u00e3o de <em>Camarotella torrendiella<\/em> e <em>Camarotella acrocomiae<\/em> e epidemiologia da queima-das-folhas.<\/a><\/p>\n<hr \/>\n<p>&nbsp;<\/p>\n<p>Aluno: Adelmo Golynski<br \/>\nOrientador: Prof. Niraldo Jos\u00e9 Ponciano<br \/>\nData de In\u00edcio: 03\/2005<br \/>\nData de Defesa de Tese: 25\/09\/2009<br \/>\nT\u00edtulo da Tese: <a title=\"Teses 2009 - conclu\u00eddas\" href=\"http:\/\/uenf.br\/posgraduacao\/producao-vegetal\/wp-content\/uploads\/sites\/10\/2014\/10\/Adelmo.pdf\">Avalia\u00e7\u00e3o da viabilidade econ\u00f4mica e n\u00edvel tecnol\u00f3gico da apicultura no Estado do Rio de Janeiro.<\/a><a href=\"http:\/\/www.uenf.br\/Uenf\/Downloads\/PRODVEGETAL_3434_1271075845.pdf\"><br \/>\n<\/a><\/p>\n<hr \/>\n<p>&nbsp;<\/p>\n<p>Aluno: Luciana Konda de Azevedo Pinto<br \/>\nOrientador: Prof\u00aa Meire L\u00e9lis Leal Martins<br \/>\nData de In\u00edcio: 03\/2005<br \/>\nData de Defesa de Tese: 29\/09\/2009<br \/>\nT\u00edtulo da Tese: <a title=\"Teses 2009 - conclu\u00eddas\" href=\"http:\/\/uenf.br\/posgraduacao\/producao-vegetal\/wp-content\/uploads\/sites\/10\/2014\/10\/Luciana-Pinto.pdf\">Transforma\u00e7\u00f5es bioqu\u00edmicas do mam\u00e3o cv Golden armazenado sob refrigera\u00e7\u00e3o em atmosfera controlada.<\/a><\/p>\n<hr \/>\n<p>&nbsp;<\/p>\n<p>Aluno: C\u00e9sar Ronald Pereira Gomes<br \/>\nOrientador: Prof. Richard Ian Samuels<br \/>\nData de In\u00edcio: 03\/2005<br \/>\nData de Defesa de Tese: 26\/11\/2009<br \/>\nT\u00edtulo da Tese: <a title=\"Teses 2009 - conclu\u00eddas\" href=\"http:\/\/uenf.br\/posgraduacao\/producao-vegetal\/wp-content\/uploads\/sites\/10\/2014\/10\/Cesar-Ronald.pdf\">Estrat\u00e9gias de controle biol\u00f3gico de larvas de mosquito <em>Aedes aegypti<\/em> com fungos entomopatog\u00eanicos.<\/a><a href=\"http:\/\/www.uenf.br\/Uenf\/Downloads\/PRODVEGETAL_3434_1273668521.pdf\"><br \/>\n<\/a><\/p>\n<hr \/>\n<p>&nbsp;<\/p>\n<p>Aluno: Poliana Dar\u00e9 Zampirolli<br \/>\nOrientador: Prof. Paulo Marcelo de Souza<br \/>\nData de In\u00edcio: 03\/2005<br \/>\nData de Defesa de Tese: 07\/12\/2009<br \/>\nT\u00edtulo da Tese: <a title=\"Teses 2009 - conclu\u00eddas\" href=\"http:\/\/uenf.br\/posgraduacao\/producao-vegetal\/wp-content\/uploads\/sites\/10\/2014\/10\/Poliana.pdf\">Caracter\u00edsticas do processo de moderniza\u00e7\u00e3o agr\u00edcola do estado do Rio de Janeiro, 1970 a 2006.<\/a><\/p>\n<p>&nbsp;<\/p>\n<hr \/>\n<p>&nbsp;<\/p>\n<p>&nbsp;<\/p>\n<p>Aluno: Viviane de Oliveira Santos Cabral<br \/>\nOrientador: Prof. Ricardo Enrique Bressan-Smith<br \/>\nData de In\u00edcio: 03\/2005<br \/>\nData de Defesa de Tese: 11\/12\/2009<br \/>\nT\u00edtulo da Tese: <a title=\"Teses 2009 - conclu\u00eddas\" href=\"http:\/\/uenf.br\/posgraduacao\/producao-vegetal\/wp-content\/uploads\/sites\/10\/2014\/10\/Vivane-Cabral.pdf\">Desenvolvimento qualitativo da uva Niagara Rosada cultivada no Norte Fluminense.<\/a><\/p>\n","protected":false},"excerpt":{"rendered":"<p>Aluno: Cristiane Figueira da Silva Orientador: Prof. Marco Antonio Martins Data de In\u00edcio: 03\/2005 Data de Defesa de Tese: 10\/02\/2009&#8230;<\/p>\n","protected":false},"author":21,"featured_media":0,"parent":186,"menu_order":5,"comment_status":"closed","ping_status":"open","template":"","meta":{"footnotes":""},"class_list":["post-204","page","type-page","status-publish","hentry"],"_links":{"self":[{"href":"https:\/\/uenf.br\/posgraduacao\/producao-vegetal\/wp-json\/wp\/v2\/pages\/204","targetHints":{"allow":["GET"]}}],"collection":[{"href":"https:\/\/uenf.br\/posgraduacao\/producao-vegetal\/wp-json\/wp\/v2\/pages"}],"about":[{"href":"https:\/\/uenf.br\/posgraduacao\/producao-vegetal\/wp-json\/wp\/v2\/types\/page"}],"author":[{"embeddable":true,"href":"https:\/\/uenf.br\/posgraduacao\/producao-vegetal\/wp-json\/wp\/v2\/users\/21"}],"replies":[{"embeddable":true,"href":"https:\/\/uenf.br\/posgraduacao\/producao-vegetal\/wp-json\/wp\/v2\/comments?post=204"}],"version-history":[{"count":0,"href":"https:\/\/uenf.br\/posgraduacao\/producao-vegetal\/wp-json\/wp\/v2\/pages\/204\/revisions"}],"up":[{"embeddable":true,"href":"https:\/\/uenf.br\/posgraduacao\/producao-vegetal\/wp-json\/wp\/v2\/pages\/186"}],"wp:attachment":[{"href":"https:\/\/uenf.br\/posgraduacao\/producao-vegetal\/wp-json\/wp\/v2\/media?parent=204"}],"curies":[{"name":"wp","href":"https:\/\/api.w.org\/{rel}","templated":true}]}}