{"id":240,"date":"2014-01-29T13:15:23","date_gmt":"2014-01-29T13:15:23","guid":{"rendered":"http:\/\/uenf.br\/pos-graduacao\/producao-vegetal\/?page_id=240"},"modified":"2021-10-07T18:50:27","modified_gmt":"2021-10-07T21:50:27","slug":"formularios-gerais","status":"publish","type":"page","link":"https:\/\/uenf.br\/posgraduacao\/producao-vegetal\/formularios-gerais\/","title":{"rendered":"Formul\u00e1rios Gerais"},"content":{"rendered":"<p>Clique nos links abaixo para visualizar formul\u00e1rios diversos utilizados pelos alunos da P\u00f3s-Gradua\u00e7\u00e3o.<\/p>\n<ul>\n<li><a href=\"http:\/\/uenf.br\/posgraduacao\/producao-vegetal\/wp-content\/uploads\/sites\/10\/2014\/01\/F3.doc\">Formul\u00e1rio de matr\u00edcula<\/a><\/li>\n<li><a href=\"http:\/\/uenf.br\/posgraduacao\/producao-vegetal\/wp-content\/uploads\/sites\/10\/2014\/01\/F6.doc\">Exclus\u00e3o de disciplinas<\/a><\/li>\n<li><a href=\"http:\/\/uenf.br\/posgraduacao\/producao-vegetal\/wp-content\/uploads\/sites\/10\/2014\/01\/F4.doc\">Inclus\u00e3o de disciplinas<\/a><\/li>\n<li><a href=\"http:\/\/uenf.br\/posgraduacao\/producao-vegetal\/wp-content\/uploads\/sites\/10\/2014\/01\/Relat\u00f3rio-Anual.doc\">Relat\u00f3rio Anual<\/a> dos P\u00f3s-Graduandos: acesse a <a href=\"http:\/\/uenf.br\/posgraduacao\/producao-vegetal\/wp-content\/uploads\/sites\/10\/2014\/01\/Resolu\u00e7\u00e3o-Relat\u00f3rio.pdf\">Resolu\u00e7\u00e3o<\/a> que trata deste assunto.<\/li>\n<li><a href=\"http:\/\/uenf.br\/posgraduacao\/producao-vegetal\/wp-content\/uploads\/sites\/10\/2014\/01\/Afastamento-do-CAMPUS.xls\">Formul\u00e1rio de afastamento do <em>CAMPUS<\/em><\/a>: para afastamentos de at\u00e9 15 (quinze) dias da UENF.<\/li>\n<li><strong>Formul\u00e1rios de nada consta, diploma e requerimentos diversos:<\/strong> acesse o site da <a href=\"http:\/\/uenf.br\/reitoria\/secacad\/pos-graduacao\/formularios-gerais\/\">Secretaria Acad\u00eamica.<\/a><\/li>\n<\/ul>\n","protected":false},"excerpt":{"rendered":"<p>Clique nos links abaixo para visualizar formul\u00e1rios diversos utilizados pelos alunos da P\u00f3s-Gradua\u00e7\u00e3o. Formul\u00e1rio de matr\u00edcula Exclus\u00e3o de disciplinas Inclus\u00e3o&#8230;<\/p>\n","protected":false},"author":21,"featured_media":0,"parent":0,"menu_order":14,"comment_status":"closed","ping_status":"open","template":"","meta":{"footnotes":""},"class_list":["post-240","page","type-page","status-publish","hentry"],"_links":{"self":[{"href":"https:\/\/uenf.br\/posgraduacao\/producao-vegetal\/wp-json\/wp\/v2\/pages\/240","targetHints":{"allow":["GET"]}}],"collection":[{"href":"https:\/\/uenf.br\/posgraduacao\/producao-vegetal\/wp-json\/wp\/v2\/pages"}],"about":[{"href":"https:\/\/uenf.br\/posgraduacao\/producao-vegetal\/wp-json\/wp\/v2\/types\/page"}],"author":[{"embeddable":true,"href":"https:\/\/uenf.br\/posgraduacao\/producao-vegetal\/wp-json\/wp\/v2\/users\/21"}],"replies":[{"embeddable":true,"href":"https:\/\/uenf.br\/posgraduacao\/producao-vegetal\/wp-json\/wp\/v2\/comments?post=240"}],"version-history":[{"count":0,"href":"https:\/\/uenf.br\/posgraduacao\/producao-vegetal\/wp-json\/wp\/v2\/pages\/240\/revisions"}],"wp:attachment":[{"href":"https:\/\/uenf.br\/posgraduacao\/producao-vegetal\/wp-json\/wp\/v2\/media?parent=240"}],"curies":[{"name":"wp","href":"https:\/\/api.w.org\/{rel}","templated":true}]}}