{"id":30,"date":"2013-12-17T17:36:23","date_gmt":"2013-12-17T17:36:23","guid":{"rendered":"http:\/\/uenf.br\/pos-graduacao\/producao-vegetal\/?page_id=30"},"modified":"2024-02-27T09:34:33","modified_gmt":"2024-02-27T12:34:33","slug":"mestrado","status":"publish","type":"page","link":"https:\/\/uenf.br\/posgraduacao\/producao-vegetal\/teses-e-dissertacoes-concluidas\/mestrado\/","title":{"rendered":"Mestrado"},"content":{"rendered":"<p>Disserta\u00e7\u00f5es defendidas:<\/p>\n<p><a href=\"https:\/\/uenf.br\/posgraduacao\/producao-vegetal\/mestrado-conclusao-em-2024\/\">2024<\/a> &#8211; <a href=\"https:\/\/uenf.br\/posgraduacao\/producao-vegetal\/mestrado-conclusao-em-2023\/\">2023<\/a> &#8211; <a href=\"https:\/\/uenf.br\/posgraduacao\/producao-vegetal\/mestrado-conclusao-em-2022\/\">2022<\/a> &#8211;\u00a0 <a href=\"https:\/\/uenf.br\/posgraduacao\/producao-vegetal\/mestrado-conclusao-em-2021\/\">2021<\/a> &#8211;<a href=\"https:\/\/uenf.br\/posgraduacao\/producao-vegetal\/mestrado-conclusao-em-2020\/\">\u00a02020<\/a> &#8211; <a href=\"https:\/\/uenf.br\/posgraduacao\/producao-vegetal\/mestrado-conclusao-em-2019\/\">2019<\/a> &#8211;\u00a0<a href=\"https:\/\/uenf.br\/posgraduacao\/producao-vegetal\/mestrado-conclusao-em-2018\/\">2018<\/a> &#8211;<a href=\"https:\/\/uenf.br\/posgraduacao\/producao-vegetal\/mestrado-conclusao-em-2017\/\"> 2017<\/a> &#8211;\u00a0<a href=\"https:\/\/uenf.br\/posgraduacao\/producao-vegetal\/mestrado-conclusao-em-2016\/\" target=\"_blank\" rel=\"noopener noreferrer\">2016<\/a> &#8211;\u00a0<a title=\"Disserta\u00e7\u00f5es 2015 - Conclu\u00eddas\" href=\"https:\/\/uenf.br\/posgraduacao\/producao-vegetal\/teses-e-dissertacoes-concluidas\/mestrado\/mestrado-conclusao-em-2015\/\">2015<\/a><a title=\"Disserta\u00e7\u00f5es 2014 - Conclu\u00eddas\" href=\"https:\/\/uenf.br\/posgraduacao\/producao-vegetal\/teses-e-dissertacoes-concluidas\/mestrado\/mestrado-conclusao-em-2014\/\"> &#8211; 2014 &#8211;<\/a><a title=\"Disserta\u00e7\u00f5es 2013 - Conclu\u00eddas\" href=\"https:\/\/uenf.br\/posgraduacao\/producao-vegetal\/teses-e-dissertacoes-concluidas\/mestrado\/mestrado-conclusao-em-2013\/\">2013 &#8211; <\/a><a title=\"Disserta\u00e7\u00f5es 2012 - Conclu\u00eddas\" href=\"https:\/\/uenf.br\/posgraduacao\/producao-vegetal\/teses-e-dissertacoes-concluidas\/mestrado\/mestrado-conclusao-em-2012\/\">2012 &#8211; <\/a><a title=\"2011\" href=\"https:\/\/uenf.br\/posgraduacao\/producao-vegetal\/teses-e-dissertacoes-concluidas\/mestrado\/mestrado-conclusao-em-2011\/\">2011 <\/a><a title=\"Disserta\u00e7\u00f5es 2011 - Conclu\u00eddas\" href=\"https:\/\/uenf.br\/posgraduacao\/producao-vegetal\/wp-admin\/post.php?post=60&amp;action=edit\">&#8211; <\/a><a title=\"Disserta\u00e7\u00f5es 2010 - Conclu\u00eddas\" href=\"https:\/\/uenf.br\/posgraduacao\/producao-vegetal\/teses-e-dissertacoes-concluidas\/mestrado\/mestrado-conclusao-em-2010\/\">2010 &#8211; <\/a><a title=\"Disserta\u00e7\u00f5es 2009 - Conclu\u00eddas\" href=\"https:\/\/uenf.br\/posgraduacao\/producao-vegetal\/teses-e-dissertacoes-concluidas\/mestrado\/mestrado-conclusao-em-2009\/\">2009 &#8211; <\/a><a title=\"Disserta\u00e7\u00f5es 2008 - Conclu\u00eddas\" href=\"https:\/\/uenf.br\/posgraduacao\/producao-vegetal\/teses-e-dissertacoes-concluidas\/mestrado\/mestrado-conclusao-em-2008\/\">2008 &#8211; <\/a><a title=\"Disserta\u00e7\u00f5es 2007 - Conclu\u00eddas\" href=\"https:\/\/uenf.br\/posgraduacao\/producao-vegetal\/teses-e-dissertacoes-concluidas\/mestrado\/mestrado-conclusao-em-2007\/\">2007 &#8211; <\/a><a title=\"Disserta\u00e7\u00f5es 2006 - Conclu\u00eddas\" href=\"https:\/\/uenf.br\/posgraduacao\/producao-vegetal\/teses-e-dissertacoes-concluidas\/mestrado\/mestrado-conclusao-em-2006\/\">2006 &#8211; <\/a><a title=\"Disserta\u00e7\u00f5es 2005 - Conclu\u00eddas\" href=\"https:\/\/uenf.br\/posgraduacao\/producao-vegetal\/teses-e-dissertacoes-concluidas\/mestrado\/mestrado-conclusao-em-2005\/\">2005 &#8211; <\/a><a title=\"Disserta\u00e7\u00f5es 2004 - Conclu\u00eddas\" href=\"https:\/\/uenf.br\/posgraduacao\/producao-vegetal\/teses-e-dissertacoes-concluidas\/mestrado\/mestrado-conclusao-em-2004\/\">2004 &#8211; <\/a><a title=\"Disserta\u00e7\u00f5es 2003 - Conclu\u00eddas\" href=\"https:\/\/uenf.br\/posgraduacao\/producao-vegetal\/teses-e-dissertacoes-concluidas\/mestrado\/mestrado-conclusao-em-2003\/\">2003 &#8211; <\/a><a title=\"Disserta\u00e7\u00f5es 1996 a 2002 - Conclu\u00eddas\" href=\"https:\/\/uenf.br\/posgraduacao\/producao-vegetal\/teses-e-dissertacoes-concluidas\/mestrado\/mestrado-concluido-no-periodo-de-1996-a-2002\/\">1996 a 2002<\/a><\/p>\n<p>&nbsp;<\/p>\n","protected":false},"excerpt":{"rendered":"<p>Disserta\u00e7\u00f5es defendidas: 2024 &#8211; 2023 &#8211; 2022 &#8211;\u00a0 2021 &#8211;\u00a02020 &#8211; 2019 &#8211;\u00a02018 &#8211; 2017 &#8211;\u00a02016 &#8211;\u00a02015 &#8211; 2014 &#8211;2013&#8230;<\/p>\n","protected":false},"author":21,"featured_media":0,"parent":28,"menu_order":1,"comment_status":"closed","ping_status":"open","template":"","meta":{"footnotes":""},"class_list":["post-30","page","type-page","status-publish","hentry"],"_links":{"self":[{"href":"https:\/\/uenf.br\/posgraduacao\/producao-vegetal\/wp-json\/wp\/v2\/pages\/30","targetHints":{"allow":["GET"]}}],"collection":[{"href":"https:\/\/uenf.br\/posgraduacao\/producao-vegetal\/wp-json\/wp\/v2\/pages"}],"about":[{"href":"https:\/\/uenf.br\/posgraduacao\/producao-vegetal\/wp-json\/wp\/v2\/types\/page"}],"author":[{"embeddable":true,"href":"https:\/\/uenf.br\/posgraduacao\/producao-vegetal\/wp-json\/wp\/v2\/users\/21"}],"replies":[{"embeddable":true,"href":"https:\/\/uenf.br\/posgraduacao\/producao-vegetal\/wp-json\/wp\/v2\/comments?post=30"}],"version-history":[{"count":0,"href":"https:\/\/uenf.br\/posgraduacao\/producao-vegetal\/wp-json\/wp\/v2\/pages\/30\/revisions"}],"up":[{"embeddable":true,"href":"https:\/\/uenf.br\/posgraduacao\/producao-vegetal\/wp-json\/wp\/v2\/pages\/28"}],"wp:attachment":[{"href":"https:\/\/uenf.br\/posgraduacao\/producao-vegetal\/wp-json\/wp\/v2\/media?parent=30"}],"curies":[{"name":"wp","href":"https:\/\/api.w.org\/{rel}","templated":true}]}}

<p>Dissertações defendidas:</p>
<p><a href="https://uenf.br/posgraduacao/producao-vegetal/mestrado-conclusao-em-2024/">2024</a> &#8211; <a href="https://uenf.br/posgraduacao/producao-vegetal/mestrado-conclusao-em-2023/">2023</a> &#8211; <a href="https://uenf.br/posgraduacao/producao-vegetal/mestrado-conclusao-em-2022/">2022</a> &#8211;  <a href="https://uenf.br/posgraduacao/producao-vegetal/mestrado-conclusao-em-2021/">2021</a> &#8211;<a href="https://uenf.br/posgraduacao/producao-vegetal/mestrado-conclusao-em-2020/"> 2020</a> &#8211; <a href="https://uenf.br/posgraduacao/producao-vegetal/mestrado-conclusao-em-2019/">2019</a> &#8211; <a href="https://uenf.br/posgraduacao/producao-vegetal/mestrado-conclusao-em-2018/">2018</a> &#8211;<a href="https://uenf.br/posgraduacao/producao-vegetal/mestrado-conclusao-em-2017/"> 2017</a> &#8211; <a href="https://uenf.br/posgraduacao/producao-vegetal/mestrado-conclusao-em-2016/" target="_blank" rel="noopener noreferrer">2016</a> &#8211; <a title="Dissertações 2015 - Concluídas" href="https://uenf.br/posgraduacao/producao-vegetal/teses-e-dissertacoes-concluidas/mestrado/mestrado-conclusao-em-2015/">2015</a><a title="Dissertações 2014 - Concluídas" href="https://uenf.br/posgraduacao/producao-vegetal/teses-e-dissertacoes-concluidas/mestrado/mestrado-conclusao-em-2014/"> &#8211; 2014 &#8211;</a><a title="Dissertações 2013 - Concluídas" href="https://uenf.br/posgraduacao/producao-vegetal/teses-e-dissertacoes-concluidas/mestrado/mestrado-conclusao-em-2013/">2013 &#8211; </a><a title="Dissertações 2012 - Concluídas" href="https://uenf.br/posgraduacao/producao-vegetal/teses-e-dissertacoes-concluidas/mestrado/mestrado-conclusao-em-2012/">2012 &#8211; </a><a title="2011" href="https://uenf.br/posgraduacao/producao-vegetal/teses-e-dissertacoes-concluidas/mestrado/mestrado-conclusao-em-2011/">2011 </a><a title="Dissertações 2011 - Concluídas" href="https://uenf.br/posgraduacao/producao-vegetal/wp-admin/post.php?post=60&amp;action=edit">&#8211; </a><a title="Dissertações 2010 - Concluídas" href="https://uenf.br/posgraduacao/producao-vegetal/teses-e-dissertacoes-concluidas/mestrado/mestrado-conclusao-em-2010/">2010 &#8211; </a><a title="Dissertações 2009 - Concluídas" href="https://uenf.br/posgraduacao/producao-vegetal/teses-e-dissertacoes-concluidas/mestrado/mestrado-conclusao-em-2009/">2009 &#8211; </a><a title="Dissertações 2008 - Concluídas" href="https://uenf.br/posgraduacao/producao-vegetal/teses-e-dissertacoes-concluidas/mestrado/mestrado-conclusao-em-2008/">2008 &#8211; </a><a title="Dissertações 2007 - Concluídas" href="https://uenf.br/posgraduacao/producao-vegetal/teses-e-dissertacoes-concluidas/mestrado/mestrado-conclusao-em-2007/">2007 &#8211; </a><a title="Dissertações 2006 - Concluídas" href="https://uenf.br/posgraduacao/producao-vegetal/teses-e-dissertacoes-concluidas/mestrado/mestrado-conclusao-em-2006/">2006 &#8211; </a><a title="Dissertações 2005 - Concluídas" href="https://uenf.br/posgraduacao/producao-vegetal/teses-e-dissertacoes-concluidas/mestrado/mestrado-conclusao-em-2005/">2005 &#8211; </a><a title="Dissertações 2004 - Concluídas" href="https://uenf.br/posgraduacao/producao-vegetal/teses-e-dissertacoes-concluidas/mestrado/mestrado-conclusao-em-2004/">2004 &#8211; </a><a title="Dissertações 2003 - Concluídas" href="https://uenf.br/posgraduacao/producao-vegetal/teses-e-dissertacoes-concluidas/mestrado/mestrado-conclusao-em-2003/">2003 &#8211; </a><a title="Dissertações 1996 a 2002 - Concluídas" href="https://uenf.br/posgraduacao/producao-vegetal/teses-e-dissertacoes-concluidas/mestrado/mestrado-concluido-no-periodo-de-1996-a-2002/">1996 a 2002</a></p>
<p>&nbsp;</p>

<p>Dissertações defendidas: 2024 &#8211; 2023 &#8211; 2022 &#8211;  2021 &#8211; 2020 &#8211; 2019 &#8211; 2018 &#8211; 2017 &#8211; 2016 &#8211; 2015 &#8211; 2014 &#8211;2013&#8230;</p>
