{"id":3899,"date":"2021-07-23T09:31:57","date_gmt":"2021-07-23T12:31:57","guid":{"rendered":"https:\/\/uenf.br\/posgraduacao\/producao-vegetal\/?page_id=3899"},"modified":"2023-02-28T09:08:51","modified_gmt":"2023-02-28T12:08:51","slug":"disciplinas-obrigatorias","status":"publish","type":"page","link":"https:\/\/uenf.br\/posgraduacao\/producao-vegetal\/discentes\/disciplinas-obrigatorias\/","title":{"rendered":"Disciplinas obrigat\u00f3rias"},"content":{"rendered":"<p><strong>MESTRADO<\/strong><\/p>\n<ul>\n<li>EAG3700 &#8211; Estat\u00edstica Aplicada I<\/li>\n<li>MGV3712 &#8211; Metabolismo do Carbono e Nutri\u00e7\u00e3o de Plantas ou MGV3713 &#8211; Rela\u00e7\u00f5es h\u00eddricas e Fisiologia do Desenvolvimento<\/li>\n<li>SPV3891 &#8211;\u00a0 Semin\u00e1rio I<\/li>\n<li>SPV3892 &#8211;\u00a0 Semin\u00e1rio II<\/li>\n<\/ul>\n<p><strong>DOUTORADO<\/strong><\/p>\n<ul>\n<li>EAG3810 &#8211; Estat\u00edstica Aplicada II (PR\u00c9-REQUISITO EAG3700)<\/li>\n<li>MGV 3712 &#8211; Metabolismo do Carbono e Nutri\u00e7\u00e3o de Plantas ou MGV3713 &#8211; Rela\u00e7\u00f5es h\u00eddricas e Fisiologia do Desenvolvimento<\/li>\n<li>SPV3891 &#8211; Semin\u00e1rio I<\/li>\n<li>SPV3892 &#8211; Semin\u00e1rio II<\/li>\n<li>SPV 3893 &#8211; Semin\u00e1rio III<\/li>\n<li>SPV 3894 &#8211; Semin\u00e1rio IV<\/li>\n<\/ul>\n<p>&nbsp;<\/p>\n","protected":false},"excerpt":{"rendered":"<p>MESTRADO EAG3700 &#8211; Estat\u00edstica Aplicada I MGV3712 &#8211; Metabolismo do Carbono e Nutri\u00e7\u00e3o de Plantas ou MGV3713 &#8211; Rela\u00e7\u00f5es h\u00eddricas&#8230;<\/p>\n","protected":false},"author":21,"featured_media":0,"parent":140,"menu_order":1,"comment_status":"closed","ping_status":"closed","template":"","meta":{"footnotes":""},"class_list":["post-3899","page","type-page","status-publish","hentry"],"_links":{"self":[{"href":"https:\/\/uenf.br\/posgraduacao\/producao-vegetal\/wp-json\/wp\/v2\/pages\/3899","targetHints":{"allow":["GET"]}}],"collection":[{"href":"https:\/\/uenf.br\/posgraduacao\/producao-vegetal\/wp-json\/wp\/v2\/pages"}],"about":[{"href":"https:\/\/uenf.br\/posgraduacao\/producao-vegetal\/wp-json\/wp\/v2\/types\/page"}],"author":[{"embeddable":true,"href":"https:\/\/uenf.br\/posgraduacao\/producao-vegetal\/wp-json\/wp\/v2\/users\/21"}],"replies":[{"embeddable":true,"href":"https:\/\/uenf.br\/posgraduacao\/producao-vegetal\/wp-json\/wp\/v2\/comments?post=3899"}],"version-history":[{"count":0,"href":"https:\/\/uenf.br\/posgraduacao\/producao-vegetal\/wp-json\/wp\/v2\/pages\/3899\/revisions"}],"up":[{"embeddable":true,"href":"https:\/\/uenf.br\/posgraduacao\/producao-vegetal\/wp-json\/wp\/v2\/pages\/140"}],"wp:attachment":[{"href":"https:\/\/uenf.br\/posgraduacao\/producao-vegetal\/wp-json\/wp\/v2\/media?parent=3899"}],"curies":[{"name":"wp","href":"https:\/\/api.w.org\/{rel}","templated":true}]}}

Disciplinas obrigatórias

<p><strong>MESTRADO</strong></p>
<ul>
<li>EAG3700 &#8211; Estatística Aplicada I</li>
<li>MGV3712 &#8211; Metabolismo do Carbono e Nutrição de Plantas ou MGV3713 &#8211; Relações hídricas e Fisiologia do Desenvolvimento</li>
<li>SPV3891 &#8211;  Seminário I</li>
<li>SPV3892 &#8211;  Seminário II</li>
</ul>
<p><strong>DOUTORADO</strong></p>
<ul>
<li>EAG3810 &#8211; Estatística Aplicada II (PRÉ-REQUISITO EAG3700)</li>
<li>MGV 3712 &#8211; Metabolismo do Carbono e Nutrição de Plantas ou MGV3713 &#8211; Relações hídricas e Fisiologia do Desenvolvimento</li>
<li>SPV3891 &#8211; Seminário I</li>
<li>SPV3892 &#8211; Seminário II</li>
<li>SPV 3893 &#8211; Seminário III</li>
<li>SPV 3894 &#8211; Seminário IV</li>
</ul>
<p>&nbsp;</p>

<p>MESTRADO EAG3700 &#8211; Estatística Aplicada I MGV3712 &#8211; Metabolismo do Carbono e Nutrição de Plantas ou MGV3713 &#8211; Relações hídricas&#8230;</p>
