{"id":4223,"date":"2022-04-07T17:03:52","date_gmt":"2022-04-07T20:03:52","guid":{"rendered":"https:\/\/uenf.br\/posgraduacao\/producao-vegetal\/?page_id=4223"},"modified":"2022-04-07T17:03:52","modified_gmt":"2022-04-07T20:03:52","slug":"leis-de-bolsas","status":"publish","type":"page","link":"https:\/\/uenf.br\/posgraduacao\/producao-vegetal\/normas-da-pos-graduacao\/leis-de-bolsas\/","title":{"rendered":"LEIS DE BOLSAS"},"content":{"rendered":"<p><a href=\"https:\/\/uenf.br\/posgraduacao\/producao-vegetal\/wp-content\/uploads\/sites\/10\/2022\/04\/NORMAS-CAPES.pdf\">NORMAS CAPES<\/a><\/p>\n<p><a href=\"https:\/\/uenf.br\/posgraduacao\/producao-vegetal\/wp-content\/uploads\/sites\/10\/2022\/04\/RESOLUCAO-07-2011-E-RESOLUCAO-002-2016ALTERA-A-RESOLUCAO-07.pdf\">RESOLU\u00c7\u00c3O 07-2011 E RESOLU\u00c7\u00c3O 002-2016(ALTERA A RESOLU\u00c7\u00c3O 07)<\/a><\/p>\n","protected":false},"excerpt":{"rendered":"<p>NORMAS CAPES RESOLU\u00c7\u00c3O 07-2011 E RESOLU\u00c7\u00c3O 002-2016(ALTERA A RESOLU\u00c7\u00c3O 07)<\/p>\n","protected":false},"author":21,"featured_media":0,"parent":343,"menu_order":1,"comment_status":"closed","ping_status":"closed","template":"","meta":{"footnotes":""},"class_list":["post-4223","page","type-page","status-publish","hentry"],"_links":{"self":[{"href":"https:\/\/uenf.br\/posgraduacao\/producao-vegetal\/wp-json\/wp\/v2\/pages\/4223","targetHints":{"allow":["GET"]}}],"collection":[{"href":"https:\/\/uenf.br\/posgraduacao\/producao-vegetal\/wp-json\/wp\/v2\/pages"}],"about":[{"href":"https:\/\/uenf.br\/posgraduacao\/producao-vegetal\/wp-json\/wp\/v2\/types\/page"}],"author":[{"embeddable":true,"href":"https:\/\/uenf.br\/posgraduacao\/producao-vegetal\/wp-json\/wp\/v2\/users\/21"}],"replies":[{"embeddable":true,"href":"https:\/\/uenf.br\/posgraduacao\/producao-vegetal\/wp-json\/wp\/v2\/comments?post=4223"}],"version-history":[{"count":0,"href":"https:\/\/uenf.br\/posgraduacao\/producao-vegetal\/wp-json\/wp\/v2\/pages\/4223\/revisions"}],"up":[{"embeddable":true,"href":"https:\/\/uenf.br\/posgraduacao\/producao-vegetal\/wp-json\/wp\/v2\/pages\/343"}],"wp:attachment":[{"href":"https:\/\/uenf.br\/posgraduacao\/producao-vegetal\/wp-json\/wp\/v2\/media?parent=4223"}],"curies":[{"name":"wp","href":"https:\/\/api.w.org\/{rel}","templated":true}]}}