{"id":4403,"date":"2022-10-04T11:18:54","date_gmt":"2022-10-04T14:18:54","guid":{"rendered":"https:\/\/uenf.br\/posgraduacao\/producao-vegetal\/?page_id=4403"},"modified":"2024-03-07T16:11:00","modified_gmt":"2024-03-07T19:11:00","slug":"i-simposio-de-producao-vegetal","status":"publish","type":"page","link":"https:\/\/uenf.br\/posgraduacao\/producao-vegetal\/discentes\/i-simposio-de-producao-vegetal\/","title":{"rendered":"II SIMP\u00d3SIO DE PRODU\u00c7\u00c3O VEGETAL"},"content":{"rendered":"<p style=\"text-align: center\"><strong><span style=\"color: #0000ff\">SIMPROV<\/span><\/strong><\/p>\n<p style=\"text-align: center\"><strong><span style=\"color: #0000ff\">II Simp\u00f3sio de Produ\u00e7\u00e3o Vegetal<\/span><\/strong><\/p>\n<p>&nbsp;<\/p>\n<div style=\"text-align: left\">Informamos que o II Simp\u00f3sio de Produ\u00e7\u00e3o Vegetal ocorrer\u00e1 entre os dias 19 e 21 de mar\u00e7o de 2024 e a submiss\u00e3o de resumos \u00e9 at\u00e9 o dia 10\/03\/2024.<\/div>\n<div style=\"text-align: left\">Link com mais detalhes sobre o evento: <a href=\"https:\/\/uenf.br\/posgraduacao\/producao-vegetal\/wp-content\/uploads\/sites\/10\/2024\/03\/CARTAZ-II-SIMPOSIO-1.pdf\">CLIQUE AQUI<\/a><\/div>\n<div><\/div>\n","protected":false},"excerpt":{"rendered":"<p>SIMPROV II Simp\u00f3sio de Produ\u00e7\u00e3o Vegetal &nbsp; Informamos que o II Simp\u00f3sio de Produ\u00e7\u00e3o Vegetal ocorrer\u00e1 entre os dias 19&#8230;<\/p>\n","protected":false},"author":21,"featured_media":0,"parent":140,"menu_order":4,"comment_status":"closed","ping_status":"closed","template":"","meta":{"footnotes":""},"class_list":["post-4403","page","type-page","status-publish","hentry"],"_links":{"self":[{"href":"https:\/\/uenf.br\/posgraduacao\/producao-vegetal\/wp-json\/wp\/v2\/pages\/4403","targetHints":{"allow":["GET"]}}],"collection":[{"href":"https:\/\/uenf.br\/posgraduacao\/producao-vegetal\/wp-json\/wp\/v2\/pages"}],"about":[{"href":"https:\/\/uenf.br\/posgraduacao\/producao-vegetal\/wp-json\/wp\/v2\/types\/page"}],"author":[{"embeddable":true,"href":"https:\/\/uenf.br\/posgraduacao\/producao-vegetal\/wp-json\/wp\/v2\/users\/21"}],"replies":[{"embeddable":true,"href":"https:\/\/uenf.br\/posgraduacao\/producao-vegetal\/wp-json\/wp\/v2\/comments?post=4403"}],"version-history":[{"count":0,"href":"https:\/\/uenf.br\/posgraduacao\/producao-vegetal\/wp-json\/wp\/v2\/pages\/4403\/revisions"}],"up":[{"embeddable":true,"href":"https:\/\/uenf.br\/posgraduacao\/producao-vegetal\/wp-json\/wp\/v2\/pages\/140"}],"wp:attachment":[{"href":"https:\/\/uenf.br\/posgraduacao\/producao-vegetal\/wp-json\/wp\/v2\/media?parent=4403"}],"curies":[{"name":"wp","href":"https:\/\/api.w.org\/{rel}","templated":true}]}}

II SIMPÓSIO DE PRODUÇÃO VEGETAL

<p style="text-align: center"><strong><span style="color: #0000ff">SIMPROV</span></strong></p>
<p style="text-align: center"><strong><span style="color: #0000ff">II Simpósio de Produção Vegetal</span></strong></p>
<p>&nbsp;</p>
<div style="text-align: left">Informamos que o II Simpósio de Produção Vegetal ocorrerá entre os dias 19 e 21 de março de 2024 e a submissão de resumos é até o dia 10/03/2024.</div>
<div style="text-align: left">Link com mais detalhes sobre o evento: <a href="https://uenf.br/posgraduacao/producao-vegetal/wp-content/uploads/sites/10/2024/03/CARTAZ-II-SIMPOSIO-1.pdf">CLIQUE AQUI</a></div>
<div></div>

<p>SIMPROV II Simpósio de Produção Vegetal &nbsp; Informamos que o II Simpósio de Produção Vegetal ocorrerá entre os dias 19&#8230;</p>
