{"id":4727,"date":"2024-02-26T10:08:44","date_gmt":"2024-02-26T13:08:44","guid":{"rendered":"https:\/\/uenf.br\/posgraduacao\/producao-vegetal\/?page_id=4727"},"modified":"2024-03-11T16:58:49","modified_gmt":"2024-03-11T19:58:49","slug":"faperj-edital-bolsa-nota-10-2024","status":"publish","type":"page","link":"https:\/\/uenf.br\/posgraduacao\/producao-vegetal\/faperj-edital-bolsa-nota-10-2024\/","title":{"rendered":"FAPERJ &#8211; EDITAL BOLSA NOTA 10 &#8211; 2024"},"content":{"rendered":"<div>\n<div>\n<div>\n<h3 style=\"text-align: center\"><span style=\"color: #0000ff\"><strong>EDITAL BOLSA NOTA 10 \u2013 FAPERJ \u2013 2024<\/strong><\/span><\/h3>\n<\/div>\n<div>\n<p style=\"text-align: left\">A Coordena\u00e7\u00e3o do Programa de P\u00f3s-gradua\u00e7\u00e3o em Produ\u00e7\u00e3o Vegetal, vinculada ao Centro de Ci\u00eancias e Tecnologias Agropecu\u00e1rias, da Universidade Estadual do Norte Fluminense Darcy Ribeiro, torna p\u00fablica o <span style=\"color: #0000ff\"><strong>resultado dos recursos e o resultado final ap\u00f3s recursos <\/strong><\/span>do processo seletivo interno para indica\u00e7\u00e3o de p\u00f3s-graduandos para concorrer ao Edital FAPERJ Programa Bolsa Nota 10 vers\u00e3o 2024.<\/p>\n<p><span style=\"color: #0000ff\"><strong>RECURSO<\/strong><\/span>: <a href=\"https:\/\/uenf.br\/posgraduacao\/producao-vegetal\/wp-content\/uploads\/sites\/10\/2024\/03\/RESULTADO-RECURSO-2.pdf\">Resultado<\/a><\/p>\n<p><strong><span style=\"color: #0000ff\">RESULTADO FINAL<\/span><\/strong>: <a href=\"https:\/\/uenf.br\/posgraduacao\/producao-vegetal\/wp-content\/uploads\/sites\/10\/2024\/03\/ResultadosFinaisBolsaNota10_2024-2.pdf\">CLIQUE AQUI<\/a><\/p>\n<\/div>\n<h3>________________________________________________________________________________<\/h3>\n<h3 style=\"text-align: center\"><span style=\"color: #0000ff\"><strong>EDITAL BOLSA NOTA 10 \u2013 FAPERJ \u2013 2024<\/strong><\/span><\/h3>\n<\/div>\n<div>\n<p style=\"text-align: left\">A Coordena\u00e7\u00e3o do Programa de P\u00f3s-gradua\u00e7\u00e3o em Produ\u00e7\u00e3o Vegetal, vinculada ao Centro de Ci\u00eancias e Tecnologias Agropecu\u00e1rias, da Universidade Estadual do Norte Fluminense Darcy Ribeiro, torna p\u00fablica o <span style=\"color: #0000ff\"><strong>resultado final <\/strong><\/span>do processo seletivo interno para indica\u00e7\u00e3o de p\u00f3s-graduandos para concorrer ao Edital FAPERJ Programa Bolsa Nota 10 vers\u00e3o 2024.<\/p>\n<\/div>\n<p><strong><span style=\"color: #0000ff\">RESULTADO<\/span><\/strong>: <a href=\"https:\/\/uenf.br\/posgraduacao\/producao-vegetal\/wp-content\/uploads\/sites\/10\/2024\/03\/RESULTADO-FINAL-MODIFICADO.pdf\">CLIQUE AQUI<\/a><\/p>\n<h3>______________________________________________________________<\/h3>\n<h3 style=\"text-align: center\"><span style=\"color: #0000ff\"><strong>EDITAL BOLSA NOTA 10 \u2013 FAPERJ \u2013 2024<\/strong><\/span><\/h3>\n<\/div>\n<div>\n<p style=\"text-align: left\">A Coordena\u00e7\u00e3o do Programa de P\u00f3s-gradua\u00e7\u00e3o em Produ\u00e7\u00e3o Vegetal, vinculada ao Centro de Ci\u00eancias e Tecnologias Agropecu\u00e1rias, da Universidade Estadual do Norte Fluminense Darcy Ribeiro, torna p\u00fablica a realiza\u00e7\u00e3o de processo seletivo interno para indica\u00e7\u00e3o de p\u00f3s-graduandos para concorrer ao Edital FAPERJ Programa Bolsa Nota 10 vers\u00e3o 2024.(https:\/\/www.faperj.br\/rp\/downloads\/Edital_FAPERJ_N%C2%BA_03_2024___Programa_Bolsa_Mestrado_e_Doutorado_Nota_10.pdf).<\/p>\n<\/div>\n<div>\n<p>&nbsp;<\/p>\n<p style=\"text-align: center\"><span style=\"color: #0000ff\"><strong>Per\u00edodo de inscri\u00e7\u00e3o:<\/strong><\/span><\/p>\n<ul>\n<li><strong><b>27\/02 a 05\/03\/2024, \u00e0s 17:00 hs<\/b>.\u00a0<\/strong><\/li>\n<li>Inscri\u00e7\u00f5es incompletas ou n\u00e3o devidamente preenchidas ser\u00e3o canceladas.<\/li>\n<li><strong>Edital e ficha de inscri\u00e7\u00e3o abaixo<\/strong>:<\/li>\n<li><a href=\"https:\/\/uenf.br\/posgraduacao\/producao-vegetal\/wp-content\/uploads\/sites\/10\/2024\/02\/EDITAL.pdf\">EDITAL<\/a><\/li>\n<li><a href=\"https:\/\/uenf.br\/posgraduacao\/producao-vegetal\/wp-content\/uploads\/sites\/10\/2024\/02\/Requerimento-de-inscricao-Edital-Nota-10-2024.docx\">Ficha de inscri\u00e7\u00e3o<\/a><\/li>\n<\/ul>\n<\/div>\n","protected":false},"excerpt":{"rendered":"<p>EDITAL BOLSA NOTA 10 \u2013 FAPERJ \u2013 2024 A Coordena\u00e7\u00e3o do Programa de P\u00f3s-gradua\u00e7\u00e3o em Produ\u00e7\u00e3o Vegetal, vinculada ao Centro&#8230;<\/p>\n","protected":false},"author":21,"featured_media":0,"parent":0,"menu_order":9,"comment_status":"closed","ping_status":"closed","template":"","meta":{"footnotes":""},"class_list":["post-4727","page","type-page","status-publish","hentry"],"_links":{"self":[{"href":"https:\/\/uenf.br\/posgraduacao\/producao-vegetal\/wp-json\/wp\/v2\/pages\/4727","targetHints":{"allow":["GET"]}}],"collection":[{"href":"https:\/\/uenf.br\/posgraduacao\/producao-vegetal\/wp-json\/wp\/v2\/pages"}],"about":[{"href":"https:\/\/uenf.br\/posgraduacao\/producao-vegetal\/wp-json\/wp\/v2\/types\/page"}],"author":[{"embeddable":true,"href":"https:\/\/uenf.br\/posgraduacao\/producao-vegetal\/wp-json\/wp\/v2\/users\/21"}],"replies":[{"embeddable":true,"href":"https:\/\/uenf.br\/posgraduacao\/producao-vegetal\/wp-json\/wp\/v2\/comments?post=4727"}],"version-history":[{"count":0,"href":"https:\/\/uenf.br\/posgraduacao\/producao-vegetal\/wp-json\/wp\/v2\/pages\/4727\/revisions"}],"wp:attachment":[{"href":"https:\/\/uenf.br\/posgraduacao\/producao-vegetal\/wp-json\/wp\/v2\/media?parent=4727"}],"curies":[{"name":"wp","href":"https:\/\/api.w.org\/{rel}","templated":true}]}}