{"id":7,"date":"2022-11-17T15:23:45","date_gmt":"2022-11-17T18:23:45","guid":{"rendered":"https:\/\/uenf.br\/posgraduacao\/residencia-em-medicina-veterinaria\/?page_id=7"},"modified":"2026-03-20T17:43:00","modified_gmt":"2026-03-20T20:43:00","slug":"apresentacao","status":"publish","type":"page","link":"https:\/\/uenf.br\/posgraduacao\/residencia-em-medicina-veterinaria\/","title":{"rendered":"Apresenta\u00e7\u00e3o"},"content":{"rendered":"<p>A Resid\u00eancia em Medicina Veterin\u00e1ria tem por objetivo especializar M\u00e9dicos Veterin\u00e1rios, por meio de treinamento em servi\u00e7o, favorecendo a ado\u00e7\u00e3o das melhores pr\u00e1ticas assistenciais, condutas baseadas em evid\u00eancias e a promo\u00e7\u00e3o de sa\u00fade coletiva e da seguran\u00e7a do tutor e do paciente. \u00c9 uma modalidade de ensino de P\u00f3s-Gradua\u00e7\u00e3o<em> Lato sensu<\/em>, com dura\u00e7\u00e3o de 24 meses e carga hor\u00e1ria de 60 horas semanais, em regime de dedica\u00e7\u00e3o exclusiva, sob a supervis\u00e3o de docentes da UENF que exercem atividades de presta\u00e7\u00e3o de servi\u00e7os no HV-UENF e profissionais capacitados, vinculados ao Programa de Resid\u00eancia em Medicina Veterin\u00e1ria.<\/p>\n<p><img loading=\"lazy\" decoding=\"async\" class=\"alignleft wp-image-66 size-medium\" src=\"https:\/\/uenf.br\/posgraduacao\/residencia-em-medicina-veterinaria\/wp-content\/uploads\/sites\/20\/2024\/09\/hp-300x200.png\" alt=\"\" width=\"300\" height=\"200\" srcset=\"https:\/\/uenf.br\/posgraduacao\/residencia-em-medicina-veterinaria\/wp-content\/uploads\/sites\/20\/2024\/09\/hp-300x200.png 300w, https:\/\/uenf.br\/posgraduacao\/residencia-em-medicina-veterinaria\/wp-content\/uploads\/sites\/20\/2024\/09\/hp.png 768w\" sizes=\"auto, (max-width: 300px) 100vw, 300px\" \/>A UENF disp\u00f5e de 10 \u00c1reas de Conhecimento em Medicina Veterin\u00e1ria com carga hor\u00e1ria total de 5.780 horas, das quais 80% se destinam \u00e0s atividades pr\u00e1ticas e 20% \u00e0s atividades te\u00f3ricas e\/ou te\u00f3rico-pr\u00e1ticas. Os cen\u00e1rios da pr\u00e1tica dos Programas de Resid\u00eancia em Medicina Veterin\u00e1ria s\u00e3o constitu\u00eddos pelos servi\u00e7os oferecidos pelo Hospital Veterin\u00e1rio e em outras depend\u00eancias fora da UENF. Os residentes da \u00e1rea de Tecnologia e Inspe\u00e7\u00e3o de Produtos de Origem Animal, desenvolvem atividades pr\u00e1ticas em diferentes cen\u00e1rios por meio de articula\u00e7\u00f5es com Empresas que prestam assessoria t\u00e9cnica, para estabelecimentos que comercializam alimentos e Ind\u00fastrias de Processamento de Produtos de Origem Animal.<\/p>\n<p><strong>\u00a0<\/strong><\/p>\n<p>&nbsp;<\/p>\n<p><strong><br \/>\n\u00c1reas de Conhecimento oferecidos:<\/strong><\/p>\n<ul>\n<li>Anestesiologia em Animais de Companhia;<\/li>\n<li>Cl\u00ednica M\u00e9dica de Animais de Companhia;<\/li>\n<li>Cl\u00ednica Cir\u00fargica em Animais de Companhia;<\/li>\n<li>Cl\u00ednica M\u00e9dica e Cir\u00fargica de Equinos;<\/li>\n<li>Diagn\u00f3stico por imagem (Radiologia);<\/li>\n<li>Patologia Animal;<\/li>\n<li>Patologia Cl\u00ednica Veterin\u00e1ria;<\/li>\n<li>Reprodu\u00e7\u00e3o e Obstetr\u00edcia de Grandes Animais;<\/li>\n<li>Reprodu\u00e7\u00e3o, Obstetr\u00edcia e Ultrassonografia de Animais de Companhia;<\/li>\n<li>Tecnologia e Inspe\u00e7\u00e3o de Produtos de Origem Animal.<\/li>\n<\/ul>\n<p>&nbsp;<\/p>\n<hr \/>\n<p><strong>Coordenador:<\/strong> Prof. Andr\u00e9 Lacerda<br \/>\n<strong>Sala:<\/strong> 12 do anexo do CCTA<br \/>\n<strong>Telefone:<\/strong> (22) 2739-7188<br \/>\n<strong>Contatos: <\/strong>residenciavet@uenf.br<\/p>\n<hr \/>\n<p>&nbsp;<\/p>\n\n\t\t<style>\n\t\t\t#gallery-1 {\n\t\t\t\tmargin: auto;\n\t\t\t}\n\t\t\t#gallery-1 .gallery-item {\n\t\t\t\tfloat: left;\n\t\t\t\tmargin-top: 10px;\n\t\t\t\ttext-align: center;\n\t\t\t\twidth: 50%;\n\t\t\t}\n\t\t\t#gallery-1 img {\n\t\t\t\tborder: 2px solid #cfcfcf;\n\t\t\t}\n\t\t\t#gallery-1 .gallery-caption {\n\t\t\t\tmargin-left: 0;\n\t\t\t}\n\t\t\t\/* see gallery_shortcode() in wp-includes\/media.php *\/\n\t\t<\/style>\n\t\t<div id='gallery-1' class='gallery galleryid-7 gallery-columns-2 gallery-size-medium'><dl class='gallery-item'>\n\t\t\t<dt class='gallery-icon portrait'>\n\t\t\t\t<img decoding=\"async\" width=\"225\" height=\"300\" src=\"https:\/\/uenf.br\/posgraduacao\/residencia-em-medicina-veterinaria\/wp-content\/uploads\/sites\/20\/2024\/09\/hp1-225x300.png\" class=\"attachment-medium size-medium\" alt=\"\" aria-describedby=\"gallery-1-67\" srcset=\"https:\/\/uenf.br\/posgraduacao\/residencia-em-medicina-veterinaria\/wp-content\/uploads\/sites\/20\/2024\/09\/hp1-225x300.png 225w, https:\/\/uenf.br\/posgraduacao\/residencia-em-medicina-veterinaria\/wp-content\/uploads\/sites\/20\/2024\/09\/hp1.png 768w\" sizes=\"auto, (max-width: 225px) 100vw, 225px\" loading=\"lazy\" \/>\n\t\t\t<\/dt>\n\t\t\t\t<dd class='wp-caption-text gallery-caption' id='gallery-1-67'>\n\t\t\t\tPrimeiro atendimento no Hospital Veterin\u00e1rio da UENF, em 2006\n\t\t\t\t<\/dd><\/dl><dl class='gallery-item'>\n\t\t\t<dt class='gallery-icon landscape'>\n\t\t\t\t<img decoding=\"async\" width=\"300\" height=\"195\" src=\"https:\/\/uenf.br\/posgraduacao\/residencia-em-medicina-veterinaria\/wp-content\/uploads\/sites\/20\/2024\/09\/hv-300x195.jpeg\" class=\"attachment-medium size-medium\" alt=\"\" aria-describedby=\"gallery-1-65\" srcset=\"https:\/\/uenf.br\/posgraduacao\/residencia-em-medicina-veterinaria\/wp-content\/uploads\/sites\/20\/2024\/09\/hv-300x195.jpeg 300w, https:\/\/uenf.br\/posgraduacao\/residencia-em-medicina-veterinaria\/wp-content\/uploads\/sites\/20\/2024\/09\/hv.jpeg 768w\" sizes=\"auto, (max-width: 300px) 100vw, 300px\" loading=\"lazy\" \/>\n\t\t\t<\/dt>\n\t\t\t\t<dd class='wp-caption-text gallery-caption' id='gallery-1-65'>\n\t\t\t\tVis\u00e3o Geral do Hospital Veterin\u00e1rio\n\t\t\t\t<\/dd><\/dl><br style=\"clear: both\" \/><dl class='gallery-item'>\n\t\t\t<dt class='gallery-icon portrait'>\n\t\t\t\t<img decoding=\"async\" width=\"169\" height=\"300\" src=\"https:\/\/uenf.br\/posgraduacao\/residencia-em-medicina-veterinaria\/wp-content\/uploads\/sites\/20\/2025\/01\/doce-de-leite-169x300.png\" class=\"attachment-medium size-medium\" alt=\"\" aria-describedby=\"gallery-1-82\" srcset=\"https:\/\/uenf.br\/posgraduacao\/residencia-em-medicina-veterinaria\/wp-content\/uploads\/sites\/20\/2025\/01\/doce-de-leite-169x300.png 169w, https:\/\/uenf.br\/posgraduacao\/residencia-em-medicina-veterinaria\/wp-content\/uploads\/sites\/20\/2025\/01\/doce-de-leite-577x1024.png 577w, https:\/\/uenf.br\/posgraduacao\/residencia-em-medicina-veterinaria\/wp-content\/uploads\/sites\/20\/2025\/01\/doce-de-leite-768x1364.png 768w, https:\/\/uenf.br\/posgraduacao\/residencia-em-medicina-veterinaria\/wp-content\/uploads\/sites\/20\/2025\/01\/doce-de-leite-865x1536.png 865w, https:\/\/uenf.br\/posgraduacao\/residencia-em-medicina-veterinaria\/wp-content\/uploads\/sites\/20\/2025\/01\/doce-de-leite.png 1153w\" sizes=\"auto, (max-width: 169px) 100vw, 169px\" loading=\"lazy\" \/>\n\t\t\t<\/dt>\n\t\t\t\t<dd class='wp-caption-text gallery-caption' id='gallery-1-82'>\n\t\t\t\tDoce de Leite elaborado com o apoio dos residentes do Setor de Tecnologia e Inspe\u00e7\u00e3o de Produtos de Origem Animal\n\t\t\t\t<\/dd><\/dl><dl class='gallery-item'>\n\t\t\t<dt class='gallery-icon portrait'>\n\t\t\t\t<img decoding=\"async\" width=\"169\" height=\"300\" src=\"https:\/\/uenf.br\/posgraduacao\/residencia-em-medicina-veterinaria\/wp-content\/uploads\/sites\/20\/2025\/01\/agrofamiliar-169x300.png\" class=\"attachment-medium size-medium\" alt=\"\" aria-describedby=\"gallery-1-83\" srcset=\"https:\/\/uenf.br\/posgraduacao\/residencia-em-medicina-veterinaria\/wp-content\/uploads\/sites\/20\/2025\/01\/agrofamiliar-169x300.png 169w, https:\/\/uenf.br\/posgraduacao\/residencia-em-medicina-veterinaria\/wp-content\/uploads\/sites\/20\/2025\/01\/agrofamiliar-576x1024.png 576w, https:\/\/uenf.br\/posgraduacao\/residencia-em-medicina-veterinaria\/wp-content\/uploads\/sites\/20\/2025\/01\/agrofamiliar-768x1365.png 768w, https:\/\/uenf.br\/posgraduacao\/residencia-em-medicina-veterinaria\/wp-content\/uploads\/sites\/20\/2025\/01\/agrofamiliar-864x1536.png 864w, https:\/\/uenf.br\/posgraduacao\/residencia-em-medicina-veterinaria\/wp-content\/uploads\/sites\/20\/2025\/01\/agrofamiliar.png 1152w\" sizes=\"auto, (max-width: 169px) 100vw, 169px\" loading=\"lazy\" \/>\n\t\t\t<\/dt>\n\t\t\t\t<dd class='wp-caption-text gallery-caption' id='gallery-1-83'>\n\t\t\t\tResidentes na propriedade da Agroind\u00fastria Familiar\n\t\t\t\t<\/dd><\/dl><br style=\"clear: both\" \/>\n\t\t<\/div>\n\n<p>&nbsp;<\/p>\n<p>&nbsp;<\/p>\n","protected":false},"excerpt":{"rendered":"<p>A Resid\u00eancia em Medicina Veterin\u00e1ria tem por objetivo especializar M\u00e9dicos Veterin\u00e1rios, por meio de treinamento em servi\u00e7o, favorecendo a ado\u00e7\u00e3o&#8230;<\/p>\n","protected":false},"author":32,"featured_media":0,"parent":0,"menu_order":1,"comment_status":"closed","ping_status":"closed","template":"","meta":{"footnotes":""},"class_list":["post-7","page","type-page","status-publish","hentry"],"_links":{"self":[{"href":"https:\/\/uenf.br\/posgraduacao\/residencia-em-medicina-veterinaria\/wp-json\/wp\/v2\/pages\/7","targetHints":{"allow":["GET"]}}],"collection":[{"href":"https:\/\/uenf.br\/posgraduacao\/residencia-em-medicina-veterinaria\/wp-json\/wp\/v2\/pages"}],"about":[{"href":"https:\/\/uenf.br\/posgraduacao\/residencia-em-medicina-veterinaria\/wp-json\/wp\/v2\/types\/page"}],"author":[{"embeddable":true,"href":"https:\/\/uenf.br\/posgraduacao\/residencia-em-medicina-veterinaria\/wp-json\/wp\/v2\/users\/32"}],"replies":[{"embeddable":true,"href":"https:\/\/uenf.br\/posgraduacao\/residencia-em-medicina-veterinaria\/wp-json\/wp\/v2\/comments?post=7"}],"version-history":[{"count":0,"href":"https:\/\/uenf.br\/posgraduacao\/residencia-em-medicina-veterinaria\/wp-json\/wp\/v2\/pages\/7\/revisions"}],"wp:attachment":[{"href":"https:\/\/uenf.br\/posgraduacao\/residencia-em-medicina-veterinaria\/wp-json\/wp\/v2\/media?parent=7"}],"curies":[{"name":"wp","href":"https:\/\/api.w.org\/{rel}","templated":true}]}}