{"id":2,"date":"2024-03-01T10:13:26","date_gmt":"2024-03-01T13:13:26","guid":{"rendered":"https:\/\/uenf.br\/posgraduacao\/setimp\/?page_id=2"},"modified":"2026-03-15T21:22:53","modified_gmt":"2026-03-16T00:22:53","slug":"apresentacao","status":"publish","type":"page","link":"https:\/\/uenf.br\/posgraduacao\/setimp\/","title":{"rendered":"Apresenta\u00e7\u00e3o"},"content":{"rendered":"<p style=\"text-align: justify\">O Setor de Importa\u00e7\u00e3o para Pesquisa da UENF (SETIMP-UENF) tem por objetivo auxiliar a Universidade Estadual do Norte Fluminense Darcy Ribeiro e seus Pesquisadores nos processos de importa\u00e7\u00e3o amparados pela <strong><a style=\"color: #0000ff;text-decoration: underline\" href=\"https:\/\/uenf.br\/posgraduacao\/setimp\/wp-content\/uploads\/sites\/21\/2024\/03\/Lei-8010-de-29-de-marco-de-1990.pdf\">Lei 8010 de 29 de mar\u00e7o de 1990<\/a><\/strong>\u00a0 que disp\u00f5e sobre importa\u00e7\u00f5es de bens destinados \u00e0 pesquisa cient\u00edfica e tecnol\u00f3gica.\u00a0 De acordo com a lei 8010:<\/p>\n<p style=\"text-align: justify\">Art. 1\u00ba S\u00e3o isentas dos impostos de importa\u00e7\u00e3o e sobre produtos industrializados e do adicional ao frete para renova\u00e7\u00e3o da marinha mercante as importa\u00e7\u00f5es de m\u00e1quinas, equipamentos, aparelhos e instrumentos, bem como suas partes e pe\u00e7as de reposi\u00e7\u00e3o, acess\u00f3rios, mat\u00e9rias-primas e produtos intermedi\u00e1rios, destinados <b>\u00e0 pesquisa cient\u00edfica e tecnol\u00f3gica.<\/b><\/p>\n<p style=\"text-align: justify\">\u00a72 O disposto neste artigo aplica-se somente \u00e0s importa\u00e7\u00f5es realizadas pelo Conselho Nacional de Desenvolvimento Cient\u00edfico e Tecnol\u00f3gico &#8211; CNPq, <strong>por cientistas, por pesquisadores, por Institui\u00e7\u00e3o Cient\u00edfica,<\/strong> <strong>Tecnol\u00f3gica e de Inova\u00e7\u00e3o &#8211; ICT <\/strong>e por entidades sem fins lucrativos ativos no fomento, na coordena\u00e7\u00e3o ou na execu\u00e7\u00e3o de programas de pesquisa cient\u00edfica e tecnol\u00f3gica, de inova\u00e7\u00e3o ou de ensino e devidamente <strong>credenciados pelo CNPq.<\/strong><\/p>\n<div id=\"attachment_30\" style=\"width: 198px\" class=\"wp-caption aligncenter\"><a href=\"https:\/\/uenf.br\/posgraduacao\/setimp\/primeiros-passos-para-importar\/\" target=\"_blank\" rel=\"noopener\"><img loading=\"lazy\" decoding=\"async\" aria-describedby=\"caption-attachment-30\" src=\"https:\/\/uenf.br\/posgraduacao\/setimp\/wp-content\/uploads\/sites\/21\/2024\/03\/Quer-saber-mais.jpg\" alt=\"QUER SABER MAIS?\" width=\"188\" height=\"186\" \/><\/a><p id=\"caption-attachment-30\" class=\"wp-caption-text\"><strong>\u00a0\u00a0\u00a0\u00a0\u00a0\u00a0 QUER SABER MAIS?<\/strong><\/p><\/div>\n<p><strong>CONTATO:<\/strong><br \/>\n<strong>Prof. Sergio Luis Cardoso<\/strong><br \/>\n<strong>E-mail: setimp@uenf.br<\/strong><br \/>\n<strong>(22) 2739-7383<\/strong><\/p>\n","protected":false},"excerpt":{"rendered":"<p>O Setor de Importa\u00e7\u00e3o para Pesquisa da UENF (SETIMP-UENF) tem por objetivo auxiliar a Universidade Estadual do Norte Fluminense Darcy&#8230;<\/p>\n","protected":false},"author":54,"featured_media":0,"parent":0,"menu_order":0,"comment_status":"closed","ping_status":"closed","template":"","meta":{"footnotes":""},"class_list":["post-2","page","type-page","status-publish","hentry"],"_links":{"self":[{"href":"https:\/\/uenf.br\/posgraduacao\/setimp\/wp-json\/wp\/v2\/pages\/2","targetHints":{"allow":["GET"]}}],"collection":[{"href":"https:\/\/uenf.br\/posgraduacao\/setimp\/wp-json\/wp\/v2\/pages"}],"about":[{"href":"https:\/\/uenf.br\/posgraduacao\/setimp\/wp-json\/wp\/v2\/types\/page"}],"author":[{"embeddable":true,"href":"https:\/\/uenf.br\/posgraduacao\/setimp\/wp-json\/wp\/v2\/users\/54"}],"replies":[{"embeddable":true,"href":"https:\/\/uenf.br\/posgraduacao\/setimp\/wp-json\/wp\/v2\/comments?post=2"}],"version-history":[{"count":0,"href":"https:\/\/uenf.br\/posgraduacao\/setimp\/wp-json\/wp\/v2\/pages\/2\/revisions"}],"wp:attachment":[{"href":"https:\/\/uenf.br\/posgraduacao\/setimp\/wp-json\/wp\/v2\/media?parent=2"}],"curies":[{"name":"wp","href":"https:\/\/api.w.org\/{rel}","templated":true}]}}