{"id":841,"date":"2025-12-13T10:36:52","date_gmt":"2025-12-13T13:36:52","guid":{"rendered":"https:\/\/uenf.br\/posgraduacao\/setimp\/?page_id=841"},"modified":"2026-01-17T08:19:26","modified_gmt":"2026-01-17T11:19:26","slug":"habilitacao-no-portal-unico-siscomex","status":"publish","type":"page","link":"https:\/\/uenf.br\/posgraduacao\/setimp\/ckeck-list-para-iniciar-um-processo-de-importacao\/habilitacao-no-portal-unico-siscomex\/","title":{"rendered":"Habilita\u00e7\u00e3o no Portal \u00danico Siscomex"},"content":{"rendered":"<h3 style=\"text-align: left\"><span style=\"color: #ff0000\"><strong>O que \u00e9 a\u00a0 habilita\u00e7\u00e3o no Portal \u00danico Siscomex?<\/strong><\/span><\/h3>\n<p style=\"text-align: justify\"><span style=\"color: #000000\">A habilita\u00e7\u00e3o no Portal \u00danico Siscomex\u00a0<mark class=\"HxTRcb\" data-processed=\"true\">\u00e9 o registro obrigat\u00f3rio da Receita Federal para Pessoas F\u00edsicas (PF) e Jur\u00eddicas (PJ) operarem no com\u00e9rcio exterior<\/mark>, sendo feita pelo Sistema Habilita e com modalidades (Expresso, Limitada, Ilimitada) que dependem da capacidade financeira e tipo de opera\u00e7\u00e3o. Para PF, \u00e9 para uso pr\u00f3prio, enquanto PJ precisa comprovar capacidade, sendo a ades\u00e3o ao DTE (Domic\u00edlio Tribut\u00e1rio Eletr\u00f4nico) e Certificado Digital essenciais, com a Habilita\u00e7\u00e3o Expressa sendo a mais r\u00e1pida e autom\u00e1tica para iniciantes<\/span><\/p>\n<h3 style=\"text-align: left\"><span style=\"color: #ff0000\"><strong>O que \u00e9 necess\u00e1rio para fazer a habilita\u00e7\u00e3o?<\/strong><\/span><\/h3>\n<div class=\"otQkpb\" role=\"heading\" data-animation-nesting=\"\" data-sfc-cp=\"\" data-processed=\"true\"><strong>Para Pessoa Jur\u00eddica (PJ)<\/strong><\/div>\n<ol class=\"IaGLZe VimKh\" data-processed=\"true\">\n<li data-hveid=\"CAMQAA\" data-processed=\"true\"><span class=\"T286Pc\" data-sfc-cp=\"\" data-processed=\"true\"><strong class=\"Yjhzub\" data-processed=\"true\">Acesso:<\/strong>\u00a0Acesse o\u00a0<span data-processed=\"true\"><a class=\"H23r4e\" href=\"https:\/\/portalunico.siscomex.gov.br\/\" target=\"_blank\" rel=\"noopener\" data-processed=\"true\">Portal \u00danico Siscomex<\/a><\/span>\u00a0e v\u00e1 para o Sistema Habilita.<\/span><\/li>\n<li data-hveid=\"CAMQAg\" data-processed=\"true\"><span class=\"T286Pc\" data-sfc-cp=\"\" data-processed=\"true\"><strong class=\"Yjhzub\" data-processed=\"true\">Pr\u00e9-requisitos:<\/strong>\u00a0CNPJ ativo e ades\u00e3o ao\u00a0<span data-processed=\"true\"><a class=\"H23r4e\" href=\"https:\/\/www.gov.br\/receitafederal\/pt-br\/assuntos\/aduana-e-comercio-exterior\/manuais\/habilitacao\/Pessoa-Juridica\/Operacoes-Dispensadas\" target=\"_blank\" rel=\"noopener\" data-processed=\"true\">Domic\u00edlio Tribut\u00e1rio Eletr\u00f4nico (DTE)<\/a><\/span>\u00a0no e-CAC.<\/span><\/li>\n<li data-hveid=\"CAMQBA\" data-processed=\"true\"><span class=\"T286Pc\" data-sfc-cp=\"\" data-processed=\"true\"><strong class=\"Yjhzub\" data-processed=\"true\">Modalidades:<\/strong><\/span>\n<ul class=\"KsbFXc U6u95\" data-processed=\"true\">\n<li data-hveid=\"CAMQBQ\" data-processed=\"true\"><span class=\"T286Pc\" data-sfc-cp=\"\" data-processed=\"true\"><strong class=\"Yjhzub\" data-processed=\"true\">Expresso:<\/strong>\u00a0Para iniciantes, importa\u00e7\u00e3o limitada a US$ 50 mil\/semestre (ou ilimitada para exporta\u00e7\u00e3o) e habilitada automaticamente se tudo estiver correto, com a an\u00e1lise sendo feita pelo sistema.<\/span><\/li>\n<li data-hveid=\"CAMQBw\" data-processed=\"true\"><span class=\"T286Pc\" data-sfc-cp=\"\" data-processed=\"true\"><strong class=\"Yjhzub\" data-processed=\"true\">Limitada:<\/strong>\u00a0Para valores maiores (ex: US$ 150 mil\/semestre), requer an\u00e1lise da capacidade financeira com envio de documentos (balan\u00e7o, contrato social).<\/span><\/li>\n<li data-hveid=\"CAMQCQ\" data-processed=\"true\"><span class=\"T286Pc\" data-sfc-cp=\"\" data-processed=\"true\"><strong class=\"Yjhzub\" data-processed=\"true\">Ilimitada:<\/strong>\u00a0Para grandes operadores, sem limite de valor, exige comprova\u00e7\u00e3o robusta de capacidade financeira.<\/span><span class=\"uJ19be notranslate\" data-wiz-uids=\"XLckwf_1e,XLckwf_1f,XLckwf_1g\" data-processed=\"true\"><span class=\"vKEkVd\" data-animation-atomic=\"\" data-wiz-attrbind=\"class=XLckwf_1e\/TKHnVd;\" data-processed=\"true\">\u00a0<button class=\"rBl3me\" data-amic=\"true\" data-icl-uuid=\"a1db1edc-0aca-46d4-9f20-5ffd2af57d28\" aria-label=\"Mostrar links relacionados\" data-wiz-attrbind=\"disabled=XLckwf_1e\/C5gNJc;class=XLckwf_1e\/UpSNec;\" data-ved=\"2ahUKEwiRtuTdx7qRAxVoFLkGHYPpJXUQye0OegQIAxAL\" data-processed=\"true\"><\/button><\/span><\/span><\/li>\n<\/ul>\n<\/li>\n<\/ol>\n<div class=\"Fsg96\" data-sfc-cp=\"\" data-processed=\"true\"><span style=\"color: #0000ff\"><strong>A UENF j\u00e1 est\u00e1 habilitada para operar no Portal \u00danico Siscomex na modalidade ilimitada<\/strong><\/span><\/div>\n<div data-sfc-cp=\"\" data-processed=\"true\"><\/div>\n<div role=\"heading\" data-animation-nesting=\"\" data-sfc-cp=\"\" data-processed=\"true\"><img loading=\"lazy\" decoding=\"async\" class=\"aligncenter wp-image-1012\" src=\"https:\/\/uenf.br\/posgraduacao\/setimp\/wp-content\/uploads\/sites\/21\/2026\/01\/Captura-de-Tela-2026-01-15-a\u0300s-11.24.17.png\" alt=\"\" width=\"811\" height=\"487\" srcset=\"https:\/\/uenf.br\/posgraduacao\/setimp\/wp-content\/uploads\/sites\/21\/2026\/01\/Captura-de-Tela-2026-01-15-a\u0300s-11.24.17.png 2156w, https:\/\/uenf.br\/posgraduacao\/setimp\/wp-content\/uploads\/sites\/21\/2026\/01\/Captura-de-Tela-2026-01-15-a\u0300s-11.24.17-300x180.png 300w, https:\/\/uenf.br\/posgraduacao\/setimp\/wp-content\/uploads\/sites\/21\/2026\/01\/Captura-de-Tela-2026-01-15-a\u0300s-11.24.17-1024x615.png 1024w, https:\/\/uenf.br\/posgraduacao\/setimp\/wp-content\/uploads\/sites\/21\/2026\/01\/Captura-de-Tela-2026-01-15-a\u0300s-11.24.17-768x461.png 768w, https:\/\/uenf.br\/posgraduacao\/setimp\/wp-content\/uploads\/sites\/21\/2026\/01\/Captura-de-Tela-2026-01-15-a\u0300s-11.24.17-1536x922.png 1536w, https:\/\/uenf.br\/posgraduacao\/setimp\/wp-content\/uploads\/sites\/21\/2026\/01\/Captura-de-Tela-2026-01-15-a\u0300s-11.24.17-2048x1229.png 2048w, https:\/\/uenf.br\/posgraduacao\/setimp\/wp-content\/uploads\/sites\/21\/2026\/01\/Captura-de-Tela-2026-01-15-a\u0300s-11.24.17-1200x720.png 1200w, https:\/\/uenf.br\/posgraduacao\/setimp\/wp-content\/uploads\/sites\/21\/2026\/01\/Captura-de-Tela-2026-01-15-a\u0300s-11.24.17-320x192.png 320w\" sizes=\"auto, (max-width: 811px) 100vw, 811px\" \/><\/div>\n<div role=\"heading\" data-animation-nesting=\"\" data-sfc-cp=\"\" data-processed=\"true\"><\/div>\n<div class=\"otQkpb\" role=\"heading\" data-animation-nesting=\"\" data-sfc-cp=\"\" data-processed=\"true\"><strong>Para Pessoa F\u00edsica (PF) &#8211; <span style=\"color: #ff0000\">Pesquisadores est\u00e3o dispensados<\/span><\/strong><\/div>\n<ul class=\"KsbFXc U6u95\" data-processed=\"true\">\n<li data-hveid=\"CAYQAA\" data-processed=\"true\"><span class=\"T286Pc\" data-sfc-cp=\"\" data-processed=\"true\"><strong class=\"Yjhzub\" data-processed=\"true\">Dispensa:<\/strong> PF \u00e9 dispensada da Habilita\u00e7\u00e3o no Siscomex quando importa\/exporta em nome pr\u00f3prio para uso pessoal (sem car\u00e1ter comercial).\u00a0 <span style=\"color: #0000ff\"><strong>Pesquisadores importando para uso pr\u00f3prio para suas pesquisas est\u00e3o dispensados de habilita\u00e7\u00e3o.<\/strong><\/span><\/span><\/li>\n<li data-hveid=\"CAYQAQ\" data-processed=\"true\"><span class=\"T286Pc\" data-sfc-cp=\"\" data-processed=\"true\"><strong class=\"Yjhzub\" data-processed=\"true\">Habilita\u00e7\u00e3o PF (Radar):<\/strong>\u00a0Se for para opera\u00e7\u00f5es com car\u00e1ter comercial, \u00e9 poss\u00edvel obter a habilita\u00e7\u00e3o no Radar PF, seguindo o processo no Sistema Habilita no Portal \u00danico.<\/span><\/li>\n<li data-hveid=\"CAYQAg\" data-processed=\"true\"><span class=\"T286Pc\" data-sfc-cp=\"\" data-processed=\"true\"><strong class=\"Yjhzub\" data-processed=\"true\">Habilita\u00e7\u00e3o em Sistemas Aduaneiros:<\/strong>\u00a0PF tamb\u00e9m precisa se credenciar nos sistemas aduaneiros <span style=\"color: #ff0000\"><strong>(n\u00e3o confundir com a Habilita\u00e7\u00e3o Siscomex)<\/strong><\/span> para acessar a plataforma.\u00a0 <span style=\"color: #0000ff\"><strong>Pesquisadores importando para uso pr\u00f3prio buscarem suas pesquisas est\u00e3o dispensados de cadastro aduaneiro<\/strong><\/span><\/span><\/li>\n<\/ul>\n<p><span style=\"color: #0000ff\"><strong><span class=\"T286Pc\" data-sfc-cp=\"\" data-processed=\"true\">O acesso ao Portal \u00danico Siscomex \u00e9 realizado\u00a0 por meio da conta Gov.br (n\u00edvel prata ou ouro) ou certificado digital.\u00a0 Algumas opera\u00e7\u00f5es exigem o acesso por certificado digital portanto \u00e9 sempre recomend\u00e1vel que o pesquisador possua um certificado apropriado<\/span><\/strong><\/span><\/p>\n<h3 style=\"text-align: left\"><span style=\"color: #ff0000\"><strong>O que \u00e9 necess\u00e1rio para fazer a habilita\u00e7\u00e3o? <span style=\"color: #0000ff\">N\u00e3o necess\u00e1rio para pesquisadores<\/span><\/strong><\/span><\/h3>\n<ol class=\"IaGLZe VimKh\" data-processed=\"true\">\n<li data-hveid=\"CAgQAA\" data-processed=\"true\"><span class=\"T286Pc\" data-sfc-cp=\"\" data-processed=\"true\"><strong class=\"Yjhzub\" data-processed=\"true\">Acesso:<\/strong>\u00a0Utilize seu Certificado Digital (e-CPF ou e-CNPJ) para entrar no Portal \u00danico.<\/span><\/li>\n<li data-hveid=\"CAgQAQ\" data-processed=\"true\"><span class=\"T286Pc\" data-sfc-cp=\"\" data-processed=\"true\"><strong class=\"Yjhzub\" data-processed=\"true\">Preenchimento:<\/strong> Escolha a modalidade e preencha as informa\u00e7\u00f5es no M\u00f3dulo\u00a0<\/span><\/li>\n<li data-hveid=\"CAgQAg\" data-processed=\"true\"><span class=\"T286Pc\" data-sfc-cp=\"\" data-processed=\"true\"><strong class=\"Yjhzub\" data-processed=\"true\">An\u00e1lise:<\/strong>\u00a0A Receita Federal analisa o pedido. Pedidos expressos s\u00e3o autom\u00e1ticos; outros podem exigir documentos e an\u00e1lise presencial.<\/span><\/li>\n<li data-hveid=\"CAgQAw\" data-processed=\"true\"><span class=\"T286Pc\" data-sfc-cp=\"\" data-processed=\"true\"><strong class=\"Yjhzub\" data-processed=\"true\">Acompanhamento:<\/strong>\u00a0Acompanhe o status pelo pr\u00f3prio portal.<\/span><span class=\"uJ19be notranslate\" data-wiz-uids=\"XLckwf_3o,XLckwf_3p,XLckwf_3q\" data-processed=\"true\"><span class=\"vKEkVd\" data-animation-atomic=\"\" data-wiz-attrbind=\"class=XLckwf_3o\/TKHnVd;\" data-processed=\"true\">\u00a0<\/span><\/span><\/li>\n<\/ol>\n<h3 style=\"text-align: left\"><span style=\"color: #ff0000\"><strong>Cadastro aduaneiro<\/strong><\/span><\/h3>\n<p>O pedido de habilita\u00e7\u00e3o em sistemas aduaneiros\u00a0<b>deve ser feito ap\u00f3s a inclus\u00e3o do usu\u00e1rio nos cadastros aduaneiros correspondentes<\/b>. Voc\u00ea pode apresentar seu pedido de Habilita\u00e7\u00e3o em sistemas pela Internet ou numa Unidade da Receita. D\u00ea sempre prefer\u00eancia aos canais virtuais de atendimento.<\/p>\n<div class=\"otQkpb\" role=\"heading\" data-animation-nesting=\"\" data-sfc-cp=\"\" data-processed=\"true\"><span style=\"color: #ff0000\"><strong>Principais Atividades em que o cadastro aduaneiro \u00e9 obrigat\u00f3rio<\/strong><\/span><\/div>\n<ul class=\"KsbFXc U6u95\" data-processed=\"true\">\n<li data-hveid=\"CAQQAA\" data-processed=\"true\"><span class=\"T286Pc\" data-sfc-cp=\"\" data-processed=\"true\"><strong class=\"Yjhzub\" data-processed=\"true\">Importa\u00e7\u00e3o e Exporta\u00e7\u00e3o Comercial:<\/strong>\u00a0Toda empresa (incluindo MEI) que deseja comprar ou vender produtos no exterior para fins comerciais precisa estar habilitada no Siscomex.<\/span><\/li>\n<li data-hveid=\"CAQQAQ\" data-processed=\"true\"><span class=\"T286Pc\" data-sfc-cp=\"\" data-processed=\"true\"><strong class=\"Yjhzub\" data-processed=\"true\">Despacho Aduaneiro:<\/strong>\u00a0Profissionais que atuam como\u00a0<strong class=\"Yjhzub\" data-processed=\"true\">despachantes aduaneiros<\/strong>\u00a0ou ajudantes devem possuir registro espec\u00edfico para representar importadores e exportadores perante a fiscaliza\u00e7\u00e3o.<\/span><\/li>\n<li data-hveid=\"CAQQAg\" data-processed=\"true\"><span class=\"T286Pc\" data-sfc-cp=\"\" data-processed=\"true\"><strong class=\"Yjhzub\" data-processed=\"true\">Transporte Internacional e Tr\u00e2nsito Aduaneiro:<\/strong>\u00a0Empresas que transportam mercadorias sob controle aduaneiro ou operam em regimes especiais precisam de cadastros espec\u00edficos de intervenientes.<\/span><\/li>\n<li data-hveid=\"CAQQAw\" data-processed=\"true\"><span class=\"T286Pc\" data-sfc-cp=\"\" data-processed=\"true\"><strong class=\"Yjhzub\" data-processed=\"true\">Opera\u00e7\u00f5es em Recintos Alfandegados:<\/strong>\u00a0Atividades de armazenamento e movimenta\u00e7\u00e3o de cargas em portos, aeroportos e portos secos exigem habilita\u00e7\u00e3o para acesso aos sistemas de controle.<\/span><\/li>\n<li data-hveid=\"CAQQBA\" data-processed=\"true\"><span class=\"T286Pc\" data-sfc-cp=\"\" data-processed=\"true\"><strong class=\"Yjhzub\" data-processed=\"true\">Importa\u00e7\u00e3o de Servi\u00e7os:<\/strong>\u00a0Opera\u00e7\u00f5es de remessas ao exterior para pagamento de servi\u00e7os ou promo\u00e7\u00e3o de produtos brasileiros tamb\u00e9m exigem registros espec\u00edficos no e-CAC e em sistemas da Receita Federal.<\/span><span class=\"uJ19be notranslate\" data-wiz-uids=\"v0Vg6c_1v,v0Vg6c_1w,v0Vg6c_1x\" data-processed=\"true\"><span class=\"vKEkVd\" data-animation-atomic=\"\" data-wiz-attrbind=\"class=v0Vg6c_1v\/TKHnVd;\" data-processed=\"true\">\u00a0<\/span><\/span><\/li>\n<\/ul>\n<p><span style=\"color: #ff0000\"><strong>Exce\u00e7\u00f5es e mudan\u00e7as at\u00e9 2025<\/strong><\/span><\/p>\n<ul class=\"KsbFXc U6u95\" data-processed=\"true\">\n<li data-hveid=\"CAYQAA\" data-processed=\"true\"><span class=\"T286Pc\" data-sfc-cp=\"\" data-processed=\"true\"><strong class=\"Yjhzub\" data-processed=\"true\">Dispensa para Pessoas F\u00edsicas:<\/strong>\u00a0Pessoas f\u00edsicas est\u00e3o, em regra, dispensadas de habilita\u00e7\u00e3o para importa\u00e7\u00f5es de\u00a0<strong class=\"Yjhzub\" data-processed=\"true\">uso pr\u00f3prio<\/strong>, consumo pessoal ou cole\u00e7\u00f5es, desde que n\u00e3o configurem atividade comercial.<\/span><\/li>\n<li data-hveid=\"CAYQAQ\" data-processed=\"true\"><span class=\"T286Pc\" data-sfc-cp=\"\" data-processed=\"true\"><strong class=\"Yjhzub\" data-processed=\"true\">Novas Regras de Transi\u00e7\u00e3o (DUIMP):<\/strong>\u00a0A partir de 2025, o uso da\u00a0<strong class=\"Yjhzub\" data-processed=\"true\">Declara\u00e7\u00e3o \u00danica de Importa\u00e7\u00e3o (DUIMP)<\/strong>\u00a0e o cadastro pr\u00e9vio no\u00a0<strong class=\"Yjhzub\" data-processed=\"true\">Cat\u00e1logo de Produtos<\/strong>\u00a0tornam-se mandat\u00f3rios para diversas opera\u00e7\u00f5es, substituindo o antigo sistema LI\/DI.<\/span><\/li>\n<li data-hveid=\"CAYQAg\" data-processed=\"true\"><span class=\"T286Pc\" data-sfc-cp=\"\" data-processed=\"true\"><strong class=\"Yjhzub\" data-processed=\"true\">Importa\u00e7\u00f5es Simplificadas:<\/strong>\u00a0Compras internacionais de at\u00e9\u00a0<strong class=\"Yjhzub\" data-processed=\"true\">US$ 3.000,00<\/strong>\u00a0realizadas por remessa expressa (courier) n\u00e3o exigem habilita\u00e7\u00e3o pr\u00e9via no Radar, sendo processadas via DIR (Declara\u00e7\u00e3o de Importa\u00e7\u00e3o de Remessas).<\/span><span class=\"uJ19be notranslate\" data-wiz-uids=\"v0Vg6c_2u,v0Vg6c_2v,v0Vg6c_2w\" data-processed=\"true\"><span class=\"vKEkVd\" data-animation-atomic=\"\" data-wiz-attrbind=\"class=v0Vg6c_2u\/TKHnVd;\" data-processed=\"true\">\u00a0<\/span><\/span><\/li>\n<\/ul>\n<p><span style=\"color: #0000ff\"><strong>PRONTO PARA O PR\u00d3XIMO PASSO?<\/strong><\/span><\/p>\n<p><span style=\"color: #000000\">Acesse o fluxograma &#8220;<span style=\"color: #0000ff\"><strong><a href=\"https:\/\/uenf.br\/posgraduacao\/setimp\/ckeck-list-para-iniciar-um-processo-de-importacao\/\" target=\"_blank\" rel=\"noopener\">Check list para iniciar um processo de importa\u00e7\u00e3o<\/a><\/strong><\/span>&#8221; e siga adiante<\/span><\/p>\n","protected":false},"excerpt":{"rendered":"<p>O que \u00e9 a\u00a0 habilita\u00e7\u00e3o no Portal \u00danico Siscomex? A habilita\u00e7\u00e3o no Portal \u00danico Siscomex\u00a0\u00e9 o registro obrigat\u00f3rio da Receita&#8230;<\/p>\n","protected":false},"author":54,"featured_media":0,"parent":255,"menu_order":1,"comment_status":"closed","ping_status":"closed","template":"","meta":{"footnotes":""},"class_list":["post-841","page","type-page","status-publish","hentry"],"_links":{"self":[{"href":"https:\/\/uenf.br\/posgraduacao\/setimp\/wp-json\/wp\/v2\/pages\/841","targetHints":{"allow":["GET"]}}],"collection":[{"href":"https:\/\/uenf.br\/posgraduacao\/setimp\/wp-json\/wp\/v2\/pages"}],"about":[{"href":"https:\/\/uenf.br\/posgraduacao\/setimp\/wp-json\/wp\/v2\/types\/page"}],"author":[{"embeddable":true,"href":"https:\/\/uenf.br\/posgraduacao\/setimp\/wp-json\/wp\/v2\/users\/54"}],"replies":[{"embeddable":true,"href":"https:\/\/uenf.br\/posgraduacao\/setimp\/wp-json\/wp\/v2\/comments?post=841"}],"version-history":[{"count":0,"href":"https:\/\/uenf.br\/posgraduacao\/setimp\/wp-json\/wp\/v2\/pages\/841\/revisions"}],"up":[{"embeddable":true,"href":"https:\/\/uenf.br\/posgraduacao\/setimp\/wp-json\/wp\/v2\/pages\/255"}],"wp:attachment":[{"href":"https:\/\/uenf.br\/posgraduacao\/setimp\/wp-json\/wp\/v2\/media?parent=841"}],"curies":[{"name":"wp","href":"https:\/\/api.w.org\/{rel}","templated":true}]}}