{"id":946,"date":"2025-12-14T10:16:35","date_gmt":"2025-12-14T13:16:35","guid":{"rendered":"https:\/\/uenf.br\/posgraduacao\/setimp\/?page_id=946"},"modified":"2026-01-17T08:27:10","modified_gmt":"2026-01-17T11:27:10","slug":"solicitacao-da-lpco","status":"publish","type":"page","link":"https:\/\/uenf.br\/posgraduacao\/setimp\/procedimentos-operacionais-no-portal-unico-siscomex\/solicitacao-da-lpco\/","title":{"rendered":"Solicita\u00e7\u00e3o da LPCO"},"content":{"rendered":"<p><strong>1Para <span style=\"color: #000000\">informa\u00e7\u00f5es<\/span> detalhadas consulte o\u00a0 <a href=\"https:\/\/uenf.br\/posgraduacao\/setimp\/wp-content\/uploads\/sites\/21\/2025\/12\/Manual-LPCO-importador.pdf\">Manual LPCO Importa\u00e7\u00e3o<\/a> (atualizado em 27\/08\/2025)<\/strong><\/p>\n<p><span style=\"color: #000000\"><strong>Passos para Solicitar um LPCO (Importa\u00e7\u00e3o\/Exporta\u00e7\u00e3o):<\/strong><\/span><\/p>\n<p>Acesse o <strong><a href=\"https:\/\/portalunico.siscomex.gov.br\/\" target=\"_blank\" rel=\"noopener\">Portal \u00danico Siscomex<\/a> <\/strong>e fa\u00e7a seu login.\u00a0 V\u00e1 para a aba <span style=\"color: #0000ff\"><strong>IMPORTA\u00c7\u00c3O<\/strong><\/span> e Selecione a aba <strong><span style=\"color: #0000ff\">LPCO<\/span><\/strong><span style=\"color: #0000ff\"><span style=\"color: #000000\"> e <span style=\"color: #0000ff\"><strong>Incluir Pedido<\/strong><\/span><\/span><\/span><\/p>\n<p>&nbsp;<\/p>\n<p><img loading=\"lazy\" decoding=\"async\" class=\"aligncenter wp-image-957\" src=\"https:\/\/uenf.br\/posgraduacao\/setimp\/wp-content\/uploads\/sites\/21\/2025\/12\/Portal-10.png\" alt=\"\" width=\"1166\" height=\"259\" srcset=\"https:\/\/uenf.br\/posgraduacao\/setimp\/wp-content\/uploads\/sites\/21\/2025\/12\/Portal-10.png 1224w, https:\/\/uenf.br\/posgraduacao\/setimp\/wp-content\/uploads\/sites\/21\/2025\/12\/Portal-10-300x67.png 300w, https:\/\/uenf.br\/posgraduacao\/setimp\/wp-content\/uploads\/sites\/21\/2025\/12\/Portal-10-1024x228.png 1024w, https:\/\/uenf.br\/posgraduacao\/setimp\/wp-content\/uploads\/sites\/21\/2025\/12\/Portal-10-768x171.png 768w, https:\/\/uenf.br\/posgraduacao\/setimp\/wp-content\/uploads\/sites\/21\/2025\/12\/Portal-10-1200x267.png 1200w, https:\/\/uenf.br\/posgraduacao\/setimp\/wp-content\/uploads\/sites\/21\/2025\/12\/Portal-10-320x71.png 320w\" sizes=\"auto, (max-width: 1166px) 100vw, 1166px\" \/><\/p>\n<p><strong><span style=\"color: #000000\">Identifique o \u00d3rg\u00e3o: Selecione o \u00f3rg\u00e3o anuente (Ex: Anvisa, MAPA, Receita Federal, CNPq) respons\u00e1vel pela sua mercadoria.\u00a0 Prossiga.<\/span><\/strong><\/p>\n<p><strong><span style=\"color: #000000\"><img loading=\"lazy\" decoding=\"async\" class=\"aligncenter size-full wp-image-959\" src=\"https:\/\/uenf.br\/posgraduacao\/setimp\/wp-content\/uploads\/sites\/21\/2025\/12\/Portal-11.png\" alt=\"\" width=\"1224\" height=\"368\" srcset=\"https:\/\/uenf.br\/posgraduacao\/setimp\/wp-content\/uploads\/sites\/21\/2025\/12\/Portal-11.png 1224w, https:\/\/uenf.br\/posgraduacao\/setimp\/wp-content\/uploads\/sites\/21\/2025\/12\/Portal-11-300x90.png 300w, https:\/\/uenf.br\/posgraduacao\/setimp\/wp-content\/uploads\/sites\/21\/2025\/12\/Portal-11-1024x308.png 1024w, https:\/\/uenf.br\/posgraduacao\/setimp\/wp-content\/uploads\/sites\/21\/2025\/12\/Portal-11-768x231.png 768w, https:\/\/uenf.br\/posgraduacao\/setimp\/wp-content\/uploads\/sites\/21\/2025\/12\/Portal-11-1200x361.png 1200w, https:\/\/uenf.br\/posgraduacao\/setimp\/wp-content\/uploads\/sites\/21\/2025\/12\/Portal-11-320x96.png 320w\" sizes=\"auto, (max-width: 1224px) 100vw, 1224px\" \/><\/span><\/strong><\/p>\n<p><strong>Preencha os Dados Solicitados.\u00a0<\/strong><\/p>\n<p><span style=\"color: #ff0000\"><strong>Obs.\u00a0 No modelo anterior quando faz\u00edamos LI t\u00ednhamos que inserir no detalhamento complementar as informa\u00e7\u00f5es para anu\u00eancia do CNPq como exemplo abaixo.\u00a0 Agora estas informa\u00e7\u00f5es s\u00e3o inseridas no preenchimento da LPCO.<\/strong><\/span><\/p>\n<p><span style=\"color: #000000\">Exemplos:\u00a0 1 &#8211; T\u00edtulo do projeto de pesquisa:(<span style=\"color: #0000ff\">informar o t\u00edtulo do projeto vinculado a importa\u00e7\u00e3o<\/span>)<\/span><span style=\"color: #000000\">. 2-<\/span><span style=\"color: #000000\">Coordenador: (<span style=\"color: #0000ff\">Informar coordenador do projeto<\/span>). 3- Nome da Institui\u00e7\u00e3o onde ficar\u00e1 alocado o bem (<\/span><span style=\"color: #000000\"><span style=\"color: #0000ff\">informar a institui\u00e7\u00e3o<\/span><span style=\"color: #000000\">) 4 &#8211; Endere\u00e7o onde ficar\u00e1 alocado o bem (<span style=\"color: #0000ff\">informar o local onde o bem ser\u00e1 alocado &#8211; Endere\u00e7o,\u00a0 Centro, laborat\u00f3rio, sala, etc) <\/span>5 &#8211; CNPJ do executor da pesquisa (<span style=\"color: #0000ff\">Se for UENF = 04.809.688\/0001-06)<\/span>. 6- Fonte de financiamento: (<\/span><span style=\"color: #0000ff\">informar a fonte de financiamento para aquisi\u00e7\u00e3o &#8211; institui\u00e7\u00e3o, edital, etc<\/span><span style=\"color: #000000\">). <\/span><\/span><\/p>\n<p><img loading=\"lazy\" decoding=\"async\" class=\"aligncenter size-full wp-image-960\" src=\"https:\/\/uenf.br\/posgraduacao\/setimp\/wp-content\/uploads\/sites\/21\/2025\/12\/Portal-12.png\" alt=\"\" width=\"1224\" height=\"692\" srcset=\"https:\/\/uenf.br\/posgraduacao\/setimp\/wp-content\/uploads\/sites\/21\/2025\/12\/Portal-12.png 1224w, https:\/\/uenf.br\/posgraduacao\/setimp\/wp-content\/uploads\/sites\/21\/2025\/12\/Portal-12-300x170.png 300w, https:\/\/uenf.br\/posgraduacao\/setimp\/wp-content\/uploads\/sites\/21\/2025\/12\/Portal-12-1024x579.png 1024w, https:\/\/uenf.br\/posgraduacao\/setimp\/wp-content\/uploads\/sites\/21\/2025\/12\/Portal-12-768x434.png 768w, https:\/\/uenf.br\/posgraduacao\/setimp\/wp-content\/uploads\/sites\/21\/2025\/12\/Portal-12-1200x678.png 1200w, https:\/\/uenf.br\/posgraduacao\/setimp\/wp-content\/uploads\/sites\/21\/2025\/12\/Portal-12-320x181.png 320w\" sizes=\"auto, (max-width: 1224px) 100vw, 1224px\" \/><\/p>\n<p>&nbsp;<\/p>\n<p><strong>Escolha o item (ou itens) cadastrado(s)\u00a0 que ser\u00e3o vinculados a LPCO (o item deve ter sido salvo e ativado no respectivo modulo para que possa ser selecionado).\u00a0 Ap\u00f3s adicionar o item ser\u00e1 aberta nova aba para preenchimento.<\/strong><\/p>\n<p><img loading=\"lazy\" decoding=\"async\" class=\"aligncenter size-full wp-image-977\" src=\"https:\/\/uenf.br\/posgraduacao\/setimp\/wp-content\/uploads\/sites\/21\/2025\/12\/Portal-14.png\" alt=\"\" width=\"1224\" height=\"664\" srcset=\"https:\/\/uenf.br\/posgraduacao\/setimp\/wp-content\/uploads\/sites\/21\/2025\/12\/Portal-14.png 1224w, https:\/\/uenf.br\/posgraduacao\/setimp\/wp-content\/uploads\/sites\/21\/2025\/12\/Portal-14-300x163.png 300w, https:\/\/uenf.br\/posgraduacao\/setimp\/wp-content\/uploads\/sites\/21\/2025\/12\/Portal-14-1024x556.png 1024w, https:\/\/uenf.br\/posgraduacao\/setimp\/wp-content\/uploads\/sites\/21\/2025\/12\/Portal-14-768x417.png 768w, https:\/\/uenf.br\/posgraduacao\/setimp\/wp-content\/uploads\/sites\/21\/2025\/12\/Portal-14-1200x651.png 1200w, https:\/\/uenf.br\/posgraduacao\/setimp\/wp-content\/uploads\/sites\/21\/2025\/12\/Portal-14-320x174.png 320w\" sizes=\"auto, (max-width: 1224px) 100vw, 1224px\" \/><\/p>\n<p><span style=\"color: #000000\"><strong>Fundamento Legal: Escolher o c\u00f3digo 00117031007 (I &#8211; ISENCAO &#8211; Bens importados pelo Conselho Nacional de Desenvolvimento Cient\u00edfico e Tecnol\u00f3gico &#8211; CNPq, por cientistas, por pesquisadores e por Institui\u00e7\u00e3o Cient\u00edfica, Tecnol\u00f3gica e de Inova\u00e7\u00e3o &#8211; ICT)<\/strong><\/span><\/p>\n<p><img loading=\"lazy\" decoding=\"async\" class=\"aligncenter size-full wp-image-978\" src=\"https:\/\/uenf.br\/posgraduacao\/setimp\/wp-content\/uploads\/sites\/21\/2025\/12\/Portal-15.png\" alt=\"\" width=\"1224\" height=\"544\" srcset=\"https:\/\/uenf.br\/posgraduacao\/setimp\/wp-content\/uploads\/sites\/21\/2025\/12\/Portal-15.png 1224w, https:\/\/uenf.br\/posgraduacao\/setimp\/wp-content\/uploads\/sites\/21\/2025\/12\/Portal-15-300x133.png 300w, https:\/\/uenf.br\/posgraduacao\/setimp\/wp-content\/uploads\/sites\/21\/2025\/12\/Portal-15-1024x455.png 1024w, https:\/\/uenf.br\/posgraduacao\/setimp\/wp-content\/uploads\/sites\/21\/2025\/12\/Portal-15-768x341.png 768w, https:\/\/uenf.br\/posgraduacao\/setimp\/wp-content\/uploads\/sites\/21\/2025\/12\/Portal-15-1200x533.png 1200w, https:\/\/uenf.br\/posgraduacao\/setimp\/wp-content\/uploads\/sites\/21\/2025\/12\/Portal-15-320x142.png 320w\" sizes=\"auto, (max-width: 1224px) 100vw, 1224px\" \/><\/p>\n<p>&nbsp;<\/p>\n<p><span style=\"color: #000000\"><strong>Preencha os demais campos solicitados:<\/strong><\/span><\/p>\n<p><span style=\"color: #000000\"><strong>Moeda Negociada<\/strong><\/span><\/p>\n<p><strong>VMLE (Valor da mercadoria no local de embarque)<\/strong><\/p>\n<p><strong>Quantidade na unidade Estat\u00edstica (<span style=\"color: #ff0000\">aten\u00e7\u00e3o: 1 unidade = 1,00000 pois o sistema trabalha com esta exatid\u00e3o)<\/span><\/strong><\/p>\n<p>&nbsp;<\/p>\n<p>&nbsp;<\/p>\n<p><img loading=\"lazy\" decoding=\"async\" class=\"aligncenter size-full wp-image-979\" src=\"https:\/\/uenf.br\/posgraduacao\/setimp\/wp-content\/uploads\/sites\/21\/2025\/12\/Portal-16.png\" alt=\"\" width=\"1224\" height=\"112\" srcset=\"https:\/\/uenf.br\/posgraduacao\/setimp\/wp-content\/uploads\/sites\/21\/2025\/12\/Portal-16.png 1224w, https:\/\/uenf.br\/posgraduacao\/setimp\/wp-content\/uploads\/sites\/21\/2025\/12\/Portal-16-300x27.png 300w, https:\/\/uenf.br\/posgraduacao\/setimp\/wp-content\/uploads\/sites\/21\/2025\/12\/Portal-16-1024x94.png 1024w, https:\/\/uenf.br\/posgraduacao\/setimp\/wp-content\/uploads\/sites\/21\/2025\/12\/Portal-16-768x70.png 768w, https:\/\/uenf.br\/posgraduacao\/setimp\/wp-content\/uploads\/sites\/21\/2025\/12\/Portal-16-1200x110.png 1200w, https:\/\/uenf.br\/posgraduacao\/setimp\/wp-content\/uploads\/sites\/21\/2025\/12\/Portal-16-320x29.png 320w\" sizes=\"auto, (max-width: 1224px) 100vw, 1224px\" \/><\/p>\n<h2><\/h2>\n<h2 class=\"mb-2 mt-4 font-display font-semimedium text-base first:mt-0\"><span style=\"color: #000000\">Pr\u00f3ximas etapas:<\/span><\/h2>\n<p>Aguardar a anu\u00eancia e se ainda n\u00e3o tiver fechado um contrato de c\u00e2mbio iremos intruir sobre isto<\/p>\n<p>Quando tudo estiver pronto para embarque e os documentos emitidos (Com mercial Invoice, Packing list e AWB) ser\u00e1 iniciada a elabora\u00e7\u00e3o da DUIMP<\/p>\n<p>&nbsp;<\/p>\n","protected":false},"excerpt":{"rendered":"<p>1Para informa\u00e7\u00f5es detalhadas consulte o\u00a0 Manual LPCO Importa\u00e7\u00e3o (atualizado em 27\/08\/2025) Passos para Solicitar um LPCO (Importa\u00e7\u00e3o\/Exporta\u00e7\u00e3o): Acesse o Portal&#8230;<\/p>\n","protected":false},"author":54,"featured_media":0,"parent":884,"menu_order":1,"comment_status":"closed","ping_status":"closed","template":"","meta":{"footnotes":""},"class_list":["post-946","page","type-page","status-publish","hentry"],"_links":{"self":[{"href":"https:\/\/uenf.br\/posgraduacao\/setimp\/wp-json\/wp\/v2\/pages\/946","targetHints":{"allow":["GET"]}}],"collection":[{"href":"https:\/\/uenf.br\/posgraduacao\/setimp\/wp-json\/wp\/v2\/pages"}],"about":[{"href":"https:\/\/uenf.br\/posgraduacao\/setimp\/wp-json\/wp\/v2\/types\/page"}],"author":[{"embeddable":true,"href":"https:\/\/uenf.br\/posgraduacao\/setimp\/wp-json\/wp\/v2\/users\/54"}],"replies":[{"embeddable":true,"href":"https:\/\/uenf.br\/posgraduacao\/setimp\/wp-json\/wp\/v2\/comments?post=946"}],"version-history":[{"count":0,"href":"https:\/\/uenf.br\/posgraduacao\/setimp\/wp-json\/wp\/v2\/pages\/946\/revisions"}],"up":[{"embeddable":true,"href":"https:\/\/uenf.br\/posgraduacao\/setimp\/wp-json\/wp\/v2\/pages\/884"}],"wp:attachment":[{"href":"https:\/\/uenf.br\/posgraduacao\/setimp\/wp-json\/wp\/v2\/media?parent=946"}],"curies":[{"name":"wp","href":"https:\/\/api.w.org\/{rel}","templated":true}]}}